{"id":1546,"date":"2014-05-25T19:36:52","date_gmt":"2014-05-25T17:36:52","guid":{"rendered":"http:\/\/unser-quartier.de\/kali50plus\/?p=1546"},"modified":"2022-01-30T12:53:45","modified_gmt":"2022-01-30T11:53:45","slug":"4-2-info-zum-schlaganfall","status":"publish","type":"page","link":"https:\/\/unser-quartier.de\/kali50plus\/4-2-info-zum-schlaganfall\/","title":{"rendered":"Information zum Schlaganfall"},"content":{"rendered":"<div id=\"pl-1546\"  class=\"panel-layout\" ><div id=\"pg-1546-0\"  class=\"panel-grid panel-no-style\" ><div id=\"pgc-1546-0-0\"  class=\"panel-grid-cell\" ><div id=\"panel-1546-0-0-0\" class=\"so-panel widget widget_sow-editor panel-first-child panel-last-child\" data-index=\"0\" ><div\n\t\t\t\n\t\t\tclass=\"so-widget-sow-editor so-widget-sow-editor-base\"\n\t\t\t\n\t\t>\n<div class=\"siteorigin-widget-tinymce textwidget\">\n\t<p>Der Schlaganfall ist mit bundesweit rund 200.000 Neuerkrankungen im Jahr eine ernste Volkskrankheit, die f\u00fcr die Betroffenen h\u00e4u\ufb01g einschneidende Behinderungen nach sich zieht und zu hohen sozialen und \u00f6konomischen Belastungen f\u00fchrt. Eine m\u00f6glichst fr\u00fche Behandlung verbessert die \u00dcberlebenschancen deutlich und kann Folgesch\u00e4den verringern. Doch viele Menschen kennen keine oder nur wenige Symptome des Schlaganfalls.<\/p>\n<p>Symptome sind Sprach- und Sprechst\u00f6rungen (Gesprochenes wird nicht verstanden, Silben werden verdreht, falsche Buchstaben verwendet), Sehst\u00f6rungen mit pl\u00f6tzlicher Erblindung eines Auges (Verlust eines Gesichtsfeldes, Sehen von Doppelbildern), herabh\u00e4ngender Mundwinkel, halbseitige L\u00e4hmungserscheinungen und\/oder Taubheitsgef\u00fchl auf einer K\u00f6rperseite.<\/p>\n<p><strong>Jeder Schlaganfall ist ein Notfall!<br \/>W\u00e4hlen Sie den Notruf 112.<\/strong><\/p>\n<h4>Schlaganfallb\u00fcro im St. Josef Krankenhaus Moers<\/h4>\n<p>In Kooperation mit der Stiftung Deutsche Schlaganfall-Hilfe des Bertelsmann-Verlages hat das St. Josef Krankenhaus Moers im Januar 2004 ein regionales Schlaganfallb\u00fcro eingerichtet. Die T\u00e4tigkeit des Schlaganfallb\u00fcros im St Josef Krankenhaus erstreckt sich auf den Kreis Wesel und die Stadtteile von Duisburg westlich des Rheins.<\/p>\n<p>Es bietet Schlaganfallpatienten, deren Angeh\u00f6rigen und Menschen, die sich zum Thema Schlaganfall informieren m\u00f6chten, eine Anlaufstelle und vermittelt bei medizinischen, sozialen und juristischen Problemen an Experten.<\/p>\n<p>Die Selbsthilfegruppen f\u00fcr Schlaganfallbetroffene f\u00fcllen die L\u00fccke, die nach der medizinischen Versorgung und den Rehabilitationsma\u00dfnahmen entsteht. F\u00fcr diese \"Zeit danach\" werden in den Selbsthilfegruppen Wege aus der Isolation und Resignation aufgezeigt, um Schlaganfallgesch\u00e4digten die Wiedereingliederung in Familie, Gesellschaft und Beruf zu erleichtern. Das Schlaganfallb\u00fcr um St. Josef Krankenhaus m\u00f6chte mit allen Selbsthilfegruppen in der Region eng zusammenarbeiten.<\/p>\n<p>Die Behandlungskette der St. Josef Krankenhaus GmbH in Moers umfasst die Neurologische Abteilung (Chefarzt Dr. Hans-Werner Scharafinski) mit der Schlaganfallspezialstation (Stroke Unit), die Fachklinik f\u00fcr Geneatrische Rehabilitation in Rheinberg-Orsoy, die Tages- und Kurzzeitpflege und den Ambulanten Pflegedienst.<\/p>\n<p>Dar\u00fcber hinaus findet eine enge Zusammenarbeit mit allen niedergelassenen neurologischen Fach\u00e4rzten statt.<\/p>\n<table>\n<tbody>\n<tr>\n<td style=\"border-color: #cfefae;background-color: #cfefae\">\n<p><strong>Schlaganfallb\u00fcro im St. Josef Krankenhaus Moers<\/strong><br \/>Ulrike Wellner<br \/>Telefon: 02841-1072212<br \/>E-Mail: <a href=\"mailto:pr.wellner@st-josef-moers.de\" target=\"_blank\" rel=\"noopener\">pr.wellner@st-josef-moers.de<\/a><\/p>\n<p>\u00d6ffnungszeiten:<br \/>Mo - Fr 09:00 bis 16:00 Uhr<br \/>Do 09:00 bis 13:00 Uhr<\/p>\n<\/td>\n<\/tr>\n<\/tbody>\n<\/table>\n<p><strong><a href=\"https:\/\/unser-quartier.de\/kali50plus\/inhaltsverzeichnis\/\" data-wpel-link=\"internal\">&lt;zur\u00fcck zum Inhaltsverzeichnis Wegweiser 50plus&gt;<\/a><\/strong><\/p>\n<\/div>\n<\/div><\/div><\/div><\/div><\/div>","protected":false},"excerpt":{"rendered":"<p>Der Schlaganfall ist mit bundesweit rund 200.000 Neuerkrankungen im Jahr eine ernste Volkskrankheit, die f\u00fcr die Betroffenen h\u00e4u\ufb01g einschneidende Behinderungen nach sich zieht und zu hohen sozialen und \u00f6konomischen Belastungen f\u00fchrt. Eine m\u00f6glichst fr\u00fche Behandlung verbessert die \u00dcberlebenschancen deutlich und kann Folgesch\u00e4den verringern. Doch viele Menschen kennen keine oder nur wenige Symptome des Schlaganfalls. Symptome &hellip; <a href=\"https:\/\/unser-quartier.de\/kali50plus\/4-2-info-zum-schlaganfall\/\" class=\"more-link\" data-wpel-link=\"internal\"><span class=\"screen-reader-text\">Information zum Schlaganfall<\/span> weiterlesen <span class=\"meta-nav\">&rarr;<\/span><\/a><\/p>\n","protected":false},"author":168,"featured_media":0,"parent":0,"menu_order":0,"comment_status":"closed","ping_status":"closed","template":"","meta":{"_bbp_topic_count":0,"_bbp_reply_count":0,"_bbp_total_topic_count":0,"_bbp_total_reply_count":0,"_bbp_voice_count":0,"_bbp_anonymous_reply_count":0,"_bbp_topic_count_hidden":0,"_bbp_reply_count_hidden":0,"_bbp_forum_subforum_count":0,"advanced_seo_description":"","jetpack_seo_html_title":"","jetpack_seo_noindex":false,"ngg_post_thumbnail":0,"jetpack_post_was_ever_published":false,"footnotes":""},"class_list":["post-1546","page","type-page","status-publish","hentry"],"jetpack_shortlink":"https:\/\/wp.me\/P4AdMt-oW","jetpack_likes_enabled":true,"jetpack-related-posts":[],"jetpack_sharing_enabled":true,"_links":{"self":[{"href":"https:\/\/unser-quartier.de\/kali50plus\/wp-json\/wp\/v2\/pages\/1546","targetHints":{"allow":["GET"]}}],"collection":[{"href":"https:\/\/unser-quartier.de\/kali50plus\/wp-json\/wp\/v2\/pages"}],"about":[{"href":"https:\/\/unser-quartier.de\/kali50plus\/wp-json\/wp\/v2\/types\/page"}],"author":[{"embeddable":true,"href":"https:\/\/unser-quartier.de\/kali50plus\/wp-json\/wp\/v2\/users\/168"}],"replies":[{"embeddable":true,"href":"https:\/\/unser-quartier.de\/kali50plus\/wp-json\/wp\/v2\/comments?post=1546"}],"version-history":[{"count":0,"href":"https:\/\/unser-quartier.de\/kali50plus\/wp-json\/wp\/v2\/pages\/1546\/revisions"}],"wp:attachment":[{"href":"https:\/\/unser-quartier.de\/kali50plus\/wp-json\/wp\/v2\/media?parent=1546"}],"curies":[{"name":"wp","href":"https:\/\/api.w.org\/{rel}","templated":true}]}}