{"id":1580,"date":"2014-05-26T19:07:33","date_gmt":"2014-05-26T17:07:33","guid":{"rendered":"http:\/\/unser-quartier.de\/kali50plus\/?p=1580"},"modified":"2022-01-30T12:54:13","modified_gmt":"2022-01-30T11:54:13","slug":"4-7-selbsthilfegruppen","status":"publish","type":"page","link":"https:\/\/unser-quartier.de\/kali50plus\/4-7-selbsthilfegruppen\/","title":{"rendered":"Selbsthilfegruppen"},"content":{"rendered":"<div id=\"pl-1580\"  class=\"panel-layout\" ><div id=\"pg-1580-0\"  class=\"panel-grid panel-no-style\" ><div id=\"pgc-1580-0-0\"  class=\"panel-grid-cell\" ><div id=\"panel-1580-0-0-0\" class=\"so-panel widget widget_sow-editor panel-first-child panel-last-child\" data-index=\"0\" ><div\n\t\t\t\n\t\t\tclass=\"so-widget-sow-editor so-widget-sow-editor-base\"\n\t\t\t\n\t\t>\n<div class=\"siteorigin-widget-tinymce textwidget\">\n\t<h5>Die Selbsthilfe-Kontaktsstelle im Kreis Wesel<\/h5>\n<p>\u2022 Sie oder Ihr(e) Angeh\u00f6rige(r) sind chronisch erkrankt oder leiden an einer Behinderung?<br \/> \u2022 Sie m\u00f6chten einen Menschen unterst\u00fctzen, der sich von einer Sucht befreien m\u00f6chte?<br \/> \u2022 Sie oder ein Angeh\u00f6riger haben ein soziales oder psychische Problem?<\/p>\n<p>Die Ungewissheit \u00fcber die Zukunft und die vielen Fragen, die h\u00e4u\ufb01g bedrohlich vor den Betroffenen stehen, bew\u00e4ltigt man besser, wenn man nicht alleine ist. Es ist eigentlich immer hilfreich, wenn neben der Hilfe von \u00c4rzten und Therapeuten auch Betroffene reden k\u00f6nnen. Aktive Heilung oder Linderung \ufb01nden Betroffene in Selbsthilfegruppen. Im Kreis Wesel bestehen schon 350 Gruppen oder Organisationen der Selbsthilfe. Die Selbsthilfe-Kontaktsstelle im Kreis Wesel kann helfen, den Kontakt zur richtigen Gruppe in Ihrer N\u00e4he zu \ufb01nden.<\/p>\n<table>\n<tbody>\n<tr>\n<td style=\"border-color: #cfefae;background-color: #cfefae\">\n<p><strong>Parit\u00e4tischer Wohlfahrtsverband<\/strong><br \/> Ludgera Geldermann<br \/> Sandra Tinnefeld<br \/> Hanns Albeck Platz 2, 47441 Moers<br \/> Telefon: 02841-90000<br \/> Telefax: 02841-22150<br \/> E-Mail: <a href=\"mailto:selbsthilfe-wesel@paritaet-nrw.org\">selbsthilfe-wesel@paritaet-nrw.org<\/a><br \/> Internet: <a href=\"http:\/\/www.selbsthilfenetz.de\" target=\"_blank\" rel=\"noopener follow external noreferrer\" data-wpel-link=\"external\" class=\"ext-link wpel-icon-right\">www.selbsthilfenetz.de<span class=\"wpel-icon wpel-image wpel-icon-8\"><\/span><\/a><\/p>\n<p>\u00d6ffnungszeiten:<br \/> Mo 9:00 bis 12:00 Uhr und 16:00 bis 18:00 Uhr<br \/> Do 13:00 bis 16:00 Uhr<br \/> Fr 10:00 bis 13:00 Uhr<\/p>\n<\/td>\n<\/tr>\n<\/tbody>\n<\/table>\n<p><strong><a href=\"https:\/\/unser-quartier.de\/kali50plus\/inhaltsverzeichnis\/\" data-wpel-link=\"internal\">&lt;zur\u00fcck zum Inhaltsverzeichnis Wegweiser 50plus&gt;<\/a><\/strong><\/p>\n<\/div>\n<\/div><\/div><\/div><\/div><\/div>","protected":false},"excerpt":{"rendered":"<p>Die Selbsthilfe-Kontaktsstelle im Kreis Wesel \u2022 Sie oder Ihr(e) Angeh\u00f6rige(r) sind chronisch erkrankt oder leiden an einer Behinderung? \u2022 Sie m\u00f6chten einen Menschen unterst\u00fctzen, der sich von einer Sucht befreien m\u00f6chte? \u2022 Sie oder ein Angeh\u00f6riger haben ein soziales oder psychische Problem? Die Ungewissheit \u00fcber die Zukunft und die vielen Fragen, die h\u00e4u\ufb01g bedrohlich vor &hellip; <a href=\"https:\/\/unser-quartier.de\/kali50plus\/4-7-selbsthilfegruppen\/\" class=\"more-link\" data-wpel-link=\"internal\"><span class=\"screen-reader-text\">Selbsthilfegruppen<\/span> weiterlesen <span class=\"meta-nav\">&rarr;<\/span><\/a><\/p>\n","protected":false},"author":168,"featured_media":0,"parent":0,"menu_order":0,"comment_status":"closed","ping_status":"closed","template":"","meta":{"_bbp_topic_count":0,"_bbp_reply_count":0,"_bbp_total_topic_count":0,"_bbp_total_reply_count":0,"_bbp_voice_count":0,"_bbp_anonymous_reply_count":0,"_bbp_topic_count_hidden":0,"_bbp_reply_count_hidden":0,"_bbp_forum_subforum_count":0,"advanced_seo_description":"","jetpack_seo_html_title":"","jetpack_seo_noindex":false,"ngg_post_thumbnail":0,"jetpack_post_was_ever_published":false,"footnotes":""},"class_list":["post-1580","page","type-page","status-publish","hentry"],"jetpack_shortlink":"https:\/\/wp.me\/P4AdMt-pu","jetpack_likes_enabled":true,"jetpack-related-posts":[],"jetpack_sharing_enabled":true,"_links":{"self":[{"href":"https:\/\/unser-quartier.de\/kali50plus\/wp-json\/wp\/v2\/pages\/1580","targetHints":{"allow":["GET"]}}],"collection":[{"href":"https:\/\/unser-quartier.de\/kali50plus\/wp-json\/wp\/v2\/pages"}],"about":[{"href":"https:\/\/unser-quartier.de\/kali50plus\/wp-json\/wp\/v2\/types\/page"}],"author":[{"embeddable":true,"href":"https:\/\/unser-quartier.de\/kali50plus\/wp-json\/wp\/v2\/users\/168"}],"replies":[{"embeddable":true,"href":"https:\/\/unser-quartier.de\/kali50plus\/wp-json\/wp\/v2\/comments?post=1580"}],"version-history":[{"count":0,"href":"https:\/\/unser-quartier.de\/kali50plus\/wp-json\/wp\/v2\/pages\/1580\/revisions"}],"wp:attachment":[{"href":"https:\/\/unser-quartier.de\/kali50plus\/wp-json\/wp\/v2\/media?parent=1580"}],"curies":[{"name":"wp","href":"https:\/\/api.w.org\/{rel}","templated":true}]}}