{"id":16,"date":"2014-01-22T08:48:01","date_gmt":"2014-01-22T07:48:01","guid":{"rendered":"http:\/\/unser-quartier.de\/tmp-musterblog2\/?page_id=16"},"modified":"2021-02-14T18:26:35","modified_gmt":"2021-02-14T17:26:35","slug":"impressum","status":"publish","type":"page","link":"https:\/\/unser-quartier.de\/kali50plus\/impressum\/","title":{"rendered":"Impressum"},"content":{"rendered":"<h4>Angaben gem\u00e4\u00df \u00a7 5 TMG:<\/h4>\n<p>Rolf Mohr <br \/>Priv. Webdesigner Ka-Li 50plus <br \/>Ferdinantenstr. 239 <br \/>47475 Kamp-Lintfort<\/p>\n<h2>Kontakt:<\/h2>\n<p>Telefon:&nbsp; 02842-90304640<br \/>E-Mail: &nbsp;&nbsp; <a href=\"mailto:info@kali50plus.de\">info@kali50plus.de<\/a><img data-recalc-dims=\"1\" loading=\"lazy\" decoding=\"async\" data-attachment-id=\"29299\" data-permalink=\"https:\/\/unser-quartier.de\/kali50plus\/impressum\/brppwu\/\" data-orig-file=\"https:\/\/i0.wp.com\/unser-quartier.de\/kali50plus\/files\/2021\/02\/BrpPWU.png?fit=300%2C300&amp;ssl=1\" data-orig-size=\"300,300\" data-comments-opened=\"0\" data-image-meta=\"{&quot;aperture&quot;:&quot;0&quot;,&quot;credit&quot;:&quot;&quot;,&quot;camera&quot;:&quot;&quot;,&quot;caption&quot;:&quot;&quot;,&quot;created_timestamp&quot;:&quot;0&quot;,&quot;copyright&quot;:&quot;&quot;,&quot;focal_length&quot;:&quot;0&quot;,&quot;iso&quot;:&quot;0&quot;,&quot;shutter_speed&quot;:&quot;0&quot;,&quot;title&quot;:&quot;&quot;,&quot;orientation&quot;:&quot;0&quot;}\" data-image-title=\"BrpPWU\" data-image-description=\"\" data-image-caption=\"\" data-medium-file=\"https:\/\/i0.wp.com\/unser-quartier.de\/kali50plus\/files\/2021\/02\/BrpPWU.png?fit=300%2C300&amp;ssl=1\" data-large-file=\"https:\/\/i0.wp.com\/unser-quartier.de\/kali50plus\/files\/2021\/02\/BrpPWU.png?fit=300%2C300&amp;ssl=1\" class=\"alignright wp-image-29299 size-thumbnail\" src=\"https:\/\/i0.wp.com\/unser-quartier.de\/kali50plus\/files\/2021\/02\/BrpPWU.png?resize=150%2C150&#038;ssl=1\" alt=\"QR-Code Ka-Li 50plus\" width=\"150\" height=\"150\" srcset=\"https:\/\/i0.wp.com\/unser-quartier.de\/kali50plus\/files\/2021\/02\/BrpPWU.png?resize=150%2C150&amp;ssl=1 150w, https:\/\/i0.wp.com\/unser-quartier.de\/kali50plus\/files\/2021\/02\/BrpPWU.png?w=300&amp;ssl=1 300w, https:\/\/i0.wp.com\/unser-quartier.de\/kali50plus\/files\/2021\/02\/BrpPWU.png?resize=50%2C50&amp;ssl=1 50w\" sizes=\"auto, (max-width: 150px) 100vw, 150px\" \/><\/p>\n<h4>Quellenangaben f\u00fcr die verwendeten Bilder und Grafiken:<\/h4>\n<p>Die Miniaturbilder, die auf diesen Seiten verwendet wurden, sind freundlicherweise von&nbsp; <a href=\"http:\/\/www.GIFdatenbank.com\" target=\"_blank\" rel=\"noopener follow external noreferrer\" data-wpel-link=\"external\" class=\"ext-link wpel-icon-right\">http:\/\/www.GIFdatenbank.com<span class=\"wpel-icon wpel-image wpel-icon-8\"><\/span><\/a> zur Verf\u00fcgung gestellt worden. Karten und Kartenausschnitte von <a href=\"http:\/\/www.kamp-lintfort.de\" target=\"_blank\" rel=\"noopener follow external noreferrer\" data-wpel-link=\"external\" class=\"ext-link wpel-icon-right\">http:\/\/www.kamp-lintfort.de<span class=\"wpel-icon wpel-image wpel-icon-8\"><\/span><\/a>. Bilder und Videos in der Bilder-Galerie sind Privat-Eigentum von J\u00fcrgen Moser, Rolf Mohr und Mitgliedern der Ka-Li 50plus Gruppen. Quelle: <i><a href=\"http:\/\/www.e-recht24.de\/impressum-generator.html\" target=\"_blank\" rel=\"noopener follow external noreferrer\" data-wpel-link=\"external\" class=\"ext-link wpel-icon-right\">http:\/\/www.e-recht24.de<span class=\"wpel-icon wpel-image wpel-icon-8\"><\/span><\/a><\/i><\/p>\n<h1>Haftungsausschluss (Disclaimer)<\/h1>\n<p><strong>Haftung f\u00fcr Inhalte<\/strong> Als Diensteanbieter sind wir gem\u00e4\u00df \u00a7 7 Abs.1 TMG f\u00fcr eigene Inhalte auf diesen Seiten nach den allgemeinen Gesetzen verantwortlich. Nach \u00a7\u00a7 8 bis 10 TMG sind wir als Diensteanbieter jedoch nicht verpflichtet, \u00fcbermittelte oder gespeicherte fremde Informationen zu \u00fcberwachen oder nach Umst\u00e4nden zu forschen, die auf eine rechtswidrige T\u00e4tigkeit hinweisen. Verpflichtungen zur Entfernung oder Sperrung der Nutzung von Informationen nach den allgemeinen Gesetzen bleiben hiervon unber\u00fchrt. Eine diesbez\u00fcgliche Haftung ist jedoch erst ab dem Zeitpunkt der Kenntnis einer konkreten Rechtsverletzung m\u00f6glich. Bei Bekanntwerden von entsprechenden Rechtsverletzungen werden wir diese Inhalte umgehend entfernen. <strong>Haftung f\u00fcr Links<\/strong> Unser Angebot enth\u00e4lt Links zu externen Webseiten Dritter, auf deren Inhalte wir keinen Einfluss haben. Deshalb k\u00f6nnen wir f\u00fcr diese fremden Inhalte auch keine Gew\u00e4hr \u00fcbernehmen. F\u00fcr die Inhalte der verlinkten Seiten ist stets der jeweilige Anbieter oder Betreiber der Seiten verantwortlich. Die verlinkten Seiten wurden zum Zeitpunkt der Verlinkung auf m\u00f6gliche Rechtsverst\u00f6\u00dfe \u00fcberpr\u00fcft. Rechtswidrige Inhalte waren zum Zeitpunkt der Verlinkung nicht erkennbar. Eine permanente inhaltliche Kontrolle der verlinkten Seiten ist jedoch ohne konkrete Anhaltspunkte einer Rechtsverletzung nicht zumutbar. Bei Bekanntwerden von Rechtsverletzungen werden wir derartige Links umgehend entfernen. <strong>Urheberrecht<\/strong> Die durch die Seitenbetreiber erstellten Inhalte und Werke auf diesen Seiten unterliegen dem deutschen Urheberrecht. Die Vervielf\u00e4ltigung, Bearbeitung, Verbreitung und jede Art der Verwertung au\u00dferhalb der Grenzen des Urheberrechtes bed\u00fcrfen der schriftlichen Zustimmung des jeweiligen Autors bzw. Erstellers. Downloads und Kopien dieser Seite sind nur f\u00fcr den privaten, nicht kommerziellen Gebrauch gestattet. Soweit die Inhalte auf dieser Seite nicht vom Betreiber erstellt wurden, werden die Urheberrechte Dritter beachtet. Insbesondere werden Inhalte Dritter als solche gekennzeichnet. Sollten Sie trotzdem auf eine Urheberrechtsverletzung aufmerksam werden, bitten wir um einen entsprechenden Hinweis. Bei Bekanntwerden von Rechtsverletzungen werden wir derartige Inhalte umgehend entfernen.<\/p>\n<h5 class=\"line_unten\">Sollten wir eine Grafik oder eine Downloadquelle auf unserer Homepage verwenden, die urheberrechtlich gesch\u00fctzt ist, so bitten wir um Nachricht, sodass diese sofort vom Server gel\u00f6scht werden k\u00f6nnen!<\/h5>\n<p><i>Quellenangaben: <a href=\"http:\/\/www.e-recht24.de\/muster-disclaimer.html\" target=\"_blank\" rel=\"noopener follow external noreferrer\" data-wpel-link=\"external\" class=\"ext-link wpel-icon-right\">eRecht24<span class=\"wpel-icon wpel-image wpel-icon-8\"><\/span><\/a><\/i> <a title=\"Datenschutz\" href=\"https:\/\/unser-quartier.de\/kali50plus\/datenschutz\/\" data-wpel-link=\"internal\">Datenschutz<\/a> &nbsp;<\/p>\n<div>&nbsp;<\/div>\n","protected":false},"excerpt":{"rendered":"<p>Angaben gem\u00e4\u00df \u00a7 5 TMG: Rolf Mohr Priv. Webdesigner Ka-Li 50plus Ferdinantenstr. 239 47475 Kamp-Lintfort Kontakt: Telefon:&nbsp; 02842-90304640E-Mail: &nbsp;&nbsp; info@kali50plus.de Quellenangaben f\u00fcr die verwendeten Bilder und Grafiken: Die Miniaturbilder, die auf diesen Seiten verwendet wurden, sind freundlicherweise von&nbsp; http:\/\/www.GIFdatenbank.com zur Verf\u00fcgung gestellt worden. Karten und Kartenausschnitte von http:\/\/www.kamp-lintfort.de. Bilder und Videos in der Bilder-Galerie sind &hellip; <a href=\"https:\/\/unser-quartier.de\/kali50plus\/impressum\/\" class=\"more-link\" data-wpel-link=\"internal\"><span class=\"screen-reader-text\">Impressum<\/span> weiterlesen <span class=\"meta-nav\">&rarr;<\/span><\/a><\/p>\n","protected":false},"author":168,"featured_media":0,"parent":0,"menu_order":7,"comment_status":"closed","ping_status":"closed","template":"","meta":{"_bbp_topic_count":0,"_bbp_reply_count":0,"_bbp_total_topic_count":0,"_bbp_total_reply_count":0,"_bbp_voice_count":0,"_bbp_anonymous_reply_count":0,"_bbp_topic_count_hidden":0,"_bbp_reply_count_hidden":0,"_bbp_forum_subforum_count":0,"advanced_seo_description":"","jetpack_seo_html_title":"","jetpack_seo_noindex":false,"ngg_post_thumbnail":0,"jetpack_post_was_ever_published":false,"footnotes":""},"class_list":["post-16","page","type-page","status-publish","hentry"],"jetpack_shortlink":"https:\/\/wp.me\/P4AdMt-g","jetpack_likes_enabled":true,"jetpack-related-posts":[],"jetpack_sharing_enabled":false,"_links":{"self":[{"href":"https:\/\/unser-quartier.de\/kali50plus\/wp-json\/wp\/v2\/pages\/16","targetHints":{"allow":["GET"]}}],"collection":[{"href":"https:\/\/unser-quartier.de\/kali50plus\/wp-json\/wp\/v2\/pages"}],"about":[{"href":"https:\/\/unser-quartier.de\/kali50plus\/wp-json\/wp\/v2\/types\/page"}],"author":[{"embeddable":true,"href":"https:\/\/unser-quartier.de\/kali50plus\/wp-json\/wp\/v2\/users\/168"}],"replies":[{"embeddable":true,"href":"https:\/\/unser-quartier.de\/kali50plus\/wp-json\/wp\/v2\/comments?post=16"}],"version-history":[{"count":0,"href":"https:\/\/unser-quartier.de\/kali50plus\/wp-json\/wp\/v2\/pages\/16\/revisions"}],"wp:attachment":[{"href":"https:\/\/unser-quartier.de\/kali50plus\/wp-json\/wp\/v2\/media?parent=16"}],"curies":[{"name":"wp","href":"https:\/\/api.w.org\/{rel}","templated":true}]}}