{"id":1603,"date":"2014-05-27T15:34:16","date_gmt":"2014-05-27T13:34:16","guid":{"rendered":"http:\/\/unser-quartier.de\/kali50plus\/?p=1603"},"modified":"2022-12-16T19:17:17","modified_gmt":"2022-12-16T18:17:17","slug":"4-11-gesetzliche-leistungen","status":"publish","type":"page","link":"https:\/\/unser-quartier.de\/kali50plus\/4-11-gesetzliche-leistungen\/","title":{"rendered":"Gesetzliche Leistungen"},"content":{"rendered":"<h5>P\ufb02egeversicherung<\/h5>\n<p>P\ufb02egebed\u00fcrftige haben Anspruch auf Leistungen der P\ufb02egeversicherung. Voraussetzung ist die Mitgliedschaft in einer P\ufb02egekasse und das Vorliegen von P\ufb02egebed\u00fcrftigkeit f\u00fcr voraussichtlich mindestens sechs Monate, was durch den Medizinischen Dienst der P\ufb02egekassen festgestellt wird. Antr\u00e4ge auf P\ufb02egeeinstufung h\u00e4lt ihre zust\u00e4ndige Krankenkasse f\u00fcr Sie bereit. Nach der Pr\u00fcfung durch den Medizinischen Dienst erhalten Sie den Bescheid von ihrer zust\u00e4ndigen P\ufb02egekasse. Mit der Reform der P\ufb02egeversicherung ist erstmals ein Anspruch auf individuelle und umfassende P\ufb02egeberatung gegeben.<\/p>\n<p>Leistungen der P\ufb02egeversicherung k\u00f6nnen sein:<\/p>\n<ul>\n<li>P\ufb02egegeld<\/li>\n<li>P\ufb02egesachleistungen<\/li>\n<li>Kombinationsleistungen<\/li>\n<li>Technische Hilfsmittel<\/li>\n<li>P\ufb02egehilfsmittel<\/li>\n<li>P\ufb02egekurse<\/li>\n<li>Zus\u00e4tzliche Leistungen f\u00fcr Menschen mit eingeschr\u00e4nkter Alltagskompetenz im ambulanten Bereich (z.B.&nbsp; Demenzerkrankte)<\/li>\n<li>Pflege- und Sozialberatung<\/li>\n<li>Wohnungsanpassung<\/li>\n<li>Hauswirtschaftliche Hilfen<\/li>\n<li>Mahlzeitendienste<\/li>\n<li>Hausnotrufsysteme<\/li>\n<li>Tagesp\ufb02ege &#8211; Nachtp\ufb02ege &#8211; Kurzzeitp\ufb02ege<\/li>\n<li>Ersatz- und Verhinderungsp\ufb02ege<\/li>\n<\/ul>\n<table>\n<tbody>\n<tr>\n<td style=\"border-color: #cfefae;background-color: #cfefae\"><strong>Sozialamt<br \/>\n<\/strong>Am Rathaus 2, 47475 Kamp-Lintfort<br \/>\nRathaus, 5. Etage (Fahrstuhl vorhanden)<br \/>\nAndrea Bichler, Zimmer 326<br \/>\nTelefon: 02842-912-271<br \/>\nE-Mail: <a href=\"mailto:andrea.bichler@kamp-lintfort.de\">andrea.bichler@kamp-lintfort.de<\/a><br \/>\nElke Reimann, Zimmer 529<br \/>\nTelefon: 02842-912-353<br \/>\nE-Mail: <a href=\"mailto:elke.reimann@kamp-lintfort.de\">elke.reimann@kamp-lintfort.de<\/a><\/td>\n<\/tr>\n<\/tbody>\n<\/table>\n<h5>Grundsicherung<\/h5>\n<p>Die Grundsicherung im Alter und bei Erwerbsminderung stellt den grundlegenden Bedarf f\u00fcr den Lebensunterhalt \u00e4lterer und dauerhaft voll erwerbsgeminderter Personen sicher. Die Leistungen k\u00f6nnen Menschen erhalten, die das 65. Lebensjahr vollendet haben oder die das 18. Lebensjahr vollendet haben und dauerhaft voll erwerbsgemindert sind. Der Bezug einer Rente ist nicht Voraussetzung. Ob ein Anspruch auf Grundsicherungsleistungen besteht, pr\u00fcft das Sozialamt-Team Grundsicherung. F\u00fcr die Antragsaufnahme werden Unterlagen ben\u00f6tigt, die Auskunft \u00fcber die pers\u00f6nliche und wirtschaftliche Situation geben. Vorzulegen sind folgende Unterlagen:<\/p>\n<ul>\n<li>Schwerbehindertenausweis<\/li>\n<li>Nachweis \u00fcber vorhandene \/ vergangene Eink\u00fcnfte, z.B. Renten, Arbeitslosengeld II, Wohngeld, Unterhalt<\/li>\n<li>Kontoausz\u00fcge der letzten vier Monate (fortlaufend!)<\/li>\n<li>Verm\u00f6gensnachweise (Sparb\u00fccher, Versicherungen u.\u00e4.)<\/li>\n<li>Mietvertrag und aktueller Mietnachweis<\/li>\n<li>gegebenenfalls aktuelle Heizkosten, wenn diese nicht in der Miete enthalten sind<\/li>\n<li>bei Haus-\/Wohnungseigentum: Kreditverp\ufb02ichtungen, Nachweis \u00fcber lfd. Kosten<\/li>\n<li>Nachweise \u00fcber private Versicherungen<\/li>\n<li>gegebenenfalls Scheidungsurteil oder Schriftverkehr bei Trennung<\/li>\n<\/ul>\n<p>F\u00fcr die Antragstellung vereinbaren sie bitte einen pers\u00f6nlichen Termin mit den zust\u00e4ndigen Sachbearbeiterinnen und Sachbearbeitern des Teams Grundsicherung. Au\u00dferdem gibt es f\u00fcr erwerbsgeminderte Personen auf Zeit, die keinen Anspruch auf Arbeitslosengeld II haben, die M\u00f6glichkeit, Sozialhilfe nach dem 3. Kapitel des SGB XII zu beantragen.<\/p>\n<table>\n<tbody>\n<tr>\n<td style=\"border-color: #cfefae;background-color: #cfefae\"><strong>Stadt Kamp-Lintfort \u2013 Sozialamt<\/strong><br \/>\nAm Rathaus 2, 47475 Kamp-Lintfort<br \/>\nRathaus, Zimmer 524, 525 und 526<br \/>\nTelefon: 02842-912-350, -351 oder -356<br \/>\nTelefax: 02842-912-261<br \/>\nE-Mail: <a href=\"mailto:sozialamt@kamp-lintfort.de\">sozialamt@kamp-lintfort.de<\/a><br \/>\nSprechzeiten:<br \/>\nMo, Di, Do, Fr 8:00 bis 12:00 Uhr,<br \/>\nDi 14:00 bis 16:00 Uhr<br \/>\nDo 14:00 bis 18:00 Uhr<br \/>\nsowie t\u00e4glich nach Terminvereinbarung<\/td>\n<\/tr>\n<\/tbody>\n<\/table>\n<h5>Schwerbehinderung und<br \/>\nSchwerbehindertenausweis<\/h5>\n<p>Personen, die dauernd k\u00f6rperlich, geistig oder seelisch beeintr\u00e4chtigt sind, k\u00f6nnen einen Antrag auf Feststellung des Grades der Behinderung stellen. Liegen die Voraussetzungen vor, stellt der Kreis Wesel, Fachbereich Soziales, einen Schwerbehindertenausweis aus, der je nach Grad der Behinderung und den vergebenen Merkmalen zu bestimmten Verg\u00fcnstigungen f\u00fchrt.<\/p>\n<table>\n<tbody>\n<tr>\n<td style=\"border-color: #cfefae;background-color: #cfefae\"><strong>Kreis Wesel, Der Landrat<\/strong><br \/>\nFachbereich Soziales<br \/>\nFD 55 \u2013 Schwerbehindertenausweise \u2013<br \/>\nReeser Landstra\u00dfe 31, 46483 Wesel<br \/>\nTelefon: 0281-207-4980<br \/>\nSprechstunden:<br \/>\nMo bis Do 8:30 bis 12:00 Uhr und 14:00 bis 16:00 Uhr<br \/>\nFr 8:30 bis 12:00 Uhr und nach VereinbarungSprechstunden im Dienstleistungszentrum Moers:<br \/>\nM\u00fchlenstr. 15, 47441 Moers<br \/>\n1. und 3. Do im Monat 13:00 bis 16:30 Uhr<\/td>\n<\/tr>\n<\/tbody>\n<\/table>\n<h5>Antr\u00e4ge und Formulare<\/h5>\n<p>Antr\u00e4ge zur Feststellung der Schwerbehinderung oder \u00c4nderungsantr\u00e4ge sind im B\u00fcrgerb\u00fcro erh\u00e4ltlich.<\/p>\n<table>\n<tbody>\n<tr>\n<td style=\"border-color: #cfefae;background-color: #cfefae\"><strong>Stadt Kamp-Lintfort \u2013 B\u00fcrgerb\u00fcro<\/strong><br \/>\nRathaus, Erdgeschoss, Zimmer 11,<br \/>\nAm Rathaus 2, 47475 Kamp-Lintfort<br \/>\nTelefon: 02842-912-205 od. -206 od. -207 od. -208<br \/>\nE-Mail: <a href=\"mailto:buergerbuero@kamp-lintfort.de\">buergerbuero@kamp-lintfort.de<\/a>\u00d6ffnungszeiten:<br \/>\nMo u. Di 08:00 bis 16:00 Uhr<br \/>\nMi u. Fr 08:00 bis 12:30 Uhr<br \/>\nDo 08:00 bis 18:00 Uhr<\/td>\n<\/tr>\n<\/tbody>\n<\/table>\n<h5>Befreiung oder Erm\u00e4\u00dfigung von den Rundfunk- und Fernsehgeb\u00fchren, Telefongeb\u00fchrenerm\u00e4\u00dfigung<\/h5>\n<p>Das Befreiungsverfahren wird von der GEZ (Geb\u00fchreneinzugszentrale) durchgef\u00fchrt. Die Antragsformulare zur \u201eBefreiung von der Rundfunkgeb\u00fchrenp\ufb02icht\u201c sind im B\u00fcrgerb\u00fcro und bei allen \u00c4mtern bzw. beh\u00f6rdlichen Stellen, die f\u00fcr Arbeitslosengeld II-Empf\u00e4nger zust\u00e4ndig sind, ausgelegt.<\/p>\n<p>Zudem k\u00f6nnen die Antragsformulare bei der GEZ schriftlich oder telefonisch (Rufnummer der GEZ: 018599950400) angefordert oder aus dem Internet unter&nbsp;<a href=\"http:\/\/www.gez.de\" target=\"_blank\" rel=\"noopener follow external noreferrer\" data-wpel-link=\"external\" class=\"ext-link wpel-icon-right\">www.gez.de<span class=\"wpel-icon wpel-image wpel-icon-8\"><\/span><\/a> herunter geladen werden.<\/p>\n<h5>Blindengeld<\/h5>\n<p>Blindengeld wird unabh\u00e4ngig von Einkommens- und Verm\u00f6gensverh\u00e4ltnissen gezahlt. Das monatliche Blindengeld f\u00fcr Personen, die das 60. Lebensjahr vollendet haben, wird pauschal gezahlt. Unter bestimmten Einkommensvoraussetzungen kann das Blindengeld erh\u00f6ht werden (\u00a7 72 SGB XII). Diese aufstockende Leistung muss beim Sozialamt gesondert beantragt werden.<\/p>\n<p>Personen, die Anspruch aus Mitteln der Kriegsopferf\u00fcrsorge haben, bekommen die M\u00f6glichkeit, aufstockende Leistungen nach SGB XII zu beantragen. Bei Personen, die Leistungen der P\ufb02egekasse beanspruchen, wird das Blindengeld anteilig gek\u00fcrzt.<\/p>\n<h5>Hilfe f\u00fcr hochgradig Sehschwache<\/h5>\n<p>Hochgradig sehbehinderte mit einer Sehkraft von nicht mehr als 5 % auf dem besseren Auge erhalten auf Antrag zum Ausgleich der Mehraufwendungen eine monatliche Hilfe. Beiden Antr\u00e4gen ist eine augen\u00e4rztliche Bescheinigung beizuf\u00fcgen.<\/p>\n<h5>Leistungen f\u00fcr Geh\u00f6rlose<\/h5>\n<p>Personen mit angeborener oder bis zum 18. Lebensjahr erworbener Taubheit oder an Taubheit grenzender Schwerh\u00f6rigkeit erhalten auf Antrag zum Ausgleich der durch die Geh\u00f6rlosigkeit bedingten Mehraufwendungen eine monatliche Hilfe. Die Leistung wird unabh\u00e4ngig vom Einkommen und Verm\u00f6gen gezahlt. Sie wird bei Sozialleistungen (z.B. Wohngeld, Arbeitslosengeld II) nicht als Einkommen gewertet.<\/p>\n<p>Grunds\u00e4tzlich ma\u00dfgebend f\u00fcr gesetzliche Leistungen ist der Monat des Antragseingangs.<\/p>\n<table>\n<tbody>\n<tr>\n<td style=\"border-color: #cfefae;background-color: #cfefae\"><strong>P\ufb02ege- und Sozialberatung<br \/>\n<\/strong>Am Rathaus 2, 47475 Kamp-Lintfort<br \/>\nRathaus, Sozialamt, 3. Etage (Fahrstuhl vorhanden)<br \/>\nAndrea Bichler, Zimmer 326, Telefon: 02842-912-271<br \/>\nE-Mail: <a href=\"mailto:andrea.bichler@kamp-lintfort.de\">andrea.bichler@kamp-lintfort.de<\/a><\/td>\n<\/tr>\n<\/tbody>\n<\/table>\n<p><strong>&lt;zur\u00fcck zum Inhaltsverzeichnis Wegweiser 50plus&gt;<\/strong><\/p>\n","protected":false},"excerpt":{"rendered":"<p>P\ufb02egeversicherung P\ufb02egebed\u00fcrftige haben Anspruch auf Leistungen der P\ufb02egeversicherung. Voraussetzung ist die Mitgliedschaft in einer P\ufb02egekasse und das Vorliegen von P\ufb02egebed\u00fcrftigkeit f\u00fcr voraussichtlich mindestens sechs Monate, was durch den Medizinischen Dienst der P\ufb02egekassen festgestellt wird. Antr\u00e4ge auf P\ufb02egeeinstufung h\u00e4lt ihre zust\u00e4ndige Krankenkasse f\u00fcr Sie bereit. Nach der Pr\u00fcfung durch den Medizinischen Dienst erhalten Sie den Bescheid &hellip; <a href=\"https:\/\/unser-quartier.de\/kali50plus\/4-11-gesetzliche-leistungen\/\" class=\"more-link\" data-wpel-link=\"internal\"><span class=\"screen-reader-text\">Gesetzliche Leistungen<\/span> weiterlesen <span class=\"meta-nav\">&rarr;<\/span><\/a><\/p>\n","protected":false},"author":168,"featured_media":0,"parent":0,"menu_order":0,"comment_status":"closed","ping_status":"closed","template":"","meta":{"_bbp_topic_count":0,"_bbp_reply_count":0,"_bbp_total_topic_count":0,"_bbp_total_reply_count":0,"_bbp_voice_count":0,"_bbp_anonymous_reply_count":0,"_bbp_topic_count_hidden":0,"_bbp_reply_count_hidden":0,"_bbp_forum_subforum_count":0,"advanced_seo_description":"","jetpack_seo_html_title":"","jetpack_seo_noindex":false,"ngg_post_thumbnail":0,"jetpack_post_was_ever_published":false,"footnotes":""},"class_list":["post-1603","page","type-page","status-publish","hentry"],"jetpack_shortlink":"https:\/\/wp.me\/P4AdMt-pR","jetpack_likes_enabled":true,"jetpack-related-posts":[],"jetpack_sharing_enabled":true,"_links":{"self":[{"href":"https:\/\/unser-quartier.de\/kali50plus\/wp-json\/wp\/v2\/pages\/1603","targetHints":{"allow":["GET"]}}],"collection":[{"href":"https:\/\/unser-quartier.de\/kali50plus\/wp-json\/wp\/v2\/pages"}],"about":[{"href":"https:\/\/unser-quartier.de\/kali50plus\/wp-json\/wp\/v2\/types\/page"}],"author":[{"embeddable":true,"href":"https:\/\/unser-quartier.de\/kali50plus\/wp-json\/wp\/v2\/users\/168"}],"replies":[{"embeddable":true,"href":"https:\/\/unser-quartier.de\/kali50plus\/wp-json\/wp\/v2\/comments?post=1603"}],"version-history":[{"count":1,"href":"https:\/\/unser-quartier.de\/kali50plus\/wp-json\/wp\/v2\/pages\/1603\/revisions"}],"predecessor-version":[{"id":29708,"href":"https:\/\/unser-quartier.de\/kali50plus\/wp-json\/wp\/v2\/pages\/1603\/revisions\/29708"}],"wp:attachment":[{"href":"https:\/\/unser-quartier.de\/kali50plus\/wp-json\/wp\/v2\/media?parent=1603"}],"curies":[{"name":"wp","href":"https:\/\/api.w.org\/{rel}","templated":true}]}}