{"id":2080,"date":"2014-06-03T17:23:35","date_gmt":"2014-06-03T15:23:35","guid":{"rendered":"http:\/\/unser-quartier.de\/kali50plus\/?page_id=2080"},"modified":"2025-12-10T11:52:25","modified_gmt":"2025-12-10T10:52:25","slug":"cafe-bullerbue-startet-im-gestfeld-ein-neues-angebot","status":"publish","type":"page","link":"https:\/\/unser-quartier.de\/kali50plus\/stadtteile\/gestfeld\/cafe-bullerbue-startet-im-gestfeld-ein-neues-angebot\/","title":{"rendered":"Caf\u00e9 Bullerb\u00fc startet im Gestfeld ein neues Angebot"},"content":{"rendered":"<p><span style=\"font-size: 10pt\">03.03.2011<\/span><\/p>\n<p><img data-recalc-dims=\"1\" loading=\"lazy\" decoding=\"async\" data-attachment-id=\"2079\" data-permalink=\"https:\/\/unser-quartier.de\/kali50plus\/cafe-bullerbue-startet-im-gestfeld-ein-neues-angebot\/computertreff_bullerbue\/\" data-orig-file=\"https:\/\/i0.wp.com\/unser-quartier.de\/kali50plus\/files\/2014\/06\/computertreff_bullerbue.jpg?fit=533%2C386&amp;ssl=1\" data-orig-size=\"533,386\" data-comments-opened=\"0\" data-image-meta=\"{&quot;aperture&quot;:&quot;0&quot;,&quot;credit&quot;:&quot;&quot;,&quot;camera&quot;:&quot;&quot;,&quot;caption&quot;:&quot;&quot;,&quot;created_timestamp&quot;:&quot;0&quot;,&quot;copyright&quot;:&quot;&quot;,&quot;focal_length&quot;:&quot;0&quot;,&quot;iso&quot;:&quot;0&quot;,&quot;shutter_speed&quot;:&quot;0&quot;,&quot;title&quot;:&quot;&quot;}\" data-image-title=\"computertreff_bullerbue\" data-image-description=\"\" data-image-caption=\"\" data-medium-file=\"https:\/\/i0.wp.com\/unser-quartier.de\/kali50plus\/files\/2014\/06\/computertreff_bullerbue.jpg?fit=300%2C217&amp;ssl=1\" data-large-file=\"https:\/\/i0.wp.com\/unser-quartier.de\/kali50plus\/files\/2014\/06\/computertreff_bullerbue.jpg?fit=474%2C343&amp;ssl=1\" class=\"alignleft wp-image-2079\" src=\"https:\/\/i0.wp.com\/unser-quartier.de\/kali50plus\/files\/2014\/06\/computertreff_bullerbue.jpg?resize=474%2C343&#038;ssl=1\" alt=\"Presseinformation der Stadt Kamp-Lintfort vom 03.03.2011\" width=\"474\" height=\"343\" srcset=\"https:\/\/i0.wp.com\/unser-quartier.de\/kali50plus\/files\/2014\/06\/computertreff_bullerbue.jpg?w=533&amp;ssl=1 533w, https:\/\/i0.wp.com\/unser-quartier.de\/kali50plus\/files\/2014\/06\/computertreff_bullerbue.jpg?resize=150%2C108&amp;ssl=1 150w, https:\/\/i0.wp.com\/unser-quartier.de\/kali50plus\/files\/2014\/06\/computertreff_bullerbue.jpg?resize=300%2C217&amp;ssl=1 300w\" sizes=\"auto, (max-width: 474px) 100vw, 474px\" \/>Bereits seit einem Jahr gibt es im Gestfeld das Caf\u00e9 Bullerb\u00fc als Treffpunkt der Generation 50plus.<\/p>\n<p>Neben Kaffee trinken, kl\u00f6nen und spielen wird jetzt das Angebot erweitert.<\/p>\n<p>Ab Montag, den 14. M\u00e4rz 2011 startet ein Computertreff unter der ehrenamtlichen Leitung von Karl-Heinz Mannek. Hier sollen \u00e4ltere B\u00fcrger ihr Wissen im Umgang mit dem Computer vertiefen oder neu erlernen k\u00f6nnen. Vorkenntnisse sind nicht erforderlich, die Teilnahme ist kostenlos. Es stehen acht moderne Computerarbeitspl\u00e4tze zur Verf\u00fcgung, bei Bedarf kann aber auch das eigene Laptop mitgebracht werden.<\/p>\n<p>Der Computertreff findet in der Astrid-Lindgren-Schule, Sudermannstr. 2 von 15.00 Uhr bis 17.00 Uhr statt. R\u00fcckfragen sind bei Karl-Heinz Mannek, Tel. 60172 (computertreffbullerbue@online.de) m\u00f6glich. Eine Anmeldung ist nicht erforderlich, der Treff versteht sich als offene Anlaufstelle.<\/p>\n<p><span style=\"font-size: 10pt\">(Presseinformation der Stadt Kamp-Lintfort vom 03.03.2011)<\/span><\/p>\n<p><strong>Anmerkung in eigener Sache:<\/strong><br \/>\n<span style=\"color: #ff0000\">Leider existiert dieser Computertreff nicht mehr im Gestfeld!<\/span> Alle Interessierten haben die M\u00f6glichkeit, den Computervormittag freitags morgens im Ka-Li 50plus Geisbruchtreff zu besuchen!<\/p>\n<p>&lt;&lt; zur\u00fcck &gt;&gt;<\/p>\n","protected":false},"excerpt":{"rendered":"<p>03.03.2011 Bereits seit einem Jahr gibt es im Gestfeld das Caf\u00e9 Bullerb\u00fc als Treffpunkt der Generation 50plus. Neben Kaffee trinken, kl\u00f6nen und spielen wird jetzt das Angebot erweitert. Ab Montag, den 14. M\u00e4rz 2011 startet ein Computertreff unter der ehrenamtlichen Leitung von Karl-Heinz Mannek. Hier sollen \u00e4ltere B\u00fcrger ihr Wissen im Umgang mit dem Computer &hellip; <a href=\"https:\/\/unser-quartier.de\/kali50plus\/stadtteile\/gestfeld\/cafe-bullerbue-startet-im-gestfeld-ein-neues-angebot\/\" class=\"more-link\" data-wpel-link=\"internal\"><span class=\"screen-reader-text\">Caf\u00e9 Bullerb\u00fc startet im Gestfeld ein neues Angebot<\/span> weiterlesen <span class=\"meta-nav\">&rarr;<\/span><\/a><\/p>\n","protected":false},"author":168,"featured_media":0,"parent":1096,"menu_order":0,"comment_status":"closed","ping_status":"closed","template":"page-templates\/full-width.php","meta":{"_bbp_topic_count":0,"_bbp_reply_count":0,"_bbp_total_topic_count":0,"_bbp_total_reply_count":0,"_bbp_voice_count":0,"_bbp_anonymous_reply_count":0,"_bbp_topic_count_hidden":0,"_bbp_reply_count_hidden":0,"_bbp_forum_subforum_count":0,"advanced_seo_description":"","jetpack_seo_html_title":"","jetpack_seo_noindex":false,"ngg_post_thumbnail":0,"jetpack_post_was_ever_published":false,"footnotes":""},"class_list":["post-2080","page","type-page","status-publish","hentry"],"jetpack_shortlink":"https:\/\/wp.me\/P4AdMt-xy","jetpack_likes_enabled":true,"jetpack-related-posts":[],"jetpack_sharing_enabled":true,"_links":{"self":[{"href":"https:\/\/unser-quartier.de\/kali50plus\/wp-json\/wp\/v2\/pages\/2080","targetHints":{"allow":["GET"]}}],"collection":[{"href":"https:\/\/unser-quartier.de\/kali50plus\/wp-json\/wp\/v2\/pages"}],"about":[{"href":"https:\/\/unser-quartier.de\/kali50plus\/wp-json\/wp\/v2\/types\/page"}],"author":[{"embeddable":true,"href":"https:\/\/unser-quartier.de\/kali50plus\/wp-json\/wp\/v2\/users\/168"}],"replies":[{"embeddable":true,"href":"https:\/\/unser-quartier.de\/kali50plus\/wp-json\/wp\/v2\/comments?post=2080"}],"version-history":[{"count":1,"href":"https:\/\/unser-quartier.de\/kali50plus\/wp-json\/wp\/v2\/pages\/2080\/revisions"}],"predecessor-version":[{"id":32644,"href":"https:\/\/unser-quartier.de\/kali50plus\/wp-json\/wp\/v2\/pages\/2080\/revisions\/32644"}],"up":[{"embeddable":true,"href":"https:\/\/unser-quartier.de\/kali50plus\/wp-json\/wp\/v2\/pages\/1096"}],"wp:attachment":[{"href":"https:\/\/unser-quartier.de\/kali50plus\/wp-json\/wp\/v2\/media?parent=2080"}],"curies":[{"name":"wp","href":"https:\/\/api.w.org\/{rel}","templated":true}]}}