{"id":2129,"date":"2014-06-04T16:59:00","date_gmt":"2014-06-04T14:59:00","guid":{"rendered":"http:\/\/unser-quartier.de\/kali50plus\/?page_id=2129"},"modified":"2015-05-21T14:41:09","modified_gmt":"2015-05-21T12:41:09","slug":"eine-apothekerin-gibt-auskunft","status":"publish","type":"page","link":"https:\/\/unser-quartier.de\/kali50plus\/stadtteile\/geisbruch\/geisbruch-aktuell\/eine-apothekerin-gibt-auskunft\/","title":{"rendered":"Eine Apothekerin gibt Auskunft"},"content":{"rendered":"<p>Am 28.10.09 haben sich zum Infonachmittag zum Thema &#8222;Medikamente im Alter (was-wann-wie ?)&#8220; leider nur 15 Personen getroffen.<\/p>\n<p>Frau Henrich Kr\u00f6ger, eine selbst\u00e4ndige Apothekerin aus Nettetal, hat versucht, uns etwas \u00fcber Medikamente im Alter zu erkl\u00e4ren und\u00a0n\u00e4her zu bringen.<\/p>\n<p>Zun\u00e4chst kl\u00e4rte sie uns auf, welche Wirkstoffe in den Medikamenten, die vorwiegend f\u00fcr uns in Frage kommen\u00a0(Blutverd\u00fcnnungsstoffe, Entw\u00e4sserungsmittel, Herzmittel, Schmerzmittel, Antidepressiva, Cortison, Antibiotika uvm.) vorhanden sind und wie der K\u00f6rper damit umgeht.<\/p>\n<p>Auf Tafeln zeigte sie uns, wie\u00a0sie in unserem K\u00f6rper in\u00a0Magen, Darm, Nieren und Leber\u00a0wirken. Daraus folgerte sie, wann und wie ein solches Medikament eingenommen werden soll.<\/p>\n<p>Alle Teilnehmer sollten dann ihre pers\u00f6nlichen Medikamente aufschreiben und eventuell Fragen stellen. Erstaunlich wenige Personen erinnerten sich der Namen, wu\u00dften aber, wogegen oder wof\u00fcr etwas verordnet wurde. So erfuhren wir, keine Medikamente mit Milch oder Fruchtsaft einzunehmen; ferner n\u00fcchtern hei\u00dft im med. Terminus, 2 Stunden nach einer Mahlzeit.<\/p>\n<p>Ein weiteres Thema waren die Erg\u00e4nzungsstoffe wie Calcium, Kalium oder Vitaminpr\u00e4parate. Hier war der Tenor, wenn man m\u00f6chte und sich wohler f\u00fchlt, sollte man davon nehmen, m\u00f6glichst aber keine Multipr\u00e4parate.<\/p>\n<p>Unser Wissen wurde erweitert und damit auch unsere Sicherheit im Umgang mit Medikamenten.<br \/>\nBilder gibt es hier.<\/p>\n<p><a href=\"https:\/\/unser-quartier.de\/kali50plus\/oeffentlichkeitsarbeit\/ka-li-50-plus-mitteilungen\/\" rel=\"nofollow\" data-wpel-link=\"internal\">&lt;&lt; zur\u00fcck &gt;&gt;<\/a><\/p>\n","protected":false},"excerpt":{"rendered":"<p>Am 28.10.09 haben sich zum Infonachmittag zum Thema &#8222;Medikamente im Alter (was-wann-wie ?)&#8220; leider nur 15 Personen getroffen. Frau Henrich Kr\u00f6ger, eine selbst\u00e4ndige Apothekerin aus Nettetal, hat versucht, uns etwas \u00fcber Medikamente im Alter zu erkl\u00e4ren und\u00a0n\u00e4her zu bringen. Zun\u00e4chst kl\u00e4rte sie uns auf, welche Wirkstoffe in den Medikamenten, die vorwiegend f\u00fcr uns in Frage &hellip; <a href=\"https:\/\/unser-quartier.de\/kali50plus\/stadtteile\/geisbruch\/geisbruch-aktuell\/eine-apothekerin-gibt-auskunft\/\" class=\"more-link\" data-wpel-link=\"internal\"><span class=\"screen-reader-text\">Eine Apothekerin gibt Auskunft<\/span> weiterlesen <span class=\"meta-nav\">&rarr;<\/span><\/a><\/p>\n","protected":false},"author":168,"featured_media":0,"parent":1657,"menu_order":0,"comment_status":"closed","ping_status":"closed","template":"","meta":{"_bbp_topic_count":0,"_bbp_reply_count":0,"_bbp_total_topic_count":0,"_bbp_total_reply_count":0,"_bbp_voice_count":0,"_bbp_anonymous_reply_count":0,"_bbp_topic_count_hidden":0,"_bbp_reply_count_hidden":0,"_bbp_forum_subforum_count":0,"advanced_seo_description":"","jetpack_seo_html_title":"","jetpack_seo_noindex":false,"ngg_post_thumbnail":0,"jetpack_post_was_ever_published":false,"footnotes":""},"class_list":["post-2129","page","type-page","status-publish","hentry"],"jetpack_shortlink":"https:\/\/wp.me\/P4AdMt-yl","jetpack_likes_enabled":true,"jetpack-related-posts":[],"jetpack_sharing_enabled":true,"_links":{"self":[{"href":"https:\/\/unser-quartier.de\/kali50plus\/wp-json\/wp\/v2\/pages\/2129","targetHints":{"allow":["GET"]}}],"collection":[{"href":"https:\/\/unser-quartier.de\/kali50plus\/wp-json\/wp\/v2\/pages"}],"about":[{"href":"https:\/\/unser-quartier.de\/kali50plus\/wp-json\/wp\/v2\/types\/page"}],"author":[{"embeddable":true,"href":"https:\/\/unser-quartier.de\/kali50plus\/wp-json\/wp\/v2\/users\/168"}],"replies":[{"embeddable":true,"href":"https:\/\/unser-quartier.de\/kali50plus\/wp-json\/wp\/v2\/comments?post=2129"}],"version-history":[{"count":0,"href":"https:\/\/unser-quartier.de\/kali50plus\/wp-json\/wp\/v2\/pages\/2129\/revisions"}],"up":[{"embeddable":true,"href":"https:\/\/unser-quartier.de\/kali50plus\/wp-json\/wp\/v2\/pages\/1657"}],"wp:attachment":[{"href":"https:\/\/unser-quartier.de\/kali50plus\/wp-json\/wp\/v2\/media?parent=2129"}],"curies":[{"name":"wp","href":"https:\/\/api.w.org\/{rel}","templated":true}]}}