{"id":2797,"date":"2014-06-11T06:45:27","date_gmt":"2014-06-11T04:45:27","guid":{"rendered":"http:\/\/unser-quartier.de\/kali50plus\/?page_id=2797"},"modified":"2021-04-14T17:22:20","modified_gmt":"2021-04-14T15:22:20","slug":"mitgliederbereich","status":"publish","type":"page","link":"https:\/\/unser-quartier.de\/kali50plus\/mitgliederbereich\/","title":{"rendered":"Mitgliederbereich"},"content":{"rendered":"<h3 style=\"text-align: center;\"><span style=\"color: #ff0000;\">Dies ist ein gesch\u00fctzter Bereich NUR F\u00dcR MITGLIEDER der Ka-Li 50plus Gruppen! <\/span><\/h3>\n<p><span style=\"color: #ffffff;\"><strong><span style=\"background-color: #ff0000;\">Bitte anmelden oder registrieren! <\/span><\/strong><\/span> (Falls nicht schon geschehen &#8230;) <strong>Login: <\/strong> Ein Haken vor &#8222;Angemeldet bleiben&#8220; besagt, dass beim n\u00e4chsten Anw\u00e4hlen dieser Seite die Anmeldung nicht erneut vorgenommen werden muss! \n<form method=\"post\" action=\"https:\/\/unser-quartier.de\/kali50plus\/wp-login.php\" class=\"bbp-login-form\">\n\t<fieldset class=\"bbp-form\">\n\t\t<legend>Anmelden<\/legend>\n\n\t\t<div class=\"bbp-username\">\n\t\t\t<label for=\"user_login\">Benutzername: <\/label>\n\t\t\t<input type=\"text\" name=\"log\" value=\"\" size=\"20\" maxlength=\"100\" id=\"user_login\" autocomplete=\"off\" \/>\n\t\t<\/div>\n\n\t\t<div class=\"bbp-password\">\n\t\t\t<label for=\"user_pass\">Passwort: <\/label>\n\t\t\t<input type=\"password\" name=\"pwd\" value=\"\" size=\"20\" id=\"user_pass\" autocomplete=\"off\" \/>\n\t\t<\/div>\n\n\t\t<div class=\"bbp-remember-me\">\n\t\t\t<input type=\"checkbox\" name=\"rememberme\" value=\"forever\"  id=\"rememberme\" \/>\n\t\t\t<label for=\"rememberme\">Angemeldet bleiben<\/label>\n\t\t<\/div>\n\n\t\t\n\t\t<div class=\"bbp-submit-wrapper\">\n\n\t\t\t<button type=\"submit\" name=\"user-submit\" id=\"user-submit\" class=\"button submit user-submit\">Anmelden<\/button>\n\n\t\t\t\n\t<input type=\"hidden\" name=\"user-cookie\" value=\"1\" \/>\n\n\t<input type=\"hidden\" id=\"bbp_redirect_to\" name=\"redirect_to\" value=\"https:\/\/unser-quartier.de\/kali50plus\/wp-json\/wp\/v2\/pages\/2797\" \/><input type=\"hidden\" id=\"_wpnonce\" name=\"_wpnonce\" value=\"3c0370b80c\" \/><input type=\"hidden\" name=\"_wp_http_referer\" value=\"\/kali50plus\/wp-json\/wp\/v2\/pages\/2797\" \/>\n\t\t<\/div>\n\t<\/fieldset>\n<\/form>\n <strong>Registrieren: <\/strong> Der Benutzername muss aus min. 4 Buchstaben\/Ziffern bestehen! \n<form method=\"post\" action=\"https:\/\/unser-quartier.de\/kali50plus\/wp-login.php\" class=\"bbp-login-form\">\n\t<fieldset class=\"bbp-form\">\n\t\t<legend>Konto erstellen<\/legend>\n\n\t\t\n\t\t<div class=\"bbp-template-notice\">\n\t\t\t<ul>\n\t\t\t\t<li>Dein Benutzername muss einzigartig sein, und kann im Nachhinein nicht mehr ge\u00e4ndert werden.<\/li>\n\t\t\t\t<li>Wir ben\u00f6tigen deine E-Mail-Adresse, um dir ein sicheres Passwort schicken und um dein Konto \u00fcberpr\u00fcfen zu k\u00f6nnen.<\/li>\n\t\t\t<\/ul>\n\t\t<\/div>\n\n\t\t<div class=\"bbp-username\">\n\t\t\t<label for=\"user_login\">Benutzername: <\/label>\n\t\t\t<input type=\"text\" name=\"user_login\" value=\"\" size=\"20\" id=\"user_login\" maxlength=\"100\" autocomplete=\"off\" \/>\n\t\t<\/div>\n\n\t\t<div class=\"bbp-email\">\n\t\t\t<label for=\"user_email\">E-Mail: <\/label>\n\t\t\t<input type=\"text\" name=\"user_email\" value=\"\" size=\"20\" id=\"user_email\" maxlength=\"100\" autocomplete=\"off\" \/>\n\t\t<\/div>\n\n\t\t\n\t\t<div class=\"bbp-submit-wrapper\">\n\n\t\t\t<button type=\"submit\" name=\"user-submit\" class=\"button submit user-submit\">Registrieren<\/button>\n\n\t\t\t\n\t<input type=\"hidden\" name=\"action\"      value=\"register\" \/>\n\t<input type=\"hidden\" name=\"user-cookie\" value=\"1\" \/>\n\n\t<input type=\"hidden\" id=\"bbp_redirect_to\" name=\"redirect_to\" value=\"?checkemail=registered\" \/><input type=\"hidden\" id=\"_wpnonce\" name=\"_wpnonce\" value=\"6601e25ec0\" \/><input type=\"hidden\" name=\"_wp_http_referer\" value=\"\/kali50plus\/wp-json\/wp\/v2\/pages\/2797\" \/>\n\t\t<\/div>\n\n\t\t\n\t<\/fieldset>\n<\/form>\n <strong>Passwort vergessen: <\/strong>\n<form method=\"post\" action=\"https:\/\/unser-quartier.de\/kali50plus\/wp-login.php?action=lostpassword\" class=\"bbp-login-form\">\n\t<fieldset class=\"bbp-form\">\n\t\t<legend>Passwort vergessen<\/legend>\n\n\t\t<div class=\"bbp-username\">\n\t\t\t<p>\n\t\t\t\t<label for=\"user_login\" class=\"hide\">Benutzername oder E-Mail-Adresse: <\/label>\n\t\t\t\t<input type=\"text\" name=\"user_login\" value=\"\" size=\"20\" id=\"user_login\" maxlength=\"100\" autocomplete=\"off\" \/>\n\t\t\t<\/p>\n\t\t<\/div>\n\n\t\t\n\t\t<div class=\"bbp-submit-wrapper\">\n\n\t\t\t<button type=\"submit\" name=\"user-submit\" class=\"button submit user-submit\">Mein Passwort zur\u00fccksetzen<\/button>\n\n\t\t\t\n\t<input type=\"hidden\" name=\"user-cookie\" value=\"1\" \/>\n\n\t<input type=\"hidden\" id=\"bbp_redirect_to\" name=\"redirect_to\" value=\"https:\/\/unser-quartier.de\/kali50plus\/mitgliederbereich\/?checkemail=confirm\" \/><input type=\"hidden\" id=\"_wpnonce\" name=\"_wpnonce\" value=\"f69ef73eb0\" \/><input type=\"hidden\" name=\"_wp_http_referer\" value=\"\/kali50plus\/wp-json\/wp\/v2\/pages\/2797\" \/>\n\t\t<\/div>\n\t<\/fieldset>\n<\/form>\n<\/p>\n<h4><span style=\"color: #339966;\"><a style=\"color: #339966;\" title=\"Inhalt im Mitgliederbereich \" href=\"https:\/\/unser-quartier.de\/kali50plus\/inhalt-ideenschmiede\/\" data-wpel-link=\"internal\">Inhalt Ideenschmiede <\/a><\/span><\/h4>\n<h4><span style=\"color: #339966;\"><a style=\"color: #339966;\" title=\"Gruppeninterne Termine \" href=\"https:\/\/unser-quartier.de\/kali50plus\/veranstaltungen\/gruppeninterne-termine\/\" data-wpel-link=\"internal\">Terminvergabe <\/a><\/span><\/h4>\n<div>&nbsp;<\/div>\n<div>&nbsp;<\/div>\n","protected":false},"excerpt":{"rendered":"<p>Dies ist ein gesch\u00fctzter Bereich NUR F\u00dcR MITGLIEDER der Ka-Li 50plus Gruppen! Bitte anmelden oder registrieren! (Falls nicht schon geschehen &#8230;) Login: Ein Haken vor &#8222;Angemeldet bleiben&#8220; besagt, dass beim n\u00e4chsten Anw\u00e4hlen dieser Seite die Anmeldung nicht erneut vorgenommen werden muss! Registrieren: Der Benutzername muss aus min. 4 Buchstaben\/Ziffern bestehen! Passwort vergessen: Inhalt Ideenschmiede Terminvergabe &hellip; <a href=\"https:\/\/unser-quartier.de\/kali50plus\/mitgliederbereich\/\" class=\"more-link\" data-wpel-link=\"internal\"><span class=\"screen-reader-text\">Mitgliederbereich<\/span> weiterlesen <span class=\"meta-nav\">&rarr;<\/span><\/a><\/p>\n","protected":false},"author":168,"featured_media":0,"parent":0,"menu_order":0,"comment_status":"closed","ping_status":"closed","template":"","meta":{"_bbp_topic_count":0,"_bbp_reply_count":0,"_bbp_total_topic_count":0,"_bbp_total_reply_count":0,"_bbp_voice_count":0,"_bbp_anonymous_reply_count":0,"_bbp_topic_count_hidden":0,"_bbp_reply_count_hidden":0,"_bbp_forum_subforum_count":0,"advanced_seo_description":"","jetpack_seo_html_title":"","jetpack_seo_noindex":false,"ngg_post_thumbnail":0,"jetpack_post_was_ever_published":false,"footnotes":""},"class_list":["post-2797","page","type-page","status-publish","hentry"],"jetpack_shortlink":"https:\/\/wp.me\/P4AdMt-J7","jetpack_likes_enabled":true,"jetpack-related-posts":[],"jetpack_sharing_enabled":false,"_links":{"self":[{"href":"https:\/\/unser-quartier.de\/kali50plus\/wp-json\/wp\/v2\/pages\/2797","targetHints":{"allow":["GET"]}}],"collection":[{"href":"https:\/\/unser-quartier.de\/kali50plus\/wp-json\/wp\/v2\/pages"}],"about":[{"href":"https:\/\/unser-quartier.de\/kali50plus\/wp-json\/wp\/v2\/types\/page"}],"author":[{"embeddable":true,"href":"https:\/\/unser-quartier.de\/kali50plus\/wp-json\/wp\/v2\/users\/168"}],"replies":[{"embeddable":true,"href":"https:\/\/unser-quartier.de\/kali50plus\/wp-json\/wp\/v2\/comments?post=2797"}],"version-history":[{"count":0,"href":"https:\/\/unser-quartier.de\/kali50plus\/wp-json\/wp\/v2\/pages\/2797\/revisions"}],"wp:attachment":[{"href":"https:\/\/unser-quartier.de\/kali50plus\/wp-json\/wp\/v2\/media?parent=2797"}],"curies":[{"name":"wp","href":"https:\/\/api.w.org\/{rel}","templated":true}]}}