{"id":9916,"date":"2017-10-10T14:58:31","date_gmt":"2017-10-10T12:58:31","guid":{"rendered":"https:\/\/unser-quartier.de\/kali50plus\/?page_id=9916"},"modified":"2022-01-30T12:54:26","modified_gmt":"2022-01-30T11:54:26","slug":"direktanbieter-essen-auf-raedern","status":"publish","type":"page","link":"https:\/\/unser-quartier.de\/kali50plus\/direktanbieter-essen-auf-raedern\/","title":{"rendered":"Direktanbieter &#8222;Essen auf R\u00e4dern&#8220;"},"content":{"rendered":"<h5>Mahlzeitendienste<\/h5>\n<p>\u201eEssen auf R\u00e4dern\u201c ist ein mobiler Mahlzeitendienst, der die Versorgung hilfebed\u00fcrftiger Menschen mit warmen oder zu erw\u00e4rmenden Essen sichert, und Mahlzeiten t\u00e4glich, w\u00f6chentlich oder nach Bedarf liefert. Diese Hilfeleistung ist f\u00fcr diejenigen gedacht, die nicht in der Lage sind, ihre Mahlzeiten selbst zuzubereiten und auch nicht von Angeh\u00f6rigen, Nachbarn oder Freunden versorgt werden k\u00f6nnen.<\/p>\n<p>Vermittelt werden die Mahlzeitendienste in der Regel durch die Sozialstationen und ambulanten P\ufb02egedienste.<\/p>\n<p><strong>Caritasverband Moers-Xanten e.V.<\/strong><br \/>\n<strong>Fachbereich ambulante Altenhilfe<\/strong><br \/>\nOliver Sattelberg<br \/>\nSandstra\u00dfe 37, 47475 Kamp-Lintfort<br \/>\nTelefon: 02842-704400<br \/>\nTelefax: 02842-704100<br \/>\nE-Mail: <a href=\"mailto:ear@caritas-moers-xanten.de\">ear@caritas-moers-xanten.de<\/a><br \/>\nInternet: <a href=\"http:\/\/www.caritas-moers-xanten.de\" target=\"_blank\" rel=\"noopener follow external noreferrer\" data-wpel-link=\"external\" class=\"ext-link wpel-icon-right\">www.caritas-moers-xanten.de<span class=\"wpel-icon wpel-image wpel-icon-8\"><\/span><\/a><\/p>\n<p>Mo-Fr zwischen 09:00 und 14:30 Uhr erreichbar<\/p>\n<p>Bestellung, Zubereitung und Auslieferung \u00fcber das Caritas Haus St. Hedwig<br \/>\nMontag bis Sonntag Warmmen\u00fcs<br \/>\njeder gew\u00fcnschte Lieferrhythmus m\u00f6glich<\/p>\n<p><strong>AWO Soziales Zentrum Moers<\/strong><br \/>\nSwitlana Versteegen<br \/>\nElisabeth-Seibert-Stra\u00dfe 22, 47445 Moers<br \/>\nTelefon: 02841-481141<br \/>\nTelefax: 02841-481145<br \/>\nE-Mail: <a href=\"mailto:versteegen.gsz@awo-kv-wesel.de\">versteegen.gsz@awo-kv-wesel.de<\/a><br \/>\nAuswahl aus sechs Men\u00fcvorschl\u00e4gen &#8211; Das Essen wird t\u00e4glich in der Mittagszeit nach individuellem Lieferrhythmus warm angeliefert.<\/p>\n<h5>Mittagstisch<\/h5>\n<p><strong>Friederike-Fliedner-Haus &#8211; Evangelisches Altenp\ufb02egeheim<\/strong><br \/>\nRingstra\u00dfe 99-103, 47475 Kamp-Lintfort<br \/>\nT\u00e4glich 11:45 bis 17:00 Uhr<\/p>\n<p>Mittagstisch f\u00fcr ausw\u00e4rtige G\u00e4ste an 365 Tagen im Jahr im Caf\u00e9 am Ring<\/p>\n<p><strong>AWO Seniorenzentrum \u201eStadt Kamp-Lintfort\u201c<\/strong><br \/>\nMarkgrafenstra\u00dfe 11, 47475 Kamp-Lintfort<br \/>\nMittagstisch f\u00fcr G\u00e4ste<\/p>\n<p><strong>Don-Bosco-Haus<\/strong><br \/>\nVinnstra\u00dfe 16, 47475 Kamp-Lintfort<br \/>\n2., 3. und 4. Do im Monat jeweils ab 12:00 Uhr<\/p>\n<p>Ein frisch gekochtes Mittagessen<\/p>\n<p><strong>&lt;zur\u00fcck zum Inhaltsverzeichnis Wegweiser 50plus&gt;<\/strong><\/p>\n","protected":false},"excerpt":{"rendered":"<p>Mahlzeitendienste \u201eEssen auf R\u00e4dern\u201c ist ein mobiler Mahlzeitendienst, der die Versorgung hilfebed\u00fcrftiger Menschen mit warmen oder zu erw\u00e4rmenden Essen sichert, und Mahlzeiten t\u00e4glich, w\u00f6chentlich oder nach Bedarf liefert. Diese Hilfeleistung ist f\u00fcr diejenigen gedacht, die nicht in der Lage sind, ihre Mahlzeiten selbst zuzubereiten und auch nicht von Angeh\u00f6rigen, Nachbarn oder Freunden versorgt werden k\u00f6nnen. &hellip; <a href=\"https:\/\/unser-quartier.de\/kali50plus\/direktanbieter-essen-auf-raedern\/\" class=\"more-link\" data-wpel-link=\"internal\"><span class=\"screen-reader-text\">Direktanbieter &#8222;Essen auf R\u00e4dern&#8220;<\/span> weiterlesen <span class=\"meta-nav\">&rarr;<\/span><\/a><\/p>\n","protected":false},"author":168,"featured_media":0,"parent":0,"menu_order":0,"comment_status":"closed","ping_status":"closed","template":"","meta":{"_bbp_topic_count":0,"_bbp_reply_count":0,"_bbp_total_topic_count":0,"_bbp_total_reply_count":0,"_bbp_voice_count":0,"_bbp_anonymous_reply_count":0,"_bbp_topic_count_hidden":0,"_bbp_reply_count_hidden":0,"_bbp_forum_subforum_count":0,"advanced_seo_description":"","jetpack_seo_html_title":"","jetpack_seo_noindex":false,"ngg_post_thumbnail":0,"jetpack_post_was_ever_published":false,"footnotes":""},"class_list":["post-9916","page","type-page","status-publish","hentry"],"jetpack_shortlink":"https:\/\/wp.me\/P4AdMt-2zW","jetpack_likes_enabled":true,"jetpack-related-posts":[],"jetpack_sharing_enabled":true,"_links":{"self":[{"href":"https:\/\/unser-quartier.de\/kali50plus\/wp-json\/wp\/v2\/pages\/9916","targetHints":{"allow":["GET"]}}],"collection":[{"href":"https:\/\/unser-quartier.de\/kali50plus\/wp-json\/wp\/v2\/pages"}],"about":[{"href":"https:\/\/unser-quartier.de\/kali50plus\/wp-json\/wp\/v2\/types\/page"}],"author":[{"embeddable":true,"href":"https:\/\/unser-quartier.de\/kali50plus\/wp-json\/wp\/v2\/users\/168"}],"replies":[{"embeddable":true,"href":"https:\/\/unser-quartier.de\/kali50plus\/wp-json\/wp\/v2\/comments?post=9916"}],"version-history":[{"count":0,"href":"https:\/\/unser-quartier.de\/kali50plus\/wp-json\/wp\/v2\/pages\/9916\/revisions"}],"wp:attachment":[{"href":"https:\/\/unser-quartier.de\/kali50plus\/wp-json\/wp\/v2\/media?parent=9916"}],"curies":[{"name":"wp","href":"https:\/\/api.w.org\/{rel}","templated":true}]}}