{"id":9924,"date":"2017-10-10T17:06:58","date_gmt":"2017-10-10T15:06:58","guid":{"rendered":"https:\/\/unser-quartier.de\/kali50plus\/?page_id=9924"},"modified":"2022-01-30T12:53:23","modified_gmt":"2022-01-30T11:53:23","slug":"beratung-fuer-arbeitssuchende-der-generation-50-plus","status":"publish","type":"page","link":"https:\/\/unser-quartier.de\/kali50plus\/beratung-fuer-arbeitssuchende-der-generation-50-plus\/","title":{"rendered":"Beratung f\u00fcr Arbeitssuchende der Generation 50 Plus"},"content":{"rendered":"<p><strong>Arbeiterwohlfahrt KV Wesel e.V.<br \/>\nProjekt INISS und AWO\u2013<\/strong><strong>Einrichtung f\u00fcr beru\ufb02iche<br \/>\nRehabilitation und Integration<\/strong><br \/>\nElisabeth Hartwig (INISS)<br \/>\nMoerser Stra\u00dfe 258b, 47475 Kamp-Lintfort<br \/>\nTelefon: 02842-9278-47 (Projekt INISS)<br \/>\nE-Mail: <a href=\"mailto:iniss@awo-kv-wesel.de\">iniss@awo-kv-wesel.de<\/a><br \/>\nInternet:&nbsp;<a href=\"http:\/\/www.awo-kv-wesel.de\" target=\"_blank\" rel=\"noopener follow external noreferrer\" data-wpel-link=\"external\" class=\"ext-link wpel-icon-right\">www.awo-kv-wesel.de<span class=\"wpel-icon wpel-image wpel-icon-8\"><\/span><\/a><br \/>\nSprechzeiten:<br \/>\nMo bis Do 8:00 bis 15:00 Uhr und Fr 8:00 bis 13:00 Uhr<\/p>\n<p>Das Projekt INISS f\u00f6rdert \u00e4ltere Arbeit Suchende (Alg-II-Bezieher \u00fcber 47 Jahre) bei der Reintegration ins Berufsleben. Gezielt wendet es sich unter anderem auch an die Gruppe der arbeitssuchenden Frauen. Das Projekt l\u00e4uft im Rahmen der Bundesinitiative \u201ePerspektive 50plus\u201c. Neben der Beratung und Hilfestellung bei der Arbeitssuche im Projekt INISS wird ein Lehrgang zur beruflichen Integration von Personen \u00fcber 50 Jahren angeboten.<\/p>\n<p><strong>Arbeitslosenzentrum Kamp-Lintfort<\/strong><br \/>\nFriedrich-Heinrich-Allee 23, 47475 Kamp-Lintfort<br \/>\nTelefon: 02842-908795, Telefax: 02842-908796<br \/>\nE-Mail: <a href=\"mailto:alz-kali@malz.de\">alz-kali@malz.de<\/a><br \/>\nOffene Beratung:<br \/>\nDi und Do 13:30 bis 16:30 Uhr, Mi 9:00 bis 12:00 Uhr<\/p>\n<ul>\n<li>Beratung<\/li>\n<li>Begleitung<\/li>\n<li>Unterst\u00fctzung<\/li>\n<li>Exkursionen<\/li>\n<li>Betriebsbesichtigungen<\/li>\n<li>Vortr\u00e4ge<\/li>\n<li>Erfahrungsaustausch<\/li>\n<\/ul>\n<p><strong>&lt;zur\u00fcck zum Inhaltsverzeichnis Wegweiser 50plus&gt;<\/strong><\/p>\n","protected":false},"excerpt":{"rendered":"<p>Arbeiterwohlfahrt KV Wesel e.V. Projekt INISS und AWO\u2013Einrichtung f\u00fcr beru\ufb02iche Rehabilitation und Integration Elisabeth Hartwig (INISS) Moerser Stra\u00dfe 258b, 47475 Kamp-Lintfort Telefon: 02842-9278-47 (Projekt INISS) E-Mail: iniss@awo-kv-wesel.de Internet:&nbsp;www.awo-kv-wesel.de Sprechzeiten: Mo bis Do 8:00 bis 15:00 Uhr und Fr 8:00 bis 13:00 Uhr Das Projekt INISS f\u00f6rdert \u00e4ltere Arbeit Suchende (Alg-II-Bezieher \u00fcber 47 Jahre) bei der &hellip; <a href=\"https:\/\/unser-quartier.de\/kali50plus\/beratung-fuer-arbeitssuchende-der-generation-50-plus\/\" class=\"more-link\" data-wpel-link=\"internal\"><span class=\"screen-reader-text\">Beratung f\u00fcr Arbeitssuchende der Generation 50 Plus<\/span> weiterlesen <span class=\"meta-nav\">&rarr;<\/span><\/a><\/p>\n","protected":false},"author":168,"featured_media":0,"parent":0,"menu_order":0,"comment_status":"closed","ping_status":"closed","template":"","meta":{"_bbp_topic_count":0,"_bbp_reply_count":0,"_bbp_total_topic_count":0,"_bbp_total_reply_count":0,"_bbp_voice_count":0,"_bbp_anonymous_reply_count":0,"_bbp_topic_count_hidden":0,"_bbp_reply_count_hidden":0,"_bbp_forum_subforum_count":0,"advanced_seo_description":"","jetpack_seo_html_title":"","jetpack_seo_noindex":false,"ngg_post_thumbnail":0,"jetpack_post_was_ever_published":false,"footnotes":""},"class_list":["post-9924","page","type-page","status-publish","hentry"],"jetpack_shortlink":"https:\/\/wp.me\/P4AdMt-2A4","jetpack_likes_enabled":true,"jetpack-related-posts":[],"jetpack_sharing_enabled":true,"_links":{"self":[{"href":"https:\/\/unser-quartier.de\/kali50plus\/wp-json\/wp\/v2\/pages\/9924","targetHints":{"allow":["GET"]}}],"collection":[{"href":"https:\/\/unser-quartier.de\/kali50plus\/wp-json\/wp\/v2\/pages"}],"about":[{"href":"https:\/\/unser-quartier.de\/kali50plus\/wp-json\/wp\/v2\/types\/page"}],"author":[{"embeddable":true,"href":"https:\/\/unser-quartier.de\/kali50plus\/wp-json\/wp\/v2\/users\/168"}],"replies":[{"embeddable":true,"href":"https:\/\/unser-quartier.de\/kali50plus\/wp-json\/wp\/v2\/comments?post=9924"}],"version-history":[{"count":0,"href":"https:\/\/unser-quartier.de\/kali50plus\/wp-json\/wp\/v2\/pages\/9924\/revisions"}],"wp:attachment":[{"href":"https:\/\/unser-quartier.de\/kali50plus\/wp-json\/wp\/v2\/media?parent=9924"}],"curies":[{"name":"wp","href":"https:\/\/api.w.org\/{rel}","templated":true}]}}

Beratung für Arbeitssuchende der Generation 50 Plus

<p><strong>Arbeiterwohlfahrt KV Wesel e.V.<br />
Projekt INISS und AWO–</strong><strong>Einrichtung für beruﬂiche<br />
Rehabilitation und Integration</strong><br />
Elisabeth Hartwig (INISS)<br />
Moerser Straße 258b, 47475 Kamp-Lintfort<br />
Telefon: 02842-9278-47 (Projekt INISS)<br />
E-Mail: <a href="mailto:iniss@awo-kv-wesel.de">iniss@awo-kv-wesel.de</a><br />
Internet:&nbsp;<a href="http://www.awo-kv-wesel.de" target="_blank" rel="noopener follow external noreferrer" data-wpel-link="external" class="ext-link wpel-icon-right">www.awo-kv-wesel.de<span class="wpel-icon wpel-image wpel-icon-8"></span></a><br />
Sprechzeiten:<br />
Mo bis Do 8:00 bis 15:00 Uhr und Fr 8:00 bis 13:00 Uhr</p>
<p>Das Projekt INISS fördert ältere Arbeit Suchende (Alg-II-Bezieher über 47 Jahre) bei der Reintegration ins Berufsleben. Gezielt wendet es sich unter anderem auch an die Gruppe der arbeitssuchenden Frauen. Das Projekt läuft im Rahmen der Bundesinitiative „Perspektive 50plus“. Neben der Beratung und Hilfestellung bei der Arbeitssuche im Projekt INISS wird ein Lehrgang zur beruflichen Integration von Personen über 50 Jahren angeboten.</p>
<p><strong>Arbeitslosenzentrum Kamp-Lintfort</strong><br />
Friedrich-Heinrich-Allee 23, 47475 Kamp-Lintfort<br />
Telefon: 02842-908795, Telefax: 02842-908796<br />
E-Mail: <a href="mailto:alz-kali@malz.de">alz-kali@malz.de</a><br />
Offene Beratung:<br />
Di und Do 13:30 bis 16:30 Uhr, Mi 9:00 bis 12:00 Uhr</p>
<ul>
<li>Beratung</li>
<li>Begleitung</li>
<li>Unterstützung</li>
<li>Exkursionen</li>
<li>Betriebsbesichtigungen</li>
<li>Vorträge</li>
<li>Erfahrungsaustausch</li>
</ul>
<p><strong>&lt;zurück zum Inhaltsverzeichnis Wegweiser 50plus&gt;</strong></p>

<p>Arbeiterwohlfahrt KV Wesel e.V. Projekt INISS und AWO–Einrichtung für beruﬂiche Rehabilitation und Integration Elisabeth Hartwig (INISS) Moerser Straße 258b, 47475 Kamp-Lintfort Telefon: 02842-9278-47 (Projekt INISS) E-Mail: iniss@awo-kv-wesel.de Internet:&nbsp;www.awo-kv-wesel.de Sprechzeiten: Mo bis Do 8:00 bis 15:00 Uhr und Fr 8:00 bis 13:00 Uhr Das Projekt INISS fördert ältere Arbeit Suchende (Alg-II-Bezieher über 47 Jahre) bei der &hellip; <a href="https://unser-quartier.de/kali50plus/beratung-fuer-arbeitssuchende-der-generation-50-plus/" class="more-link" data-wpel-link="internal"><span class="screen-reader-text">Beratung für Arbeitssuchende der Generation 50 Plus</span> weiterlesen <span class="meta-nav">&rarr;</span></a></p>
