{"id":1975,"date":"2017-11-13T18:39:39","date_gmt":"2017-11-13T17:39:39","guid":{"rendered":"https:\/\/unser-quartier.de\/koeln-widdersdorf\/?page_id=1975"},"modified":"2023-11-24T18:44:27","modified_gmt":"2023-11-24T17:44:27","slug":"wohnen","status":"publish","type":"page","link":"https:\/\/unser-quartier.de\/koeln-widdersdorf\/wohnen\/","title":{"rendered":"Wohnen im Alter"},"content":{"rendered":"\n<p><strong><a href=\"https:\/\/parisozial-koeln.de\/start\" data-wpel-link=\"external\" target=\"_self\" rel=\"nofollow external noopener noreferrer\" title=\"Externer Link: Beratung f\u00fcr Wohnraumanpassung und Wohnungswechsel\" class=\"ext-link wpel-icon-right\">Beratung f\u00fcr Wohnraumanpassung und Wohnungswechsel<span class=\"wpel-icon wpel-image wpel-icon-6\"><\/span><\/a><br \/>\n<\/strong>PariSozial K\u00f6ln wohn mobil<br \/>\nMauritiussteinweg 36a<br \/>\n50676 K\u00f6ln<br \/>\n0221 \/ 56034 &#8211; 0<br \/>\nE-Mail:\u00a0<a href=\"mailto:christoph@paritaet-nrw.org\">christoph@paritaet-nrw.org<\/a><\/p>\n<p><a href=\"http:\/\/www.bonifatius-gmbh.de\/\" data-wpel-link=\"external\" target=\"_self\" rel=\"nofollow external noopener noreferrer\" title=\"Externer Link: &lt;strong&gt;Bonifatius &#8211; Wohnen mit Pflege&lt;\/strong&gt;\" class=\"ext-link wpel-icon-right\"><strong>Bonifatius &#8211; Wohnen mit Pflege<\/strong><span class=\"wpel-icon wpel-image wpel-icon-6\"><\/span><\/a><br \/>\nZur Abtei 33<br \/>\n50859 K\u00f6ln (Widdersdorf)<br \/>\n0221 \/ 800182 &#8211; 0<br \/>\nE-Mail: <a href=\"mailto:koeln@bonifatius-gmbh.de\">koeln@bonifatius-gmbh.de<\/a><\/p>\n<p><strong>Wohnprojekte<\/strong><\/p>\n<p class=\"panel-grid-cell\" style=\"text-align: justify;\"><strong><a href=\"http:\/\/gut-in-widdersdorf.de\/\" data-wpel-link=\"external\" target=\"_self\" rel=\"nofollow external noopener noreferrer\" title=\"Externer Link: Gut in Widdersdorf\" class=\"ext-link wpel-icon-right\">Gut in Widdersdorf<span class=\"wpel-icon wpel-image wpel-icon-6\"><\/span><\/a> <\/strong><br \/>\n\u201cMiteinander generations\u00fcbergreifend leben, wohnen und arbeiten\u201d,<br \/>\ndas ist unsere Vision\u2026.<br \/>\nIn unserem Gut-in-Widdersdorf, Unter Linden 1-5, wohnen ca. 100 Erwachsene und 40 Kinder in 70 Wohnungen unterschiedlicher Gr\u00f6\u00dfe.<\/p>\n<p><strong><a href=\"https:\/\/www.biva.de\/\" data-wpel-link=\"external\" target=\"_self\" rel=\"nofollow external noopener noreferrer\" title=\"Externer Link: Bundesinteressenvertretung f\u00fcr alte und pflegebetroffene Menschen e.V.\" class=\"ext-link wpel-icon-right\">Bundesinteressenvertretung f\u00fcr alte und pflegebetroffene Menschen e.V.<span class=\"wpel-icon wpel-image wpel-icon-6\"><\/span><\/a>\u00a0<\/strong><br \/>\nBrosch\u00fcren zu relevanten Themen rings um das Leben in Heimen oder anderen Wohnformen im Alter und bei Behinderung ver\u00f6ffentlicht die BIVA.<\/p>\n<p><strong>Neues Wohnen im Alter e.V.<\/strong><br \/>\nMarienplatz 6<br \/>\n50676 K\u00f6ln<br \/>\n0221\/ 215086<br \/>\nE-Mail: <a href=\"mailto:kontakt@nwia-ev.de\">kontakt@nwia-ev.de<\/a><\/p>\n<p><a href=\"http:\/\/www.nwia.de\" data-wpel-link=\"external\" target=\"_self\" rel=\"nofollow external noopener noreferrer\" title=\"Externer Link: &lt;strong&gt;Wohnb\u00f6rse&lt;\/strong&gt;\" class=\"ext-link wpel-icon-right\"><strong>Wohnb\u00f6rse<\/strong><span class=\"wpel-icon wpel-image wpel-icon-6\"><\/span><\/a><br \/>\nf\u00fcr alle, die sich zum Wohnen in Gemeinschaft informieren und engagieren wollen<\/p>\n","protected":false},"excerpt":{"rendered":"<p>Beratung f\u00fcr Wohnraumanpassung und Wohnungswechsel PariSozial K\u00f6ln wohn mobil Mauritiussteinweg 36a 50676 K\u00f6ln 0221 \/ 56034 &#8211; 0 E-Mail:\u00a0christoph@paritaet-nrw.org Bonifatius &#8211; Wohnen mit Pflege Zur Abtei 33 50859 K\u00f6ln (Widdersdorf)&hellip; <a class=\"continue\" href=\"https:\/\/unser-quartier.de\/koeln-widdersdorf\/wohnen\/\" data-wpel-link=\"internal\"> \u00bb weiterlesen: <span> Wohnen im Alter<\/span><\/a><\/p>\n","protected":false},"author":531,"featured_media":0,"parent":0,"menu_order":3,"comment_status":"closed","ping_status":"closed","template":"","meta":{"generate_page_header":"","footnotes":""},"class_list":["post-1975","page","type-page","status-publish"],"_links":{"self":[{"href":"https:\/\/unser-quartier.de\/koeln-widdersdorf\/wp-json\/wp\/v2\/pages\/1975","targetHints":{"allow":["GET"]}}],"collection":[{"href":"https:\/\/unser-quartier.de\/koeln-widdersdorf\/wp-json\/wp\/v2\/pages"}],"about":[{"href":"https:\/\/unser-quartier.de\/koeln-widdersdorf\/wp-json\/wp\/v2\/types\/page"}],"author":[{"embeddable":true,"href":"https:\/\/unser-quartier.de\/koeln-widdersdorf\/wp-json\/wp\/v2\/users\/531"}],"replies":[{"embeddable":true,"href":"https:\/\/unser-quartier.de\/koeln-widdersdorf\/wp-json\/wp\/v2\/comments?post=1975"}],"version-history":[{"count":1,"href":"https:\/\/unser-quartier.de\/koeln-widdersdorf\/wp-json\/wp\/v2\/pages\/1975\/revisions"}],"predecessor-version":[{"id":9719,"href":"https:\/\/unser-quartier.de\/koeln-widdersdorf\/wp-json\/wp\/v2\/pages\/1975\/revisions\/9719"}],"wp:attachment":[{"href":"https:\/\/unser-quartier.de\/koeln-widdersdorf\/wp-json\/wp\/v2\/media?parent=1975"}],"curies":[{"name":"wp","href":"https:\/\/api.w.org\/{rel}","templated":true}]}}

<p><strong><a href="https://parisozial-koeln.de/start" data-wpel-link="external" target="_self" rel="nofollow external noopener noreferrer" title="Externer Link: Beratung für Wohnraumanpassung und Wohnungswechsel" class="ext-link wpel-icon-right">Beratung für Wohnraumanpassung und Wohnungswechsel<span class="wpel-icon wpel-image wpel-icon-6"></span></a><br />
</strong>PariSozial Köln wohn mobil<br />
Mauritiussteinweg 36a<br />
50676 Köln<br />
0221 / 56034 &#8211; 0<br />
E-Mail: <a href="mailto:christoph@paritaet-nrw.org">christoph@paritaet-nrw.org</a></p>
<p><a href="http://www.bonifatius-gmbh.de/" data-wpel-link="external" target="_self" rel="nofollow external noopener noreferrer" title="Externer Link: &lt;strong&gt;Bonifatius &#8211; Wohnen mit Pflege&lt;/strong&gt;" class="ext-link wpel-icon-right"><strong>Bonifatius &#8211; Wohnen mit Pflege</strong><span class="wpel-icon wpel-image wpel-icon-6"></span></a><br />
Zur Abtei 33<br />
50859 Köln (Widdersdorf)<br />
0221 / 800182 &#8211; 0<br />
E-Mail: <a href="mailto:koeln@bonifatius-gmbh.de">koeln@bonifatius-gmbh.de</a></p>
<p><strong>Wohnprojekte</strong></p>
<p class="panel-grid-cell" style="text-align: justify;"><strong><a href="http://gut-in-widdersdorf.de/" data-wpel-link="external" target="_self" rel="nofollow external noopener noreferrer" title="Externer Link: Gut in Widdersdorf" class="ext-link wpel-icon-right">Gut in Widdersdorf<span class="wpel-icon wpel-image wpel-icon-6"></span></a> </strong><br />
“Miteinander generationsübergreifend leben, wohnen und arbeiten”,<br />
das ist unsere Vision….<br />
In unserem Gut-in-Widdersdorf, Unter Linden 1-5, wohnen ca. 100 Erwachsene und 40 Kinder in 70 Wohnungen unterschiedlicher Größe.</p>
<p><strong><a href="https://www.biva.de/" data-wpel-link="external" target="_self" rel="nofollow external noopener noreferrer" title="Externer Link: Bundesinteressenvertretung für alte und pflegebetroffene Menschen e.V." class="ext-link wpel-icon-right">Bundesinteressenvertretung für alte und pflegebetroffene Menschen e.V.<span class="wpel-icon wpel-image wpel-icon-6"></span></a> </strong><br />
Broschüren zu relevanten Themen rings um das Leben in Heimen oder anderen Wohnformen im Alter und bei Behinderung veröffentlicht die BIVA.</p>
<p><strong>Neues Wohnen im Alter e.V.</strong><br />
Marienplatz 6<br />
50676 Köln<br />
0221/ 215086<br />
E-Mail: <a href="mailto:kontakt@nwia-ev.de">kontakt@nwia-ev.de</a></p>
<p><a href="http://www.nwia.de" data-wpel-link="external" target="_self" rel="nofollow external noopener noreferrer" title="Externer Link: &lt;strong&gt;Wohnbörse&lt;/strong&gt;" class="ext-link wpel-icon-right"><strong>Wohnbörse</strong><span class="wpel-icon wpel-image wpel-icon-6"></span></a><br />
für alle, die sich zum Wohnen in Gemeinschaft informieren und engagieren wollen</p>

<p>Beratung für Wohnraumanpassung und Wohnungswechsel PariSozial Köln wohn mobil Mauritiussteinweg 36a 50676 Köln 0221 / 56034 &#8211; 0 E-Mail: christoph@paritaet-nrw.org Bonifatius &#8211; Wohnen mit Pflege Zur Abtei 33 50859 Köln (Widdersdorf)&hellip; <a class="continue" href="https://unser-quartier.de/koeln-widdersdorf/wohnen/" data-wpel-link="internal"> » weiterlesen: <span> Wohnen im Alter</span></a></p>
