{"id":3667,"date":"2018-10-18T14:59:19","date_gmt":"2018-10-18T12:59:19","guid":{"rendered":"https:\/\/unser-quartier.de\/koeln-widdersdorf\/?page_id=3667"},"modified":"2026-03-06T18:22:45","modified_gmt":"2026-03-06T17:22:45","slug":"hinweise","status":"publish","type":"page","link":"https:\/\/unser-quartier.de\/koeln-widdersdorf\/uebersicht2\/hinweise\/","title":{"rendered":"Hinweise"},"content":{"rendered":"<p>Sie sind noch nicht in unserem Anbieterkatalog vertreten, Sie m\u00f6chten eine \u00c4nderung oder L\u00f6schung Ihrer Daten?<br \/>\nNehmen Sie\u00a0<a href=\"https:\/\/unser-quartier.de\/koeln-widdersdorf\/kontakt\/kontaktformular\/\" data-wpel-link=\"internal\">Kontakt<\/a>\u00a0mit uns auf!<\/p>\n","protected":false},"excerpt":{"rendered":"<p>Sie sind noch nicht in unserem Anbieterkatalog vertreten, Sie m\u00f6chten eine \u00c4nderung oder L\u00f6schung Ihrer Daten? Nehmen Sie\u00a0Kontakt\u00a0mit uns auf!<\/p>\n","protected":false},"author":635,"featured_media":0,"parent":1075,"menu_order":0,"comment_status":"closed","ping_status":"closed","template":"","meta":{"generate_page_header":"","footnotes":""},"class_list":["post-3667","page","type-page","status-publish"],"_links":{"self":[{"href":"https:\/\/unser-quartier.de\/koeln-widdersdorf\/wp-json\/wp\/v2\/pages\/3667","targetHints":{"allow":["GET"]}}],"collection":[{"href":"https:\/\/unser-quartier.de\/koeln-widdersdorf\/wp-json\/wp\/v2\/pages"}],"about":[{"href":"https:\/\/unser-quartier.de\/koeln-widdersdorf\/wp-json\/wp\/v2\/types\/page"}],"author":[{"embeddable":true,"href":"https:\/\/unser-quartier.de\/koeln-widdersdorf\/wp-json\/wp\/v2\/users\/635"}],"replies":[{"embeddable":true,"href":"https:\/\/unser-quartier.de\/koeln-widdersdorf\/wp-json\/wp\/v2\/comments?post=3667"}],"version-history":[{"count":1,"href":"https:\/\/unser-quartier.de\/koeln-widdersdorf\/wp-json\/wp\/v2\/pages\/3667\/revisions"}],"predecessor-version":[{"id":11394,"href":"https:\/\/unser-quartier.de\/koeln-widdersdorf\/wp-json\/wp\/v2\/pages\/3667\/revisions\/11394"}],"up":[{"embeddable":true,"href":"https:\/\/unser-quartier.de\/koeln-widdersdorf\/wp-json\/wp\/v2\/pages\/1075"}],"wp:attachment":[{"href":"https:\/\/unser-quartier.de\/koeln-widdersdorf\/wp-json\/wp\/v2\/media?parent=3667"}],"curies":[{"name":"wp","href":"https:\/\/api.w.org\/{rel}","templated":true}]}}