{"id":8637,"date":"2020-12-08T18:23:58","date_gmt":"2020-12-08T17:23:58","guid":{"rendered":"https:\/\/unser-quartier.de\/koeln-widdersdorf\/?page_id=8637"},"modified":"2021-06-14T09:20:04","modified_gmt":"2021-06-14T07:20:04","slug":"angebote-ueber-6","status":"publish","type":"page","link":"https:\/\/unser-quartier.de\/koeln-widdersdorf\/angebote-ueber-6\/","title":{"rendered":"Angebote \u00fcber 6"},"content":{"rendered":"<h3 style=\"text-align: left;\"><span style=\"color: #0000ff;\"><a style=\"color: #0000ff;\" href=\"https:\/\/www.jugz.eu\/standort\/alte-schule-widdersdorf-2\/\" data-wpel-link=\"external\" target=\"_self\" rel=\"nofollow external noopener noreferrer\" title=\"Externer Link: &lt;strong&gt;Das Kinder- und Jugendhaus Alte Schule in Widdersdorf&lt;\/strong&gt;\" class=\"ext-link wpel-icon-right\"><strong>Das Kinder- und Jugendhaus Alte Schule in Widdersdorf<\/strong><span class=\"wpel-icon wpel-image wpel-icon-6\"><\/span><\/a><\/span><\/h3>\n<p><span style=\"color: #0000ff;\"><span style=\"color: #333333;\">Die Alte Schule in Widdersdorf liegt etwas abseits des Ortskerns An den Kastanien 7-9 &#8211; hier stehen 400 Quadratmeter im Haus und im 800 Quadratmeter Au\u00dfengel\u00e4nde, gesch\u00fctzt in der alten Hofanlage, f\u00fcr Freizeit- und Sportangebote zur Verf\u00fcgung.\u00a0<\/span><\/span><\/p>\n<p><span style=\"color: #0000ff;\"><strong style=\"color: #333333;\">Die aktuellen Termine finden Sie\/findet ihr \u00fcber social media und die Homepage, hierf\u00fcr einfach die Links anklicken \ud83d\ude42\u00a0 :\u00a0\u00a0<\/strong><\/span><\/p>\n<p><span style=\"color: #0000ff;\"><a style=\"color: #0000ff;\" href=\"https:\/\/www.facebook.com\/alteschule.jugz\" target=\"_blank\" rel=\"noopener\" data-wpel-link=\"exclude\">Alte Schule auf Facebook<\/a><\/span><\/p>\n<p><span style=\"color: #0000ff;\"><a style=\"color: #0000ff;\" href=\"https:\/\/www.instagram.com\/alteschulewdorf\/?hl=de\" data-wpel-link=\"external\" target=\"_self\" rel=\"nofollow external noopener noreferrer\" title=\"Externer Link: Alte Schule auf Instragram\" class=\"ext-link wpel-icon-right\">Alte Schule auf Instragram<span class=\"wpel-icon wpel-image wpel-icon-6\"><\/span><\/a><\/span><\/p>\n<p><span style=\"color: #0000ff;\"><a style=\"color: #0000ff;\" href=\"https:\/\/discord.com\/login?redirect_to=%2Fchannels%2F690147848250982408%2F690147848250982411\" data-wpel-link=\"external\" target=\"_self\" rel=\"nofollow external noopener noreferrer\" title=\"Externer Link: Alte Schule auf Discord\" class=\"ext-link wpel-icon-right\">Alte Schule auf Discord<span class=\"wpel-icon wpel-image wpel-icon-6\"><\/span><\/a><\/span><\/p>\n","protected":false},"excerpt":{"rendered":"<p>Das Kinder- und Jugendhaus Alte Schule in Widdersdorf Die Alte Schule in Widdersdorf liegt etwas abseits des Ortskerns An den Kastanien 7-9 &#8211; hier stehen 400 Quadratmeter im Haus und&hellip; <a class=\"continue\" href=\"https:\/\/unser-quartier.de\/koeln-widdersdorf\/angebote-ueber-6\/\" data-wpel-link=\"internal\"> \u00bb weiterlesen: <span> Angebote \u00fcber 6<\/span><\/a><\/p>\n","protected":false},"author":635,"featured_media":0,"parent":0,"menu_order":0,"comment_status":"closed","ping_status":"closed","template":"","meta":{"generate_page_header":"","footnotes":""},"class_list":["post-8637","page","type-page","status-publish"],"_links":{"self":[{"href":"https:\/\/unser-quartier.de\/koeln-widdersdorf\/wp-json\/wp\/v2\/pages\/8637","targetHints":{"allow":["GET"]}}],"collection":[{"href":"https:\/\/unser-quartier.de\/koeln-widdersdorf\/wp-json\/wp\/v2\/pages"}],"about":[{"href":"https:\/\/unser-quartier.de\/koeln-widdersdorf\/wp-json\/wp\/v2\/types\/page"}],"author":[{"embeddable":true,"href":"https:\/\/unser-quartier.de\/koeln-widdersdorf\/wp-json\/wp\/v2\/users\/635"}],"replies":[{"embeddable":true,"href":"https:\/\/unser-quartier.de\/koeln-widdersdorf\/wp-json\/wp\/v2\/comments?post=8637"}],"version-history":[{"count":0,"href":"https:\/\/unser-quartier.de\/koeln-widdersdorf\/wp-json\/wp\/v2\/pages\/8637\/revisions"}],"wp:attachment":[{"href":"https:\/\/unser-quartier.de\/koeln-widdersdorf\/wp-json\/wp\/v2\/media?parent=8637"}],"curies":[{"name":"wp","href":"https:\/\/api.w.org\/{rel}","templated":true}]}}