{"id":233,"date":"2015-05-20T22:56:53","date_gmt":"2015-05-20T20:56:53","guid":{"rendered":"http:\/\/unser-quartier.de\/machmit55plus\/?page_id=233"},"modified":"2018-09-05T12:12:45","modified_gmt":"2018-09-05T10:12:45","slug":"allrounder","status":"publish","type":"page","link":"https:\/\/unser-quartier.de\/machmit55plus\/allrounder\/","title":{"rendered":"Allrounder"},"content":{"rendered":"<p>Ob Spazierg\u00e4nge bzw. Wanderungen, Radtouren oder Veranstaltungsbesuche; vielen Menschen mangelt es nicht an Ideen f\u00fcr Unternehmungen. Aber sch\u00f6ner ist es in Gemeinschaft. Daher hat sich die Gruppe der Allrounder als Verabredungsb\u00f6rse f\u00fcr verschiedenste Aktivit\u00e4ten und Unternehmungen mit 2 bis 20 Personen organisiert. Zentrales Forum f\u00fcr Verabredungen und Kontaktpflege ist das allmonatliche Treffen am 2. Montag des Monats um 19.00 Uhr in Ziegenbruchs Restaurant, Bl\u00fccherplatz 6 in Spenge. F\u00fcr spontane kurzfristige Ideen gibt es innerhalb der Gruppe Listen mit E-Mail-Adressen und Telefonnummern.<\/p>\n<p>Aktuelles zu den Allroundern findet man weiterhin unter diesem <a href=\"https:\/\/unser-quartier.de\/machmit55plus\/category\/allrounder\/\">Link<\/a><\/p>\n","protected":false},"excerpt":{"rendered":"<p>Ob Spazierg\u00e4nge bzw. Wanderungen, Radtouren oder Veranstaltungsbesuche; vielen Menschen mangelt es nicht an Ideen f\u00fcr Unternehmungen. Aber sch\u00f6ner ist es in Gemeinschaft. Daher hat sich die Gruppe der Allrounder als Verabredungsb\u00f6rse f\u00fcr verschiedenste Aktivit\u00e4ten und Unternehmungen mit 2 bis 20 Personen organisiert. Zentrales Forum f\u00fcr Verabredungen und Kontaktpflege ist das allmonatliche Treffen am 2. Montag &hellip; <a href=\"https:\/\/unser-quartier.de\/machmit55plus\/allrounder\/\" class=\"more-link\"><span class=\"screen-reader-text\">Allrounder<\/span> weiterlesen <span class=\"meta-nav\">&rarr;<\/span><\/a><\/p>\n","protected":false},"author":24,"featured_media":0,"parent":0,"menu_order":0,"comment_status":"closed","ping_status":"closed","template":"","meta":{"footnotes":""},"class_list":["post-233","page","type-page","status-publish","hentry"],"_links":{"self":[{"href":"https:\/\/unser-quartier.de\/machmit55plus\/wp-json\/wp\/v2\/pages\/233","targetHints":{"allow":["GET"]}}],"collection":[{"href":"https:\/\/unser-quartier.de\/machmit55plus\/wp-json\/wp\/v2\/pages"}],"about":[{"href":"https:\/\/unser-quartier.de\/machmit55plus\/wp-json\/wp\/v2\/types\/page"}],"author":[{"embeddable":true,"href":"https:\/\/unser-quartier.de\/machmit55plus\/wp-json\/wp\/v2\/users\/24"}],"replies":[{"embeddable":true,"href":"https:\/\/unser-quartier.de\/machmit55plus\/wp-json\/wp\/v2\/comments?post=233"}],"version-history":[{"count":0,"href":"https:\/\/unser-quartier.de\/machmit55plus\/wp-json\/wp\/v2\/pages\/233\/revisions"}],"wp:attachment":[{"href":"https:\/\/unser-quartier.de\/machmit55plus\/wp-json\/wp\/v2\/media?parent=233"}],"curies":[{"name":"wp","href":"https:\/\/api.w.org\/{rel}","templated":true}]}}