{"id":16,"date":"2014-01-22T08:48:01","date_gmt":"2014-01-22T07:48:01","guid":{"rendered":"http:\/\/unser-quartier.de\/tmp-musterblog3\/?page_id=16"},"modified":"2019-07-16T16:42:17","modified_gmt":"2019-07-16T14:42:17","slug":"impressum","status":"publish","type":"page","link":"https:\/\/unser-quartier.de\/neustart-innenstadt\/impressum\/","title":{"rendered":"Impressum"},"content":{"rendered":"<h2>Angaben gem\u00e4\u00df \u00a7 5 TMG:<\/h2>\n<p>Dipl. Ing. Dirk Ru\u00df<\/p>\n<p>PLANUNGSGRUPPE STADTB\u00dcRO<br \/>\nHuckarder Stra\u00dfe 8-12<br \/>\n44147 Dortmund<\/p>\n<h2>Kontakt:<\/h2>\n<table>\n<tbody>\n<tr>\n<td>Telefon:<\/td>\n<td>+49 (0) 231 9732073<\/td>\n<\/tr>\n<tr>\n<td>Telefax:<\/td>\n<td>+49 (0) 231 9732073<\/td>\n<\/tr>\n<tr>\n<td>E-Mail:<\/td>\n<td>\n<p>info@stadtbuero.com<\/p>\n<\/td>\n<\/tr>\n<\/tbody>\n<\/table>\n<h2>Verantwortlich f\u00fcr den Inhalt nach \u00a7 55 Abs. 2 RStV:<\/h2>\n<p>Dipl. Ing. Dirk Ru\u00df<\/p>\n<p>PLANUNGSGRUPPE STADTB\u00dcRO<br \/>\nHuckarder Stra\u00dfe 8-12<br \/>\n44147 Dortmund<\/p>\n<h2>Quellenangaben f\u00fcr die verwendeten Bilder und Grafiken:<\/h2>\n<p>Fotoarchiv Stadt Herten \/ Stadtentwicklung<\/p>\n<p>Fotoarchiv Planungsgruppe Stadtb\u00fcro<\/p>\n","protected":false},"excerpt":{"rendered":"<p>Angaben gem\u00e4\u00df \u00a7 5 TMG: Dipl. Ing. Dirk Ru\u00df PLANUNGSGRUPPE STADTB\u00dcRO Huckarder Stra\u00dfe 8-12 44147 Dortmund Kontakt: Telefon: +49 (0) 231 9732073 Telefax: +49 (0) 231 9732073 E-Mail: info@stadtbuero.com Verantwortlich f\u00fcr den Inhalt nach \u00a7 55 Abs. 2 RStV: Dipl. Ing. Dirk Ru\u00df PLANUNGSGRUPPE STADTB\u00dcRO Huckarder Stra\u00dfe 8-12 44147 Dortmund Quellenangaben f\u00fcr die verwendeten Bilder&hellip; <a class=\"continue\" href=\"https:\/\/unser-quartier.de\/neustart-innenstadt\/impressum\/\" data-wpel-link=\"internal\"> \u00bb weiterlesen: <span> Impressum<\/span><\/a><\/p>\n","protected":false},"author":616,"featured_media":0,"parent":0,"menu_order":12,"comment_status":"closed","ping_status":"closed","template":"","meta":{"generate_page_header":"","footnotes":""},"class_list":["post-16","page","type-page","status-publish"],"_links":{"self":[{"href":"https:\/\/unser-quartier.de\/neustart-innenstadt\/wp-json\/wp\/v2\/pages\/16","targetHints":{"allow":["GET"]}}],"collection":[{"href":"https:\/\/unser-quartier.de\/neustart-innenstadt\/wp-json\/wp\/v2\/pages"}],"about":[{"href":"https:\/\/unser-quartier.de\/neustart-innenstadt\/wp-json\/wp\/v2\/types\/page"}],"author":[{"embeddable":true,"href":"https:\/\/unser-quartier.de\/neustart-innenstadt\/wp-json\/wp\/v2\/users\/616"}],"replies":[{"embeddable":true,"href":"https:\/\/unser-quartier.de\/neustart-innenstadt\/wp-json\/wp\/v2\/comments?post=16"}],"version-history":[{"count":0,"href":"https:\/\/unser-quartier.de\/neustart-innenstadt\/wp-json\/wp\/v2\/pages\/16\/revisions"}],"wp:attachment":[{"href":"https:\/\/unser-quartier.de\/neustart-innenstadt\/wp-json\/wp\/v2\/media?parent=16"}],"curies":[{"name":"wp","href":"https:\/\/api.w.org\/{rel}","templated":true}]}}