{"id":4634,"date":"2021-03-25T12:59:58","date_gmt":"2021-03-25T11:59:58","guid":{"rendered":"https:\/\/unser-quartier.de\/neustart-innenstadt\/?page_id=4634"},"modified":"2021-04-07T11:29:19","modified_gmt":"2021-04-07T09:29:19","slug":"rallyes-in-der-innenstadt","status":"publish","type":"page","link":"https:\/\/unser-quartier.de\/neustart-innenstadt\/rallyes-in-der-innenstadt\/","title":{"rendered":"Rallyes in Innenstadt &#038; Schlosspark"},"content":{"rendered":"<p><img loading=\"lazy\" decoding=\"async\" class=\"aligncenter size-full wp-image-4646\" src=\"https:\/\/unser-quartier.de\/neustart-innenstadt\/files\/2021\/03\/1616054207.jpg\" alt=\"\" width=\"1000\" height=\"750\" \/><\/p>\n<p>&nbsp;<\/p>\n<p>Der Fr\u00fchling naht, die Narzissen-Wiese im Schlosspark steht in voller Bl\u00fcte und das Wetter lockt nach diesem langen Winter nach drau\u00dfen. Deswegen bietet die Jugendf\u00f6rderung der Stadt Herten eine Rallye der anderen Art an. Es geht um eine \u201esmarte\u201c F\u00fchrung durch den Schlosspark, unabh\u00e4ngig von Inzidenzzahlen und Coronalage. Ben\u00f6tigt werden f\u00fcr eine Familie lediglich ein Smartphone mit GPS-Funktion und die Installation der App \u201eBiparcours\u201c des LVR \u2013 Landschaftsverband Rheinland (zu finden in den g\u00e4ngigen App-Stores).<\/p>\n<p>Der Erzieherische Kinder-und Jugendschutz und der Spielk\u00e4fer der Jugendf\u00f6rderung Herten laden Familien mit Kindern zwischen 6 und 12 Jahren ein, in den Osterferien den Schlosspark und seine vielen kleinen Highlights auf neue Art kennen zu lernen. Neben dem Erkunden des Parks gibt es Aufgaben, Wissenswertes und Interessantes rund um das Thema Internetsicherheit und Datenschutz bei der Nutzung von Medien, wie Smartphone, Tablet oder Computer.<\/p>\n<p>Wer mitmachen m\u00f6chte, sendet bitte eine Anmeldung per Email an: <a href=\"mailto:s.fischer@herten.de\">s.fischer@herten.de<\/a>. Nach Eingang der Email wird den Familien ab dem 29.03. ein QR-Code zugeschickt, der mit der App \u201eBiparcours\u201c eingescannt werden kann und zum Startpunkt der Rallye leitet. Nach erfolgreicher Teilnahme gibt es f\u00fcr Familien, die Ihre Adresse und die Anzahl der teilnehmenden Kinder per Email angeben m\u00f6chten, einen kleinen Preis und Medieninfos per Post.<\/p>\n<p>F\u00fcr alle, die auf den Geschmack gekommen sind, wird in der zweiten Ferienwoche zudem der Parcours der <a href=\"https:\/\/unser-quartier.de\/neustart-innenstadt\/naturbezogene-bildung-fuer-kinder-und-jugendliche\/\" data-wpel-link=\"internal\">Naturbezogenen Bildung Herten<\/a> ver\u00f6ffentlicht. Hier werden anhand unterschiedlicher B\u00e4ume im Innenstadtbereich die verschiedenen Lebensweisen und -r\u00e4ume in den Blick genommen! <\/p>\n<p><strong>Und weiter gehts&#8230;<\/strong><\/p>\n<p>Auch wenn das aktuelle Aprilwetter gewisse Anforderungen an die Kleidung f\u00fcr einen sch\u00f6nen Spaziergang stellt, w\u00fcnschen wir Euch und Ihnen viel Spa\u00df beim Parcours der Naturbezogenen Bildung Herten. Dieser Parcour f\u00fchrt dich entlang besonderer B\u00e4ume (besonders alt; besonders exemplarisch f\u00fcr bestimmte Lebenbedingungen; Wandel der gr\u00fcnen Infrastruktur) im Hertener Innenstadtbereich und vor allen Dingen im Hertener Schlosspark. Deswegen bitten wir auf die Wege zu achten.<\/p>\n<p>Eine Anmeldung zu diesem Parcour ist nicht n\u00f6tig. Der Parcour kann gleich nach der Installation der App und Scannen des Codes gespielt werden.<\/p>\n<p><a href=\"https:\/\/unser-quartier.de\/neustart-innenstadt\/files\/2021\/04\/qr_gruene_innenstadt.png\" data-wpel-link=\"internal\"><img loading=\"lazy\" decoding=\"async\" class=\"aligncenter size-full wp-image-4715\" src=\"https:\/\/unser-quartier.de\/neustart-innenstadt\/files\/2021\/04\/qr_gruene_innenstadt.png\" alt=\"\" width=\"370\" height=\"370\" \/><\/a><\/p>\n<p><a href=\"https:\/\/unser-quartier.de\/neustart-innenstadt\/files\/2021\/03\/Foerderer1.png\" data-wpel-link=\"internal\"><img loading=\"lazy\" decoding=\"async\" class=\"size-full wp-image-4672\" src=\"https:\/\/unser-quartier.de\/neustart-innenstadt\/files\/2021\/03\/Foerderer1.png\" alt=\"Das Projekt \u201eNaturbezogene Bildung f\u00fcr Kinder und Jugendliche\u201c des \u201eNeustart Innenstadt\u201c wird durch Mittel des Landes Nordrhein-Westfalen und des Europ\u00e4ischen Fonds f\u00fcr regionale Entwicklung (EFRE) gef\u00f6rdert.\" width=\"1200\" height=\"74\" \/><\/a><\/p>\n<p><strong>Das Projekt \u201e<a href=\"https:\/\/www.falkentreff-re.de\/naturbezogene-bildung\/\" data-wpel-link=\"external\" target=\"_self\" rel=\"nofollow external noopener noreferrer\" title=\"Externer Link: Naturbezogene Bildung f\u00fcr Kinder und Jugendliche\" class=\"ext-link wpel-icon-right\">Naturbezogene Bildung f\u00fcr Kinder und Jugendliche<span class=\"wpel-icon wpel-image wpel-icon-6\"><\/span><\/a>\u201c des \u201eNeustart Innenstadt\u201c wird durch Mittel des Landes Nordrhein-Westfalen und des Europ\u00e4ischen Fonds f\u00fcr regionale Entwicklung (EFRE) gef\u00f6rdert.<\/strong><\/p>\n<p>&nbsp;<\/p>\n","protected":false},"excerpt":{"rendered":"<p>&nbsp; Der Fr\u00fchling naht, die Narzissen-Wiese im Schlosspark steht in voller Bl\u00fcte und das Wetter lockt nach diesem langen Winter nach drau\u00dfen. Deswegen bietet die Jugendf\u00f6rderung der Stadt Herten eine Rallye der anderen Art an. Es geht um eine \u201esmarte\u201c F\u00fchrung durch den Schlosspark, unabh\u00e4ngig von Inzidenzzahlen und Coronalage. Ben\u00f6tigt werden f\u00fcr eine Familie lediglich&hellip; <a class=\"continue\" href=\"https:\/\/unser-quartier.de\/neustart-innenstadt\/rallyes-in-der-innenstadt\/\" data-wpel-link=\"internal\"> \u00bb weiterlesen: <span> Rallyes in Innenstadt &#038; Schlosspark<\/span><\/a><\/p>\n","protected":false},"author":740,"featured_media":0,"parent":0,"menu_order":0,"comment_status":"closed","ping_status":"closed","template":"","meta":{"generate_page_header":"","footnotes":""},"class_list":["post-4634","page","type-page","status-publish"],"_links":{"self":[{"href":"https:\/\/unser-quartier.de\/neustart-innenstadt\/wp-json\/wp\/v2\/pages\/4634","targetHints":{"allow":["GET"]}}],"collection":[{"href":"https:\/\/unser-quartier.de\/neustart-innenstadt\/wp-json\/wp\/v2\/pages"}],"about":[{"href":"https:\/\/unser-quartier.de\/neustart-innenstadt\/wp-json\/wp\/v2\/types\/page"}],"author":[{"embeddable":true,"href":"https:\/\/unser-quartier.de\/neustart-innenstadt\/wp-json\/wp\/v2\/users\/740"}],"replies":[{"embeddable":true,"href":"https:\/\/unser-quartier.de\/neustart-innenstadt\/wp-json\/wp\/v2\/comments?post=4634"}],"version-history":[{"count":0,"href":"https:\/\/unser-quartier.de\/neustart-innenstadt\/wp-json\/wp\/v2\/pages\/4634\/revisions"}],"wp:attachment":[{"href":"https:\/\/unser-quartier.de\/neustart-innenstadt\/wp-json\/wp\/v2\/media?parent=4634"}],"curies":[{"name":"wp","href":"https:\/\/api.w.org\/{rel}","templated":true}]}}