{"id":6264,"date":"2022-10-06T16:07:26","date_gmt":"2022-10-06T14:07:26","guid":{"rendered":"https:\/\/unser-quartier.de\/neustart-innenstadt\/?page_id=6264"},"modified":"2022-11-07T11:52:44","modified_gmt":"2022-11-07T10:52:44","slug":"baumassnahme-antoniuskirchplatz","status":"publish","type":"page","link":"https:\/\/unser-quartier.de\/neustart-innenstadt\/baumassnahme-antoniuskirchplatz\/","title":{"rendered":"Bauma\u00dfnahme &#8211; Antoniuskirchplatz"},"content":{"rendered":"<div id=\"pl-6264\"  class=\"panel-layout\" >\n<div id=\"pg-6264-0\"  class=\"panel-grid panel-no-style\" >\n<div id=\"pgc-6264-0-0\"  class=\"panel-grid-cell\"  data-weight=\"1\" >\n<div id=\"panel-6264-0-0-0\" class=\"so-panel widget widget_sow-editor panel-first-child panel-last-child\" data-index=\"0\" data-style=\"{&quot;background_image_attachment&quot;:false,&quot;background_display&quot;:&quot;tile&quot;}\" >\n<div\n\t\t\t\n\t\t\tclass=\"so-widget-sow-editor so-widget-sow-editor-base\"\n\t\t\t\n\t\t><\/p>\n<div class=\"siteorigin-widget-tinymce textwidget\">\n<p>Nach der Ewaldstra\u00dfe und dem Bramh\u00fcgel wird im Zuge der Umsetzung des Konzeptes &#8222;Der Park kommt in die Stadt&#8220; auch der Antoniuskirchplatz umgestaltet.\u00a0Durch das Landschaftsarchitekturb\u00fcro dtp wurden hierzu\u00a0erste Ideen f\u00fcr den Platz erstellt, die eine \u00d6ffnung und Ausweitung\u00a0des Platzes in Richtung Westen vorsehen, f\u00fcr mehr Aufenthaltsqualit\u00e4t\u00a0auf dem Platz sorgen und die Lebensbedingungen f\u00fcr die den Platz pr\u00e4genden Platanen verbessern. Es soll ein vielfach nutzbarer,\u00a0attraktiver innerst\u00e4dtischer Platz f\u00fcr Anwohner*innen, Kirchengemeinde\u00a0und Stadtnutzer*innen entstehen, der ein starkes\u00a0\u201eGelenk\u201c zwischen Schlosspark und Innenstadt bildet.<\/p>\n<p>K\u00fcnftig soll der Antoniuskirchplatz als Treffpunkt und f\u00fcr verschiedene Veranstaltungen nutzbar sein. Die platzpr\u00e4genden, imposanten Platanen sorgen auch in Zukunft f\u00fcr das einmalige Bild des Platzes. Die Antoniusstra\u00dfe wird Teil des Platzes, es ergeben sich Chancen f\u00fcr neue Nutzungen in den Erdgeschossen der angrenzenden H\u00e4user.<\/p>\n<p><strong>W\u00fcnsche f\u00fcr den Antoniuskirchplatz<\/strong><\/p>\n<figure id=\"attachment_5027\" aria-describedby=\"caption-attachment-5027\" style=\"width: 290px\" class=\"wp-caption alignleft\"><img loading=\"lazy\" decoding=\"async\" id=\"longdesc-return-5027\" class=\"size-medium wp-image-5027\" tabindex=\"-1\" src=\"https:\/\/unser-quartier.de\/neustart-innenstadt\/files\/2021\/06\/Frage_6_eigene_Ideen-300x225.jpg\" alt=\"W\u00fcnsche f\u00fcr den Antoniuskirchplatz\" width=\"300\" height=\"225\" longdesc=\"https:\/\/unser-quartier.de\/neustart-innenstadt?longdesc=5027&amp;referrer=6264\" \/><figcaption id=\"caption-attachment-5027\" class=\"wp-caption-text\">W\u00fcnsche f\u00fcr den Antoniuskirchplatz<\/figcaption><\/figure>\n<p>Alle B\u00fcrger*innen hatten im vergangenen Jahr die M\u00f6glichkeit, sich die 1. Entwurfsplanung anzuschauen und hierzu ihre Meinungen und eigene Ideen zu \u00e4u\u00dfern. In der Wortwolke sehen Sie bspw. die W\u00fcnsche f\u00fcr die Nutzung des Antoniuskirchplatzes.<\/p>\n<p>Die Ideen und Anregungen sind nat\u00fcrlich in den weiteren Planungsprozess eingeflossen.<\/p>\n<p><a href=\"https:\/\/unser-quartier.de\/neustart-innenstadt\/baumassnahme-ewaldstrasse\/\" data-wpel-link=\"internal\">Informationen zur Bauma\u00dfnahme &#8211; Ewaldstra\u00dfe &amp; Place d\u00b4Arras<\/a><\/p>\n<p><a href=\"https:\/\/unser-quartier.de\/neustart-innenstadt\/baumassnahme-bramhuegel\/\" data-wpel-link=\"internal\">Informationen zur Bauma\u00dfnahme &#8211; Bramh\u00fcgel<\/a><\/p>\n<\/div>\n<\/div>\n<\/div>\n<\/div>\n<\/div>\n<\/div>\n","protected":false},"excerpt":{"rendered":"<p>Nach der Ewaldstra\u00dfe und dem Bramh\u00fcgel wird im Zuge der Umsetzung des Konzeptes &#8222;Der Park kommt in die Stadt&#8220; auch der Antoniuskirchplatz umgestaltet.\u00a0Durch das Landschaftsarchitekturb\u00fcro dtp wurden hierzu\u00a0erste Ideen f\u00fcr den Platz erstellt, die eine \u00d6ffnung und Ausweitung\u00a0des Platzes in Richtung Westen vorsehen, f\u00fcr mehr Aufenthaltsqualit\u00e4t\u00a0auf dem Platz sorgen und die Lebensbedingungen f\u00fcr die den&hellip; <a class=\"continue\" href=\"https:\/\/unser-quartier.de\/neustart-innenstadt\/baumassnahme-antoniuskirchplatz\/\" data-wpel-link=\"internal\"> \u00bb weiterlesen: <span> Bauma\u00dfnahme &#8211; Antoniuskirchplatz<\/span><\/a><\/p>\n","protected":false},"author":740,"featured_media":0,"parent":0,"menu_order":0,"comment_status":"closed","ping_status":"closed","template":"","meta":{"generate_page_header":"","footnotes":""},"class_list":["post-6264","page","type-page","status-publish"],"_links":{"self":[{"href":"https:\/\/unser-quartier.de\/neustart-innenstadt\/wp-json\/wp\/v2\/pages\/6264","targetHints":{"allow":["GET"]}}],"collection":[{"href":"https:\/\/unser-quartier.de\/neustart-innenstadt\/wp-json\/wp\/v2\/pages"}],"about":[{"href":"https:\/\/unser-quartier.de\/neustart-innenstadt\/wp-json\/wp\/v2\/types\/page"}],"author":[{"embeddable":true,"href":"https:\/\/unser-quartier.de\/neustart-innenstadt\/wp-json\/wp\/v2\/users\/740"}],"replies":[{"embeddable":true,"href":"https:\/\/unser-quartier.de\/neustart-innenstadt\/wp-json\/wp\/v2\/comments?post=6264"}],"version-history":[{"count":0,"href":"https:\/\/unser-quartier.de\/neustart-innenstadt\/wp-json\/wp\/v2\/pages\/6264\/revisions"}],"wp:attachment":[{"href":"https:\/\/unser-quartier.de\/neustart-innenstadt\/wp-json\/wp\/v2\/media?parent=6264"}],"curies":[{"name":"wp","href":"https:\/\/api.w.org\/{rel}","templated":true}]}}