{"id":6478,"date":"2022-12-19T12:42:45","date_gmt":"2022-12-19T11:42:45","guid":{"rendered":"https:\/\/unser-quartier.de\/neustart-innenstadt\/?page_id=6478"},"modified":"2024-08-13T12:47:11","modified_gmt":"2024-08-13T10:47:11","slug":"verfuegungsfonds-lokale-oekonomie","status":"publish","type":"page","link":"https:\/\/unser-quartier.de\/neustart-innenstadt\/verfuegungsfonds-lokale-oekonomie\/","title":{"rendered":"Verf\u00fcgungsfonds Lokale \u00d6konomie"},"content":{"rendered":"<div id=\"pl-6478\"  class=\"panel-layout\" >\n<div id=\"pg-6478-0\"  class=\"panel-grid panel-no-style\"  data-style=\"{&quot;background_image_attachment&quot;:false,&quot;background_display&quot;:&quot;tile&quot;,&quot;full_height&quot;:&quot;&quot;,&quot;cell_alignment&quot;:&quot;flex-start&quot;}\" >\n<div id=\"pgc-6478-0-0\"  class=\"panel-grid-cell\"  data-weight=\"1\" >\n<div id=\"panel-6478-0-0-0\" class=\"so-panel widget widget_media_image panel-first-child panel-last-child\" data-index=\"0\" data-style=\"{&quot;background_image_attachment&quot;:false,&quot;background_display&quot;:&quot;tile&quot;}\" ><figure style=\"width: 1014px\" class=\"wp-caption alignnone\"><img loading=\"lazy\" decoding=\"async\" class=\"image \" src=\"https:\/\/unser-quartier.de\/neustart-innenstadt\/files\/2022\/11\/verfuegungsfonds-herten-titel-1024x576.png\" alt=\"Projekte des Verf\u00fcgungsfonds Lokale \u00d6konomie Neustart Innenstadt\" width=\"1024\" height=\"576\" \/><figcaption class=\"wp-caption-text\">Projekte des Verf\u00fcgungsfonds Lokale \u00d6konomie Neustart Innenstadt<\/figcaption><\/figure><\/div>\n<\/div>\n<\/div>\n<div id=\"pg-6478-1\"  class=\"panel-grid panel-no-style\" >\n<div id=\"pgc-6478-1-0\"  class=\"panel-grid-cell\"  data-weight=\"1\" >\n<div id=\"panel-6478-1-0-0\" class=\"so-panel widget widget_sow-editor panel-first-child panel-last-child\" data-index=\"1\" data-style=\"{&quot;background_image_attachment&quot;:false,&quot;background_display&quot;:&quot;tile&quot;,&quot;background_image_size&quot;:&quot;full&quot;,&quot;background_image_opacity&quot;:&quot;100&quot;,&quot;border_thickness&quot;:&quot;1px&quot;}\" >\n<div\n\t\t\t\n\t\t\tclass=\"so-widget-sow-editor so-widget-sow-editor-base\"\n\t\t\t\n\t\t><\/p>\n<div class=\"siteorigin-widget-tinymce textwidget\">\n<h2>F\u00f6rderung f\u00fcr Engagement zur St\u00e4rkung und Belebung der Innenstadt<\/h2>\n<p>Im Rahmen des Stadtentwicklungskonzeptes NEUSTART INNENSTADT hat die Stadt Herten den Verfu\u0308gungsfonds zur Sta\u0308rkung der lokalen \u00d6konomie eingerichtet: Damit werden private Projekte, Aktionen und Ma\u00dfnahmen von engagierten Unternehmen, Vereinen, Initiativen oder Einzelpersonen zu 50 % gef\u00f6rdert, die die Stadtmitte sowohl sch\u00f6ner machen als auch st\u00e4rken und verbessern.<\/p>\n<p>Gefo\u0308rdert werden:<\/p>\n<ul>\n<li>Ma\u00dfnahmen zur St\u00e4rkung der Stadtteilkultur, z. B. Veranstaltungen und M\u00e4rkte zur Frequenz-Steigerung und Kundenbindung bzw. Kundenneugewinnung<\/li>\n<li>Ma\u00dfnahmen zur Belebung des Einzelhandels, z. B. Marketing-Aktionen und Service-Offensiven zur Kundenbindung<\/li>\n<li>Ma\u00dfnahmen zur Aufwertung des Stadtbildes, z. B. die Aufwertung des \u00f6ffentlichen Raums, die Schaffung von Sitz- und Aufenthaltsm\u00f6glichkeiten, Versch\u00f6nerungsma\u00dfnahmen durch Blumenk\u00fcbel etc.<\/li>\n<li>Mitmachaktionen und Festivit\u00e4ten<\/li>\n<li>Aktionen und Workshops, z. B. die Unterst\u00fctzung und Qualifizierung der H\u00e4ndler\/-gemeinschaften und Hauseigent\u00fcmer<\/li>\n<li>Ma\u00dfnahmen zur \u00d6ffentlichkeitsarbeit und Imagebildung, z. B. Brosch\u00fcren, Flyer, die Weiterentwicklung der Internetseiten oder Merchandising-Artikel<\/li>\n<\/ul>\n<p>&nbsp;<\/p>\n<p><strong>Schon 5 tolle Projekte sind mittlerweile im Rahmen des Verf\u00fcgungsfonds umgesetzt worden:<\/strong><\/p>\n<ul style=\"list-style-type: square;\">\n<li>Dekoration der B\u00e4ume in der Innenstadt durch Waldritter NRW e. V.<\/li>\n<li>Der historische Kalender f\u00fcr das Jahr 2022, initiiert von Ingo M\u00fcller, Inhaber der Antonius Apotheke<\/li>\n<li>Bunte Friesenb\u00e4nke f\u00fcr verschiedene Unternehmen der Innenstadt, initiiert von Jan Forster, Inhaber der B\u00e4ren-Apotheke<\/li>\n<li>Einheitliche Schaufensterbeleuchtung, initiiert vom Verkehrsverein Herten e. V.<\/li>\n<li>Coupon-Heft als gemeinsame Rabattaktion der Gewerbetreibenden zum Wintertreff 2023, initiiert von Almir Bajrami, Inhaber von Bajrami Styling &amp; Coffeebar<\/li>\n<\/ul>\n<\/div>\n<\/div>\n<\/div>\n<\/div>\n<\/div>\n<div id=\"pg-6478-2\"  class=\"panel-grid panel-no-style\"  data-style=\"{&quot;background_image_attachment&quot;:false,&quot;background_display&quot;:&quot;tile&quot;,&quot;full_height&quot;:&quot;&quot;,&quot;cell_alignment&quot;:&quot;flex-start&quot;}\" >\n<div id=\"pgc-6478-2-0\"  class=\"panel-grid-cell\"  data-weight=\"0.5\" >\n<div id=\"panel-6478-2-0-0\" class=\"so-panel widget widget_media_image panel-first-child panel-last-child\" data-index=\"2\" data-style=\"{&quot;background_image_attachment&quot;:false,&quot;background_display&quot;:&quot;tile&quot;}\" ><figure style=\"width: 1070px\" class=\"wp-caption alignnone\"><img loading=\"lazy\" decoding=\"async\" class=\"image \" src=\"https:\/\/unser-quartier.de\/neustart-innenstadt\/files\/2022\/11\/website-herten-verfuegungsfonds-baenke-1024x1024.png\" alt=\"Friesenb\u00e4nke der Hertener Unternehmer vor dem Projektb\u00fcro NEUSTART INNENSTADT auf der Ewaldstra\u00dfe 15\" width=\"1080\" height=\"1080\" \/><figcaption class=\"wp-caption-text\">Projekt &quot;Friesenb\u00e4nke&quot;<\/figcaption><\/figure><\/div>\n<\/div>\n<div id=\"pgc-6478-2-1\"  class=\"panel-grid-cell\"  data-weight=\"0.5\" >\n<div id=\"panel-6478-2-1-0\" class=\"so-panel widget widget_media_image panel-first-child panel-last-child\" data-index=\"3\" data-style=\"{&quot;background_image_attachment&quot;:false,&quot;background_display&quot;:&quot;tile&quot;}\" ><figure style=\"width: 1014px\" class=\"wp-caption alignnone\"><img loading=\"lazy\" decoding=\"async\" class=\"image \" src=\"https:\/\/unser-quartier.de\/neustart-innenstadt\/files\/2022\/11\/website-verfuegungsfonds-herten-kalender-1024x1024.png\" alt=\"Kalender 2022 als Verf\u00fcgungsfonds-Projekt der Innenstadt Herten\" width=\"1024\" height=\"1024\" \/><figcaption class=\"wp-caption-text\">Projekt &quot;Kalender&quot;<\/figcaption><\/figure><\/div>\n<\/div>\n<\/div>\n<div id=\"pg-6478-3\"  class=\"panel-grid panel-no-style\"  data-style=\"{&quot;background_image_attachment&quot;:false,&quot;background_display&quot;:&quot;tile&quot;,&quot;background_image_size&quot;:&quot;full&quot;,&quot;border_thickness&quot;:&quot;1px&quot;,&quot;full_height&quot;:&quot;&quot;,&quot;cell_alignment&quot;:&quot;flex-start&quot;}\" >\n<div id=\"pgc-6478-3-0\"  class=\"panel-grid-cell\"  data-weight=\"0.5\" >\n<div id=\"panel-6478-3-0-0\" class=\"so-panel widget widget_media_image panel-first-child panel-last-child\" data-index=\"4\" data-style=\"{&quot;background_image_attachment&quot;:false,&quot;background_display&quot;:&quot;tile&quot;}\" ><figure style=\"width: 1014px\" class=\"wp-caption alignnone\"><img loading=\"lazy\" decoding=\"async\" class=\"image \" src=\"https:\/\/unser-quartier.de\/neustart-innenstadt\/files\/2022\/11\/website-verfuegungsfonds-Herten-baumdeko--1024x1024.png\" alt=\"Deko im Baum am Place d&#039;Arras in Herten als Verf\u00fcgungsfonds-Projekt\" width=\"1024\" height=\"1024\" \/><figcaption class=\"wp-caption-text\">Projekt &quot;Baumdeko&quot;<\/figcaption><\/figure><\/div>\n<\/div>\n<div id=\"pgc-6478-3-1\"  class=\"panel-grid-cell\"  data-weight=\"0.5\" >\n<div id=\"panel-6478-3-1-0\" class=\"so-panel widget widget_media_image panel-first-child panel-last-child\" data-index=\"5\" data-style=\"{&quot;background_image_attachment&quot;:false,&quot;background_display&quot;:&quot;tile&quot;,&quot;background_image_size&quot;:&quot;full&quot;,&quot;border_thickness&quot;:&quot;1px&quot;}\" ><figure style=\"width: 1014px\" class=\"wp-caption alignnone\"><img loading=\"lazy\" decoding=\"async\" class=\"image \" src=\"https:\/\/unser-quartier.de\/neustart-innenstadt\/files\/2022\/12\/website-verfuegungsfonds-herten-beleuchtung-1024x1024.png\" alt=\"Gr\u00fcn beleuchtetes Schaufenster des Projektb\u00fcros NEUSTART INNENSTADT\" width=\"1024\" height=\"1024\" \/><figcaption class=\"wp-caption-text\">Projekt &quot;Schaufensterbeleuchtung&quot;<\/figcaption><\/figure><\/div>\n<\/div>\n<\/div>\n<div id=\"pg-6478-4\"  class=\"panel-grid panel-no-style\"  data-style=\"{&quot;background_image_attachment&quot;:false,&quot;background_display&quot;:&quot;tile&quot;,&quot;background_image_size&quot;:&quot;full&quot;,&quot;border_thickness&quot;:&quot;1px&quot;,&quot;full_height&quot;:&quot;&quot;,&quot;cell_alignment&quot;:&quot;flex-start&quot;}\" >\n<div id=\"pgc-6478-4-0\"  class=\"panel-grid-cell panel-grid-cell-mobile-last\"  data-weight=\"0.5\" >\n<div id=\"panel-6478-4-0-0\" class=\"so-panel widget widget_media_image panel-first-child panel-last-child\" data-index=\"6\" data-style=\"{&quot;background_image_attachment&quot;:false,&quot;background_display&quot;:&quot;tile&quot;,&quot;background_image_size&quot;:&quot;full&quot;,&quot;background_image_opacity&quot;:&quot;100&quot;,&quot;border_thickness&quot;:&quot;1px&quot;}\" ><figure style=\"width: 1070px\" class=\"wp-caption alignnone\"><img loading=\"lazy\" decoding=\"async\" class=\"image \" src=\"https:\/\/unser-quartier.de\/neustart-innenstadt\/files\/2024\/08\/website-verfuegungsfonds-herten-couponheft-1024x1024.png\" alt=\"Couponhefte waren eine Rabattaktion der Gewerbetreibenden zum Wintertreff 2023 in Herrten\" width=\"1080\" height=\"1080\" \/><figcaption class=\"wp-caption-text\">Projekt &quot;Coupon-Heft&quot;<\/figcaption><\/figure><\/div>\n<\/div>\n<div id=\"pgc-6478-4-1\"  class=\"panel-grid-cell panel-grid-cell-empty\"  data-weight=\"0.5\" ><\/div>\n<\/div>\n<div id=\"pg-6478-5\"  class=\"panel-grid panel-no-style\" >\n<div id=\"pgc-6478-5-0\"  class=\"panel-grid-cell\"  data-weight=\"1\" >\n<div id=\"panel-6478-5-0-0\" class=\"so-panel widget widget_sow-editor panel-first-child panel-last-child\" data-index=\"7\" data-style=\"{&quot;background_image_attachment&quot;:false,&quot;background_display&quot;:&quot;tile&quot;,&quot;background_image_size&quot;:&quot;full&quot;,&quot;border_thickness&quot;:&quot;1px&quot;}\" >\n<div\n\t\t\t\n\t\t\tclass=\"so-widget-sow-editor so-widget-sow-editor-base\"\n\t\t\t\n\t\t><\/p>\n<div class=\"siteorigin-widget-tinymce textwidget\">\n<p>Antr\u00e4ge k\u00f6nnen grunds\u00e4tzlich alle Unternehmen, Vereine, Initiativen oder Einzelpersonen stellen, die sich f\u00fcr die St\u00e4rkung der Innenstadt engagieren wollen.\u00a0Projekte werden zu 50 % gef\u00f6rdert, die andere H\u00e4lfte muss aus privaten Mitteln finanziert werden. Das Budget f\u00fcr den Verfu\u0308gungsfonds sieht Mittel in Ho\u0308he von rund 5.000 \u20ac pro Jahr vor.\u00a0\u00dcber die Bewilligung von Mitteln bei Projektantr\u00e4gen entscheidet ein Vergabegremium, das Gremium \u201eLokale \u00d6konomie Neustart Innenstadt\u201c.<\/p>\n<\/div>\n<\/div>\n<\/div>\n<\/div>\n<\/div>\n<div id=\"pg-6478-6\"  class=\"panel-grid panel-no-style\"  data-style=\"{&quot;background_image_attachment&quot;:false,&quot;background_display&quot;:&quot;tile&quot;,&quot;background_image_size&quot;:&quot;full&quot;,&quot;border_thickness&quot;:&quot;1px&quot;,&quot;full_height&quot;:&quot;&quot;,&quot;cell_alignment&quot;:&quot;flex-start&quot;}\" >\n<div id=\"pgc-6478-6-0\"  class=\"panel-grid-cell\"  data-weight=\"1\" >\n<div id=\"panel-6478-6-0-0\" class=\"so-panel widget widget_media_video panel-first-child panel-last-child\" data-index=\"8\" data-style=\"{&quot;background_image_attachment&quot;:false,&quot;background_display&quot;:&quot;tile&quot;,&quot;background_image_size&quot;:&quot;full&quot;,&quot;border_thickness&quot;:&quot;1px&quot;}\" ><h3 class=\"widget-title\">Schauen Sie mal: Seit dem 10. November 2022 k\u00f6nnen Sie auf den Friesenb\u00e4nken der Innenstadt Platz nehmen &#8230;<\/h3><iframe title=\"Neustart Innenstadt Herten: Bunte Friesenb\u00e4nke f\u00fcr Innenstadt!\" src=\"https:\/\/www.youtube.com\/embed\/LPBJziiBwso?feature=oembed\" frameborder=\"0\" allow=\"accelerometer; autoplay; clipboard-write; encrypted-media; gyroscope; picture-in-picture; web-share\" referrerpolicy=\"strict-origin-when-cross-origin\" allowfullscreen><\/iframe><\/div>\n<\/div>\n<\/div>\n<div id=\"pg-6478-7\"  class=\"panel-grid panel-no-style\"  data-style=\"{&quot;background_image_attachment&quot;:false,&quot;background_display&quot;:&quot;tile&quot;,&quot;full_height&quot;:&quot;&quot;,&quot;cell_alignment&quot;:&quot;flex-start&quot;}\" >\n<div id=\"pgc-6478-7-0\"  class=\"panel-grid-cell\"  data-weight=\"1\" >\n<div id=\"panel-6478-7-0-0\" class=\"so-panel widget widget_sow-editor panel-first-child panel-last-child\" data-index=\"9\" data-style=\"{&quot;background_image_attachment&quot;:false,&quot;background_display&quot;:&quot;tile&quot;,&quot;background_image_size&quot;:&quot;full&quot;,&quot;border_thickness&quot;:&quot;1px&quot;}\" >\n<div\n\t\t\t\n\t\t\tclass=\"so-widget-sow-editor so-widget-sow-editor-base\"\n\t\t\t\n\t\t><\/p>\n<div class=\"siteorigin-widget-tinymce textwidget\">\n<p>Das Vergabegremium setzt sich aus privaten Akteuren, Vertreterinnen und Vertretern wirtschaftsrelevanter Institutionen sowie der kommunalen Politik zusammen. Im Einzelnen sind dies:<\/p>\n<ul>\n<li><strong>Vertreter*innen der lokalen Wirtschaft:<\/strong>\n<ul>\n<li>4 Vertreter*innen der Gewerbetreibenden<\/li>\n<li>1 Vertreter*in des Verkehrsvereins Herten<\/li>\n<li>1 Vertreter*in der Haus- und Grundst\u00fcckseigent\u00fcmer<\/li>\n<li>1 Vertreter*in der Kreditinstitute<\/li>\n<\/ul>\n<\/li>\n<li><strong>Vertreter*innen der Kommunalpolitik:<\/strong>\n<ul>\n<li>Vorsitzende*r des Ausschusses f\u00fcr Stadtentwicklung, Digitalisierung und Wirtschaft<\/li>\n<li>Vorsitzende*r des Innenstadtbeirats<\/li>\n<\/ul>\n<\/li>\n<li><strong>Vertreter*innen der St\u00e4dte und wirtschaftsrelevante Institutionen:<\/strong>\n<ul>\n<li>1 Vertreter*in der IHK Nord Westfalen<\/li>\n<li>1 Vertreter*in der Wirtschaftsf\u00f6rderung Herten (beratend)<\/li>\n<li>1 Vertreter*in der Stadtentwicklung Herten (beratend)<\/li>\n<\/ul>\n<\/li>\n<\/ul>\n<p>und die Gesch\u00e4ftsf\u00fchrung des Gremiums: das Nutzungsmanagement des Projektb\u00fcros NEUSTART INNENSTADT.<\/p>\n<\/div>\n<\/div>\n<\/div>\n<\/div>\n<\/div>\n<div id=\"pg-6478-8\"  class=\"panel-grid panel-no-style\"  data-style=\"{&quot;background_image_attachment&quot;:false,&quot;background_display&quot;:&quot;tile&quot;,&quot;background_image_size&quot;:&quot;full&quot;,&quot;border_thickness&quot;:&quot;1px&quot;,&quot;full_height&quot;:&quot;&quot;,&quot;cell_alignment&quot;:&quot;flex-start&quot;}\" >\n<div id=\"pgc-6478-8-0\"  class=\"panel-grid-cell\"  data-weight=\"1\" >\n<div id=\"panel-6478-8-0-0\" class=\"so-panel widget widget_media_video panel-first-child panel-last-child\" data-index=\"10\" data-style=\"{&quot;background_image_attachment&quot;:false,&quot;background_display&quot;:&quot;tile&quot;,&quot;background_image_size&quot;:&quot;full&quot;,&quot;border_thickness&quot;:&quot;1px&quot;}\" ><h3 class=\"widget-title\">D\u00fcrfen wir vorstellen? Die Mitglieder des Vergabegremiums Verf\u00fcgungsfonds Lokale \u00d6konomie!<\/h3><div style=\"width:100%;\" class=\"wp-video\"><!--[if lt IE 9]><script>document.createElement('video');<\/script><![endif]-->\n<video class=\"wp-video-shortcode\" id=\"video-6478-1\" preload=\"metadata\" controls=\"controls\"><source type=\"video\/youtube\" src=\"https:\/\/www.youtube.com\/watch?v=c9znNXVlIbw&#038;_=1\" \/><a href=\"https:\/\/www.youtube.com\/watch?v=c9znNXVlIbw\" data-wpel-link=\"external\" target=\"_self\" rel=\"nofollow external noopener noreferrer\" title=\"Externer Link: https:\/\/www.youtube.com\/watch?v=c9znNXVlIbw\" class=\"ext-link wpel-icon-right\">https:\/\/www.youtube.com\/watch?v=c9znNXVlIbw<span class=\"wpel-icon wpel-image wpel-icon-6\"><\/span><\/a><\/video><\/div><\/div>\n<\/div>\n<\/div>\n<\/div>\n","protected":false},"excerpt":{"rendered":"<p>F\u00f6rderung f\u00fcr Engagement zur St\u00e4rkung und Belebung der Innenstadt Im Rahmen des Stadtentwicklungskonzeptes NEUSTART INNENSTADT hat die Stadt Herten den Verfu\u0308gungsfonds zur Sta\u0308rkung der lokalen \u00d6konomie eingerichtet: Damit werden private Projekte, Aktionen und Ma\u00dfnahmen von engagierten Unternehmen, Vereinen, Initiativen oder Einzelpersonen zu 50 % gef\u00f6rdert, die die Stadtmitte sowohl sch\u00f6ner machen als auch st\u00e4rken und&hellip; <a class=\"continue\" href=\"https:\/\/unser-quartier.de\/neustart-innenstadt\/verfuegungsfonds-lokale-oekonomie\/\" data-wpel-link=\"internal\"> \u00bb weiterlesen: <span> Verf\u00fcgungsfonds Lokale \u00d6konomie<\/span><\/a><\/p>\n","protected":false},"author":831,"featured_media":0,"parent":0,"menu_order":0,"comment_status":"closed","ping_status":"closed","template":"","meta":{"generate_page_header":"","footnotes":""},"class_list":["post-6478","page","type-page","status-publish"],"_links":{"self":[{"href":"https:\/\/unser-quartier.de\/neustart-innenstadt\/wp-json\/wp\/v2\/pages\/6478","targetHints":{"allow":["GET"]}}],"collection":[{"href":"https:\/\/unser-quartier.de\/neustart-innenstadt\/wp-json\/wp\/v2\/pages"}],"about":[{"href":"https:\/\/unser-quartier.de\/neustart-innenstadt\/wp-json\/wp\/v2\/types\/page"}],"author":[{"embeddable":true,"href":"https:\/\/unser-quartier.de\/neustart-innenstadt\/wp-json\/wp\/v2\/users\/831"}],"replies":[{"embeddable":true,"href":"https:\/\/unser-quartier.de\/neustart-innenstadt\/wp-json\/wp\/v2\/comments?post=6478"}],"version-history":[{"count":3,"href":"https:\/\/unser-quartier.de\/neustart-innenstadt\/wp-json\/wp\/v2\/pages\/6478\/revisions"}],"predecessor-version":[{"id":8985,"href":"https:\/\/unser-quartier.de\/neustart-innenstadt\/wp-json\/wp\/v2\/pages\/6478\/revisions\/8985"}],"wp:attachment":[{"href":"https:\/\/unser-quartier.de\/neustart-innenstadt\/wp-json\/wp\/v2\/media?parent=6478"}],"curies":[{"name":"wp","href":"https:\/\/api.w.org\/{rel}","templated":true}]}}