{"id":9191,"date":"2024-11-05T12:39:41","date_gmt":"2024-11-05T11:39:41","guid":{"rendered":"https:\/\/unser-quartier.de\/neustart-innenstadt\/?page_id=9191"},"modified":"2024-11-05T12:39:53","modified_gmt":"2024-11-05T11:39:53","slug":"so-koennte-ihr-gluecksplatz-auf-der-ewaldstrasse-13-aussehen","status":"publish","type":"page","link":"https:\/\/unser-quartier.de\/neustart-innenstadt\/so-koennte-ihr-gluecksplatz-auf-der-ewaldstrasse-13-aussehen\/","title":{"rendered":"So k\u00f6nnte Ihr Gl\u00fccksplatz auf der Ewaldstra\u00dfe 13 aussehen!"},"content":{"rendered":"<div id=\"pl-9191\"  class=\"panel-layout\" >\n<div id=\"pg-9191-0\"  class=\"panel-grid panel-no-style\"  data-style=\"{&quot;background_image_attachment&quot;:false,&quot;background_display&quot;:&quot;tile&quot;,&quot;background_image_size&quot;:&quot;full&quot;,&quot;background_image_opacity&quot;:&quot;100&quot;,&quot;border_thickness&quot;:&quot;1px&quot;,&quot;full_height&quot;:&quot;&quot;,&quot;cell_alignment&quot;:&quot;flex-start&quot;}\" >\n<div id=\"pgc-9191-0-0\"  class=\"panel-grid-cell\"  data-weight=\"1\" >\n<div id=\"panel-9191-0-0-0\" class=\"so-panel widget widget_text panel-first-child\" data-index=\"0\" data-style=\"{&quot;background_image_attachment&quot;:false,&quot;background_display&quot;:&quot;tile&quot;,&quot;background_image_size&quot;:&quot;full&quot;,&quot;background_image_opacity&quot;:&quot;100&quot;,&quot;border_thickness&quot;:&quot;1px&quot;}\" >\n<div class=\"textwidget\">\n<div class=\"xdj266r x11i5rnm xat24cr x1mh8g0r x1vvkbs x126k92a\">\n<div dir=\"auto\">Um interessierte Unternehmerinnen und Unternehmer zu inspirieren, haben wir f\u00fcr das im Moment leerstehende Ladenlokal auf der Ewaldstra\u00dfe 13 eine h\u00fcbsche kleine Skizze erstellen lassen: Als Idee w\u00fcrde hier doch ganz wunderbar eine Boutique, die neben Mode und Deko auch mal einen Kaffee f\u00fcr Kundinnen und Kunden anbietet, reinpassen!<\/div>\n<\/div>\n<div dir=\"auto\"><\/div>\n<div dir=\"auto\"><\/div>\n<div class=\"x11i5rnm xat24cr x1mh8g0r x1vvkbs xtlvy1s x126k92a\">\n<div dir=\"auto\">Wenn wir Sie mit diesem Nutzungskonzept in unserer Skizze inspirieren konnten, melde Sie sich gerne bei uns unter 02366\/9 36 06 20 oder\u00a0innenstadtbuero@innenstadt-herten.de!<\/div>\n<\/div>\n<\/div><\/div>\n<div id=\"panel-9191-0-0-1\" class=\"so-panel widget widget_media_image\" data-index=\"1\" data-style=\"{&quot;background_image_attachment&quot;:false,&quot;background_display&quot;:&quot;tile&quot;,&quot;background_image_size&quot;:&quot;full&quot;,&quot;background_image_opacity&quot;:&quot;100&quot;,&quot;border_thickness&quot;:&quot;1px&quot;}\" ><img loading=\"lazy\" decoding=\"async\" class=\"image \" src=\"https:\/\/unser-quartier.de\/neustart-innenstadt\/files\/2024\/11\/Visualisierung-Ewaldstrasse-13-Front.png\" alt=\"Visualisierung der Frontansicht Ewaldstra\u00dfe 13\" width=\"540\" height=\"405\" \/><\/div>\n<div id=\"panel-9191-0-0-2\" class=\"so-panel widget widget_media_image panel-last-child\" data-index=\"2\" data-style=\"{&quot;background_image_attachment&quot;:false,&quot;background_display&quot;:&quot;tile&quot;,&quot;background_image_size&quot;:&quot;full&quot;,&quot;background_image_opacity&quot;:&quot;100&quot;,&quot;border_thickness&quot;:&quot;1px&quot;}\" ><img loading=\"lazy\" decoding=\"async\" class=\"image \" src=\"https:\/\/unser-quartier.de\/neustart-innenstadt\/files\/2024\/11\/Visualisierung-Ewaldstrasse-13-innen.png\" alt=\"Visualisierung der Innenansicht Ewaldstra\u00dfe 13\" width=\"540\" height=\"405\" \/><\/div>\n<\/div>\n<\/div>\n<\/div>\n","protected":false},"excerpt":{"rendered":"<p>Um interessierte Unternehmerinnen und Unternehmer zu inspirieren, haben wir f\u00fcr das im Moment leerstehende Ladenlokal auf der Ewaldstra\u00dfe 13 eine h\u00fcbsche kleine Skizze erstellen lassen: Als Idee w\u00fcrde hier doch ganz wunderbar eine Boutique, die neben Mode und Deko auch mal einen Kaffee f\u00fcr Kundinnen und Kunden anbietet, reinpassen! Wenn wir Sie mit diesem Nutzungskonzept&hellip; <a class=\"continue\" href=\"https:\/\/unser-quartier.de\/neustart-innenstadt\/so-koennte-ihr-gluecksplatz-auf-der-ewaldstrasse-13-aussehen\/\" data-wpel-link=\"internal\"> \u00bb weiterlesen: <span> So k\u00f6nnte Ihr Gl\u00fccksplatz auf der Ewaldstra\u00dfe 13 aussehen!<\/span><\/a><\/p>\n","protected":false},"author":831,"featured_media":0,"parent":0,"menu_order":0,"comment_status":"closed","ping_status":"closed","template":"","meta":{"generate_page_header":"","footnotes":""},"class_list":["post-9191","page","type-page","status-publish"],"_links":{"self":[{"href":"https:\/\/unser-quartier.de\/neustart-innenstadt\/wp-json\/wp\/v2\/pages\/9191","targetHints":{"allow":["GET"]}}],"collection":[{"href":"https:\/\/unser-quartier.de\/neustart-innenstadt\/wp-json\/wp\/v2\/pages"}],"about":[{"href":"https:\/\/unser-quartier.de\/neustart-innenstadt\/wp-json\/wp\/v2\/types\/page"}],"author":[{"embeddable":true,"href":"https:\/\/unser-quartier.de\/neustart-innenstadt\/wp-json\/wp\/v2\/users\/831"}],"replies":[{"embeddable":true,"href":"https:\/\/unser-quartier.de\/neustart-innenstadt\/wp-json\/wp\/v2\/comments?post=9191"}],"version-history":[{"count":3,"href":"https:\/\/unser-quartier.de\/neustart-innenstadt\/wp-json\/wp\/v2\/pages\/9191\/revisions"}],"predecessor-version":[{"id":9200,"href":"https:\/\/unser-quartier.de\/neustart-innenstadt\/wp-json\/wp\/v2\/pages\/9191\/revisions\/9200"}],"wp:attachment":[{"href":"https:\/\/unser-quartier.de\/neustart-innenstadt\/wp-json\/wp\/v2\/media?parent=9191"}],"curies":[{"name":"wp","href":"https:\/\/api.w.org\/{rel}","templated":true}]}}