{"id":2,"date":"2014-01-22T07:22:37","date_gmt":"2014-01-22T07:22:37","guid":{"rendered":"http:\/\/unser-quartier.de\/tmp-musterblog3\/?page_id=2"},"modified":"2025-11-27T15:11:51","modified_gmt":"2025-11-27T14:11:51","slug":"home","status":"publish","type":"page","link":"https:\/\/unser-quartier.de\/oberhausen\/","title":{"rendered":"Home"},"content":{"rendered":"<div id=\"pl-2\"  class=\"panel-layout\" ><div id=\"pg-2-0\"  class=\"panel-grid panel-has-style\" ><div class=\"panel-row-style panel-row-style-for-2-0\" ><div id=\"pgc-2-0-0\"  class=\"panel-grid-cell\" ><div id=\"panel-2-0-0-0\" class=\"so-panel widget widget_sow-editor panel-first-child panel-last-child\" data-index=\"0\" ><div class=\"panel-widget-style panel-widget-style-for-2-0-0-0\" ><div\n\t\t\t\n\t\t\tclass=\"so-widget-sow-editor so-widget-sow-editor-base\"\n\t\t\t\n\t\t>\n<div class=\"siteorigin-widget-tinymce textwidget\">\n\t<h3><strong><img loading=\"lazy\" decoding=\"async\" class=\"alignright wp-image-1288\" src=\"https:\/\/unser-quartier.de\/oberhausen\/files\/2014\/01\/pc-handy-tablet-media-774068-300x282.png\" alt=\"Abbildung verschuiedener Medien\" width=\"247\" height=\"232\" srcset=\"https:\/\/unser-quartier.de\/oberhausen\/files\/2014\/01\/pc-handy-tablet-media-774068-300x282.png 300w, https:\/\/unser-quartier.de\/oberhausen\/files\/2014\/01\/pc-handy-tablet-media-774068-150x141.png 150w, https:\/\/unser-quartier.de\/oberhausen\/files\/2014\/01\/pc-handy-tablet-media-774068-768x721.png 768w, https:\/\/unser-quartier.de\/oberhausen\/files\/2014\/01\/pc-handy-tablet-media-774068-1024x961.png 1024w, https:\/\/unser-quartier.de\/oberhausen\/files\/2014\/01\/pc-handy-tablet-media-774068.png 1200w\" sizes=\"auto, (max-width: 247px) 100vw, 247px\" \/><\/strong><\/h3>\n<blockquote>\n<h2>Willkommen auf der Website, die den <em>Goldies<\/em>\u00a0gewidmet ist.<\/h2>\n<p>F\u00fcr engagierte Senioren, die neugierig sind, mit ihrem Leben verbunden zu bleiben und das Leben ihrer Stadt, ihrer Gemeinde, ihres Viertels entdecken und bereichern wollen.<\/p>\n<\/blockquote>\n<p>Sie finden <strong>Neuigkeiten<\/strong>, die Sie betreffen, Anregungen von Veranstaltungen, die Sie nicht verpassen sollten, <strong>n\u00fctzliche Informationen<\/strong> f\u00fcr Ihr t\u00e4gliches Leben sowie die wesentlichen <strong>Kontakte<\/strong>, um Ihre Fragen zu stellen oder Hilfe zu erhalten.<\/p>\n<p><span style=\"text-decoration: underline;\"><strong>Diese Plattform k\u00f6nnen wir aus fehlenden Mitteln sp\u00e4testens im Juli 2026 nicht mehr betreiben.<\/strong> <\/span>Die Arbeit f\u00fchren wir bei entsprechender Unterst\u00fctzung in \u00e4hnlicher Form gerne weiter.<\/p>\n<p><span style=\"text-decoration: underline;\"><strong>Wenn auch Sie meinen:<\/strong><\/span><\/p>\n<h3><strong>&gt;&gt; Demokratie braucht die Kultur des Miteinander &lt;&lt;<\/strong><\/h3>\n<p><strong>\u00a0weiter kritische Anregungen und Hinweise nehmen Sie mit uns Kontakt auf.<\/strong><\/p>\n<blockquote>\n<p>Stadtteile\/D\u00f6rfer m\u00fcssen f\u00fcr \u00e4ltere Menschen attraktiv bleiben oder wieder werden. Allein und einsam!?<\/p>\n<p><em>50% leben bereits als Singles, Einsamkeit muss nicht sein.<\/em><\/p>\n<p>Es geht nur mir so? N E I N ! Es geht Zigtausenden so!\u00a0 <em><span style=\"text-decoration: underline;\">Werden Sie mit uns aktiv. <\/span>Wer will nicht in W\u00fcrde alt werden.\u00a0 <\/em><\/p>\n<\/blockquote>\n<h3><em><strong>Seniorenvertretungen, m\u00f6chten wir insbesondere unterst\u00fctzen.<\/strong><\/em><\/h3>\n<p><strong>Neben den Seiten - Definitionen bis Urteile - wollen wir mit w\u00f6chentliche Beitr\u00e4gen Flagge zeigen. Pflege und Demenz aus dem Schatten holen.\u00a0 Pflegenden Angeh\u00f6rigen, Bewohnern und Interessenvertretern helfen.\u00a0 <a href=\"https:\/\/unser-quartier.de\/oberhausen\/ueber-uns\/warum-die-homepage\/\" target=\"_blank\" rel=\"noopener\" data-wpel-link=\"internal\">Wir<\/a> unterst\u00fctzen das Projekt \u201e<a href=\"https:\/\/tredition.de\/autoren\/siegfried-raebiger-32008\/der-bewohnerbeirat-e-book-133711\/\" data-wpel-link=\"external\" target=\"_self\" rel=\"nofollow external noopener noreferrer\" title=\"Externer Link: Der Bewohnerbeirat\" class=\"ext-link wpel-icon-right\">Der Bewohnerbeirat<span class=\"wpel-icon wpel-image wpel-icon-6\"><\/span><\/a>\u201c und Seminare.<\/strong><strong> Mit Ihrer Unterst\u00fctzung bleiben wir aktuell und spannend. Wir Senioren brauchen einen grundgesetzlich verbrieften Schutz im Alter.<br \/>\n<\/strong><\/p>\n<p>\u00c4ltere Beitr\u00e4ge finden Sie \u00fcber die unten stehende \"Wolke\" oder die Stichworteingabe im Suchfeld, die Lupe oben. Seiteninhalte, wie Brosch\u00fcren etc. werden nicht gefunden. Viel Gl\u00fcck beim St\u00f6bern. Information nicht gefunden, melden Sie sich, nutzen Sie die <a href=\"https:\/\/unser-quartier.de\/oberhausen\/service\/app\/\" target=\"_blank\" rel=\"noopener\" data-wpel-link=\"internal\">WebApp, \u00a0<\/a>der <span style=\"color: #ff0000;\">kostenlose Newsletter entf\u00e4llt<\/span>.<\/p>\n<\/div>\n<\/div><\/div><\/div><\/div><\/div><\/div><div id=\"pg-2-1\"  class=\"panel-grid panel-no-style\" ><div id=\"pgc-2-1-0\"  class=\"panel-grid-cell\" ><div id=\"panel-2-1-0-0\" class=\"so-panel widget widget_ink-blog panel-first-child panel-last-child\" data-index=\"1\" ><div\n\t\t\t\n\t\t\tclass=\"so-widget-ink-blog so-widget-ink-blog-thumb-above-c65bab8c82d6-2\"\n\t\t\t\n\t\t>\n<h3 class=\"widget-title\">Aktuelle Beitr\u00e4ge<\/h3>\n\n\t<div class=\"iw-so-blog\">\n\n\t\t<div id=\"my-ajax-blog-widget\">\n\n\t\t\t<div class=\"iw-so-blog-container iw-so-blog-equal-height\">\n\n\t\t\t\t\n\t\t\t\t\t<div class=\"iw-so-article iw-so-thumb-above iw-so-blog-three-column iw-so-first-col\">\n\n\t\t\t\t\t\t\n\t\t\t\t\t\t\t<div class=\"iw-so-article-thumb\">\n\n\t\t\t\t\t\t\t\t\n\t\t\t\t\t\t\t\t\t<a href=\"https:\/\/unser-quartier.de\/oberhausen\/2026\/04\/hilfe-kein-arzttermin\/sraebiger\/\" data-wpel-link=\"internal\">\n\t\t\t\t\t\t\t\t\t\t<img loading=\"lazy\" decoding=\"async\" width=\"272\" height=\"182\" src=\"https:\/\/unser-quartier.de\/oberhausen\/files\/2024\/03\/Herz-Kreislauf-mobile-Retter-272x182.jpg\" class=\"attachment-sow-carousel-default size-sow-carousel-default wp-post-image\" alt=\"\" \/>\t\t\t\t\t\t\t\t\t\t\t\t\t\t\t\t\t\t\t<\/a>\n\n\t\t\t\t\t\t\t\t\n\t\t\t\t\t\t\t<\/div>\n\n\t\t\t\t\t\t\n\t\t\t\t\t\t<div class=\"iw-so-article-content\">\n\n\t\t\t\t\t\t\t\n\t\t\t\t\t\t\t<h3 class=\"iw-so-article-title iw-text-left\">\n\t\t\t\t\t\t\t\t<a href=\"https:\/\/unser-quartier.de\/oberhausen\/2026\/04\/hilfe-kein-arzttermin\/sraebiger\/\" data-wpel-link=\"internal\">\t\t\t\t\t\t\t\t\tHilfe! Kein Arzttermin!\t\t\t\t\t\t\t\t<\/a>\t\t\t\t\t\t\t<\/h3>\n\n\t\t\t\t\t\t\t\n\t\t\t\t\t\t\t\t<p class=\"iw-so-article-byline-below iw-text-left\">\n\t\t\t\t\t\t\t\t\tvom 29. April 2026\t\t\t\t\t\t\t\t<\/p>\n\n\t\t\t\t\t\t\t\n\t\t\t\t\t\t\t\n\t\t\t\t\t\t\t\t<p class=\"iw-so-article-excerpt iw-text-left\">\n\t\t\t\t\t\t\t\t\t\t\t\t\t\t\t\t\t\t\tTermine in Monaten, schnelle Hilfe jetzt! Notfallambulanz ist keine L\u00f6sung! Im Beitrag: \u201eNotruf \u2013 Terminvergabe bei \u00c4rzten\u201c haben wir die derzeitige Terminvergabe problematisiert. Die...\t\t\t\t\t\t\t\t\t\t\t\t\t\t\t\t\t<\/p>\n\n\t\t\t\t\t\t\t\n\t\t\t\t\t\t\t\n\t\t\t\t\t\t\t\n\t\t\t\t\t\t<\/div>\n\n\t\t\t\t\t<\/div>\n\n\t\t\t\t\t\n\t\t\t\t\n\t\t\t\t\t<div class=\"iw-so-article iw-so-thumb-above iw-so-blog-three-column \">\n\n\t\t\t\t\t\t\n\t\t\t\t\t\t\t<div class=\"iw-so-article-thumb\">\n\n\t\t\t\t\t\t\t\t\n\t\t\t\t\t\t\t\t\t<a href=\"https:\/\/unser-quartier.de\/oberhausen\/2026\/04\/terminvergabe-bei-aerzten\/sraebiger\/\" data-wpel-link=\"internal\">\n\t\t\t\t\t\t\t\t\t\t<img loading=\"lazy\" decoding=\"async\" width=\"272\" height=\"182\" src=\"https:\/\/unser-quartier.de\/oberhausen\/files\/2019\/09\/Kommunikation-272x182.png\" class=\"attachment-sow-carousel-default size-sow-carousel-default wp-post-image\" alt=\"Notruf\" \/>\t\t\t\t\t\t\t\t\t\t\t\t\t\t\t\t\t\t\t<\/a>\n\n\t\t\t\t\t\t\t\t\n\t\t\t\t\t\t\t<\/div>\n\n\t\t\t\t\t\t\n\t\t\t\t\t\t<div class=\"iw-so-article-content\">\n\n\t\t\t\t\t\t\t\n\t\t\t\t\t\t\t<h3 class=\"iw-so-article-title iw-text-left\">\n\t\t\t\t\t\t\t\t<a href=\"https:\/\/unser-quartier.de\/oberhausen\/2026\/04\/terminvergabe-bei-aerzten\/sraebiger\/\" data-wpel-link=\"internal\">\t\t\t\t\t\t\t\t\tNotruf &#8211; Terminvergabe bei \u00c4rzten\t\t\t\t\t\t\t\t<\/a>\t\t\t\t\t\t\t<\/h3>\n\n\t\t\t\t\t\t\t\n\t\t\t\t\t\t\t\t<p class=\"iw-so-article-byline-below iw-text-left\">\n\t\t\t\t\t\t\t\t\tvom 17. April 2026\t\t\t\t\t\t\t\t<\/p>\n\n\t\t\t\t\t\t\t\n\t\t\t\t\t\t\t\n\t\t\t\t\t\t\t\t<p class=\"iw-so-article-excerpt iw-text-left\">\n\t\t\t\t\t\t\t\t\t\t\t\t\t\t\t\t\t\t\tWarum haben wir Deutschen gro\u00dfe Angst vor fehlendem Datenschutz? \u00a0Nutzen wir die elektronische Patientenakte deshalb so gering oder wird die Angst gesch\u00fcrt. Online-Plattformen konnten...\t\t\t\t\t\t\t\t\t\t\t\t\t\t\t\t\t<\/p>\n\n\t\t\t\t\t\t\t\n\t\t\t\t\t\t\t\n\t\t\t\t\t\t\t\n\t\t\t\t\t\t<\/div>\n\n\t\t\t\t\t<\/div>\n\n\t\t\t\t\t\n\t\t\t\t\n\t\t\t\t\t<div class=\"iw-so-article iw-so-thumb-above iw-so-blog-three-column iw-so-last-col\">\n\n\t\t\t\t\t\t\n\t\t\t\t\t\t\t<div class=\"iw-so-article-thumb\">\n\n\t\t\t\t\t\t\t\t\n\t\t\t\t\t\t\t\t\t<a href=\"https:\/\/unser-quartier.de\/oberhausen\/2026\/04\/pflegezeitbudget\/sraebiger\/\" data-wpel-link=\"internal\">\n\t\t\t\t\t\t\t\t\t\t<img loading=\"lazy\" decoding=\"async\" width=\"272\" height=\"182\" src=\"https:\/\/unser-quartier.de\/oberhausen\/files\/2020\/04\/woman-65675_645-332x500-1-272x182.jpg\" class=\"attachment-sow-carousel-default size-sow-carousel-default wp-post-image\" alt=\"Sorgende alte Frau\" \/>\t\t\t\t\t\t\t\t\t\t\t\t\t\t\t\t\t\t\t<\/a>\n\n\t\t\t\t\t\t\t\t\n\t\t\t\t\t\t\t<\/div>\n\n\t\t\t\t\t\t\n\t\t\t\t\t\t<div class=\"iw-so-article-content\">\n\n\t\t\t\t\t\t\t\n\t\t\t\t\t\t\t<h3 class=\"iw-so-article-title iw-text-left\">\n\t\t\t\t\t\t\t\t<a href=\"https:\/\/unser-quartier.de\/oberhausen\/2026\/04\/pflegezeitbudget\/sraebiger\/\" data-wpel-link=\"internal\">\t\t\t\t\t\t\t\t\tPflegezeitbudget\t\t\t\t\t\t\t\t<\/a>\t\t\t\t\t\t\t<\/h3>\n\n\t\t\t\t\t\t\t\n\t\t\t\t\t\t\t\t<p class=\"iw-so-article-byline-below iw-text-left\">\n\t\t\t\t\t\t\t\t\tvom 02. April 2026\t\t\t\t\t\t\t\t<\/p>\n\n\t\t\t\t\t\t\t\n\t\t\t\t\t\t\t\n\t\t\t\t\t\t\t\t<p class=\"iw-so-article-excerpt iw-text-left\">\n\t\t\t\t\t\t\t\t\t\t\t\t\t\t\t\t\t\t\tVertrauen statt Modul &#8211; \u201eIstZeitPflege\u201c Schon wieder ein Beispiel aus Baden In Baden-W\u00fcrttemberg gibt es nach Angaben des Statistischen Landesamtes aktuell 1.297 ambulante Pflegedienste....\t\t\t\t\t\t\t\t\t\t\t\t\t\t\t\t\t<\/p>\n\n\t\t\t\t\t\t\t\n\t\t\t\t\t\t\t\n\t\t\t\t\t\t\t\n\t\t\t\t\t\t<\/div>\n\n\t\t\t\t\t<\/div>\n\n\t\t\t\t\t\n\t\t\t\t\n\t\t\t<\/div>\n\n\t\t\t\n\t\t<\/div>\n\n\t<\/div>\n\n\n<\/div><\/div><\/div><\/div><div id=\"pg-2-2\"  class=\"panel-grid panel-no-style\" ><div id=\"pgc-2-2-0\"  class=\"panel-grid-cell\" ><div id=\"panel-2-2-0-0\" class=\"so-panel widget widget_em_widget panel-first-child panel-last-child\" data-index=\"2\" ><div class=\"panel-widget-style panel-widget-style-for-2-2-0-0\" ><h3 class=\"widget-title\">N\u00e4chste Veranstaltungen:<\/h3><div class=\"em pixelbones em-list-widget em-events-widget\"><li>Mittwoch, 27. Mai 2026: <strong><a href=\"https:\/\/unser-quartier.de\/oberhausen\/events\/seniorenarbeit-der-zukunft\/\" data-wpel-link=\"internal\">Seniorenarbeit der Zukunft<\/a><\/strong>, Arbeitnehmer-Zentrum K\u00f6nigswinter (AZK) (K\u00f6nigswinter) <\/li><li>Samstag, 30. Mai 2026: <strong><a href=\"https:\/\/unser-quartier.de\/oberhausen\/events\/deutscher-patientenkongress-depression\/\" data-wpel-link=\"internal\">Deutscher Patientenkongress Depression<\/a><\/strong>, Alte Oper Frankfurt (Frankfurt) <\/li><li>Montag, 22. Juni 2026: <strong><a href=\"https:\/\/unser-quartier.de\/oberhausen\/events\/ki-power-fuer-eine-bessere-zukunft\/\" data-wpel-link=\"internal\">KI-Power f\u00fcr eine bessere Zukunft:<\/a><\/strong>, Franken-Akademie Schloss Schney (Lichtenfels - Schney) <\/li><li class=\"all-events-link\"><a href=\"https:\/\/unser-quartier.de\/oberhausen\/veranstaltungen\/liste\/\" title=\"weitere Veranstaltungen\" data-wpel-link=\"internal\">weitere Veranstaltungen<\/a><\/li><\/div><\/div><\/div><\/div><div id=\"pgc-2-2-1\"  class=\"panel-grid-cell\" ><div id=\"panel-2-2-1-0\" class=\"so-panel widget widget_sow-editor panel-first-child panel-last-child\" data-index=\"3\" ><div class=\"iw-med-up panel-widget-style panel-widget-style-for-2-2-1-0\" ><div\n\t\t\t\n\t\t\tclass=\"so-widget-sow-editor so-widget-sow-editor-base\"\n\t\t\t\n\t\t><h3 class=\"widget-title\">Hinweis f\u00fcr Akteure<\/h3>\n<div class=\"siteorigin-widget-tinymce textwidget\">\n\t<p>Ihre\u00a0 Aktivit\u00e4ten, Termine ver\u00f6ffentlichen wir kostenfrei. Weitergehende Info\u00b4s oder Beitr\u00e4ge nach Absprache!<\/p>\n<p>Nutzen Sie die M\u00f6glichkeiten f\u00fcr Ihre gemeinn\u00fctzige Einrichtung.<\/p>\n<p><a href=\"https:\/\/unser-quartier.de\/oberhausen\/kontakt\/\" data-wpel-link=\"internal\">Ihre Kontaktaufnahme!<\/a><\/p>\n<\/div>\n<\/div><\/div><\/div><\/div><\/div><div id=\"pg-2-3\"  class=\"panel-grid panel-no-style\" ><div id=\"pgc-2-3-0\"  class=\"panel-grid-cell\" ><div id=\"panel-2-3-0-0\" class=\"so-panel widget widget_sow-editor panel-first-child panel-last-child\" data-index=\"4\" ><div\n\t\t\t\n\t\t\tclass=\"so-widget-sow-editor so-widget-sow-editor-base\"\n\t\t\t\n\t\t><h3 class=\"widget-title\">Werden Sie aktiv - machen Sie mit !<\/h3>\n<div class=\"siteorigin-widget-tinymce textwidget\">\n\t<h2><strong>Quartier vernetzt - rund ums \u00c4lterwerden.<\/strong><\/h2>\n<p><strong>Mit dem Smartphone oder Tablet unterwegs? <\/strong>Laden Sie die <a href=\"https:\/\/unser-quartier.de\/oberhausen\/service\/app\/\" target=\"_blank\" rel=\"noopener\" data-wpel-link=\"internal\">Web-App:<\/a><\/p>\n<h3><strong>Unterst\u00fctzen Sie die Arbeit<\/strong><\/h3>\n<ul>\n<li>durch <a href=\"https:\/\/wp.me\/a91Zz0-Dl\" target=\"_blank\" rel=\"noopener nofollow external noreferrer\" data-wpel-link=\"external\" title=\"Externer Link: Weitersagen\" class=\"ext-link wpel-icon-right\">Weitersagen<span class=\"wpel-icon wpel-image wpel-icon-6\"><\/span><\/a>,<\/li>\n<\/ul>\n<p>Gemeinsam kann es gelingen, die soziale Teilhabe \u00e4lterer Menschen wieder zu st\u00e4rken und gleichzeitig einzubeziehen.<\/p>\n<ul>\n<li>aktive Mitarbeit!<\/li>\n<\/ul>\n<p>Geben Sie Ihre Meinung weiter, diskutieren Sie mit.\u00a0<strong> Pflegen Sie aktiven Verbraucherschutz<\/strong>. Demokratie lebt vom Mitgestalten. Ratsparteien, Verwaltung, Wohlfahrtsbeh\u00f6rden und andere brauchen Anregungen. Es macht Spa\u00df gemeinsam zu helfen, <a href=\"mailto:redaktion@raebiger.net\" target=\"_blank\" rel=\"noopener\"><strong>machen Sie mit!<\/strong>\u00a0<\/a>\u00a0<strong><br \/>\n<\/strong><\/p>\n<h2><strong>Werden Sie Teil des Redaktionsteam.<\/strong><\/h2>\n<\/div>\n<\/div><\/div><\/div><div id=\"pgc-2-3-1\"  class=\"panel-grid-cell\" ><div id=\"panel-2-3-1-0\" class=\"so-panel widget panel-first-child panel-last-child\" data-index=\"5\" ><\/div><\/div><\/div><div id=\"pg-2-4\"  class=\"panel-grid panel-no-style\" ><div id=\"pgc-2-4-0\"  class=\"panel-grid-cell panel-grid-cell-empty panel-grid-cell-mobile-last\" ><\/div><div id=\"pgc-2-4-1\"  class=\"panel-grid-cell panel-grid-cell-empty\" ><\/div><\/div><\/div>","protected":false},"excerpt":{"rendered":"<p>Willkommen auf der Website, die den Goldies\u00a0gewidmet ist. F\u00fcr engagierte Senioren, die neugierig sind, mit ihrem Leben verbunden zu bleiben und das Leben ihrer Stadt, ihrer Gemeinde, ihres Viertels entdecken und bereichern wollen. Sie finden Neuigkeiten, die Sie betreffen, Anregungen von Veranstaltungen, die Sie nicht verpassen sollten, n\u00fctzliche Informationen f\u00fcr Ihr t\u00e4gliches Leben sowie die&hellip; <a class=\"continue\" href=\"https:\/\/unser-quartier.de\/oberhausen\/2026\/04\/pflegezeitbudget\/sraebiger\/\" data-wpel-link=\"internal\"> \u00bb weiterlesen: <span> Pflegezeitbudget<\/span><\/a><\/p>\n","protected":false},"author":612,"featured_media":0,"parent":0,"menu_order":1,"comment_status":"closed","ping_status":"closed","template":"","meta":{"_monsterinsights_skip_tracking":false,"_monsterinsights_sitenote_active":false,"_monsterinsights_sitenote_note":"","_monsterinsights_sitenote_category":0,"generate_page_header":"","footnotes":""},"class_list":["post-2","page","type-page","status-publish","hentry"],"_links":{"self":[{"href":"https:\/\/unser-quartier.de\/oberhausen\/wp-json\/wp\/v2\/pages\/2","targetHints":{"allow":["GET"]}}],"collection":[{"href":"https:\/\/unser-quartier.de\/oberhausen\/wp-json\/wp\/v2\/pages"}],"about":[{"href":"https:\/\/unser-quartier.de\/oberhausen\/wp-json\/wp\/v2\/types\/page"}],"author":[{"embeddable":true,"href":"https:\/\/unser-quartier.de\/oberhausen\/wp-json\/wp\/v2\/users\/612"}],"replies":[{"embeddable":true,"href":"https:\/\/unser-quartier.de\/oberhausen\/wp-json\/wp\/v2\/comments?post=2"}],"version-history":[{"count":3,"href":"https:\/\/unser-quartier.de\/oberhausen\/wp-json\/wp\/v2\/pages\/2\/revisions"}],"predecessor-version":[{"id":18704,"href":"https:\/\/unser-quartier.de\/oberhausen\/wp-json\/wp\/v2\/pages\/2\/revisions\/18704"}],"wp:attachment":[{"href":"https:\/\/unser-quartier.de\/oberhausen\/wp-json\/wp\/v2\/media?parent=2"}],"curies":[{"name":"wp","href":"https:\/\/api.w.org\/{rel}","templated":true}]}}