{"id":1997,"date":"2018-10-25T14:33:05","date_gmt":"2018-10-25T12:33:05","guid":{"rendered":"https:\/\/unser-quartier.de\/ottelau-in-herford\/?page_id=1997"},"modified":"2018-12-18T09:37:08","modified_gmt":"2018-12-18T08:37:08","slug":"mgh-alte-schule-ottelau","status":"publish","type":"page","link":"https:\/\/unser-quartier.de\/ottelau-in-herford\/mgh-alte-schule-ottelau\/","title":{"rendered":"MGH &#8222;Alte Schule Ottelau&#8220;"},"content":{"rendered":"<p>Hier m\u00f6chten wir Ihnen gerne kurz das Mehrgenrationenhaus &#8222;Alte Schule Ottelau&#8220; und seine Geschichte vorstellen.\u00a0<\/p>\n<h4><strong>Begegnung der GenerA(k)tionen<br \/>\n<\/strong><\/h4>\n<p>Mit dem Projekt Mehrgenerationenhaus \u201eAlte Schule Ottelau\u201c startet das DRK ein Projekt, um das Miteinander der Generationen im Quartier Ottelau zu f\u00f6rdern. Der Stadtteil- und Begegnungstreff in der \u201eAlten Schule Ottelau\u201c bietet einen Treffpunkt f\u00fcr Menschen jeden Alters: Frauen, Kinder, Familien, M\u00e4nner, Jung und Alt sowie Angeh\u00f6rige aller Nationalit\u00e4ten und Glaubensgemeinschaften, Berufst\u00e4tige, Erwerbslose oder Menschen im Ruhestand.<br \/>\nAlle sind herzlich eingeladen mitzumachen, in ungezwungener Atmosph\u00e4re Kontakte zu kn\u00fcpfen, Freizeit zu gestalten, gemeinsame Ideen zu verwirklichen und voneinander und miteinander zu lernen.<\/p>\n<h4><strong><br \/>\nBei uns k\u00f6nnen Sie was erleben!<br \/>\n<\/strong><\/h4>\n<p>Die Alte Schule Ottelau schafft eine Infrastruktur, die allen Bev\u00f6lkerungsschichten im Quartier gerecht wird: von der Kindertagesst\u00e4tte, dem Familienzentrum DRK Kita Ottelau, \u00fcber das selbst zu organisierende Bewohner- und Stadtteilcaf\u00e8, von Angeboten der Kinder- und Jugendarbeit bis hin zu nachfrageorientierten Angeboten f\u00fcr das Wohnen und Leben im Alter.<br \/>\nDurch das Zusammenleben \u00e4lterer und j\u00fcngerer Menschen und Menschen mit Behinderungen soll der Isolation entgegengewirkt und ein kleinr\u00e4umliches Beziehungsgeflecht sowie Unterst\u00fctzungsm\u00f6glichkeiten im Rahmen nachbarschaftlicher Hilfen im Stadtteil entwickelt werden.<\/p>\n<p>Durch die Kooperation mit verschiedenen Tr\u00e4gern, Dienstleistern und Vereinen bietet das Mehrgenerationenhaus konkrete Unterst\u00fctzung bei der Vermittlung von Service- und Dienstleistungsangeboten und schafft so eine stadtteilbezogene Vernetzung.<strong>\u00a0<\/strong><\/p>\n<p>&nbsp;<\/p>\n<p><iframe loading=\"lazy\" width=\"1200\" height=\"675\" src=\"https:\/\/www.youtube.com\/embed\/9UDLEWJT3IQ?feature=oembed\" frameborder=\"0\" allow=\"accelerometer; autoplay; encrypted-media; gyroscope; picture-in-picture\" allowfullscreen><\/iframe><\/p>\n<h4><strong>Wir brauchen Sie!<br \/>\n<\/strong><\/h4>\n<p>Das Mehrgenerationenhaus lebt von Menschen, die sich hier engagieren. Der Einbeziehung des b\u00fcrgerschaftlichen Engagements kommt eine besondere Rolle zu, indem Bewohner des Quartiers ihre Alltagskompetenzen mit in das Mehrgenerationenhaus einbringen und sich dort engagieren.<\/p>\n<p>Wir helfen Ihnen, Ihre Ideen umzusetzen und bringen Sie mit Menschen zusammen, die Ihre F\u00e4higkeiten ben\u00f6tigen.<\/p>\n<p>Nur, wenn m\u00f6glichst viele Menschen mitmachen, kann der Gedanke des <strong>Mit- und F\u00fcreinander unter einem Dach <\/strong>verwirklicht werden.<\/p>\n<p>Machen Sie mit!<\/p>\n<p>&nbsp;<\/p>\n<p>Weite Informationen finden Sie auch unter den Kategorien<\/p>\n<p><a href=\"https:\/\/unser-quartier.de\/ottelau-in-herford\/ueber-uns\/\" data-wpel-link=\"internal\">\u00dcber uns<\/a><\/p>\n<p><a href=\"https:\/\/unser-quartier.de\/ottelau-in-herford\/angebote-und-projekte\/\" data-wpel-link=\"internal\">Angebote und Projekte<\/a><\/p>\n","protected":false},"excerpt":{"rendered":"<p>Hier m\u00f6chten wir Ihnen gerne kurz das Mehrgenrationenhaus &#8222;Alte Schule Ottelau&#8220; und seine Geschichte vorstellen.\u00a0 Begegnung der GenerA(k)tionen Mit dem Projekt Mehrgenerationenhaus \u201eAlte Schule Ottelau\u201c startet das DRK ein Projekt, um das Miteinander der Generationen im Quartier Ottelau zu f\u00f6rdern. Der Stadtteil- und Begegnungstreff in der \u201eAlten Schule Ottelau\u201c bietet einen Treffpunkt f\u00fcr Menschen jeden&hellip; <a class=\"continue\" href=\"https:\/\/unser-quartier.de\/ottelau-in-herford\/mgh-alte-schule-ottelau\/\" data-wpel-link=\"internal\"> \u00bb weiterlesen: <span> MGH &#8222;Alte Schule Ottelau&#8220;<\/span><\/a><\/p>\n","protected":false},"author":712,"featured_media":0,"parent":0,"menu_order":3,"comment_status":"closed","ping_status":"closed","template":"","meta":{"generate_page_header":"","footnotes":""},"class_list":["post-1997","page","type-page","status-publish"],"_links":{"self":[{"href":"https:\/\/unser-quartier.de\/ottelau-in-herford\/wp-json\/wp\/v2\/pages\/1997","targetHints":{"allow":["GET"]}}],"collection":[{"href":"https:\/\/unser-quartier.de\/ottelau-in-herford\/wp-json\/wp\/v2\/pages"}],"about":[{"href":"https:\/\/unser-quartier.de\/ottelau-in-herford\/wp-json\/wp\/v2\/types\/page"}],"author":[{"embeddable":true,"href":"https:\/\/unser-quartier.de\/ottelau-in-herford\/wp-json\/wp\/v2\/users\/712"}],"replies":[{"embeddable":true,"href":"https:\/\/unser-quartier.de\/ottelau-in-herford\/wp-json\/wp\/v2\/comments?post=1997"}],"version-history":[{"count":0,"href":"https:\/\/unser-quartier.de\/ottelau-in-herford\/wp-json\/wp\/v2\/pages\/1997\/revisions"}],"wp:attachment":[{"href":"https:\/\/unser-quartier.de\/ottelau-in-herford\/wp-json\/wp\/v2\/media?parent=1997"}],"curies":[{"name":"wp","href":"https:\/\/api.w.org\/{rel}","templated":true}]}}