{"id":2,"date":"2021-06-14T08:09:35","date_gmt":"2021-06-14T06:09:35","guid":{"rendered":"https:\/\/unser-quartier.de\/radundtat-barkenberg\/?page_id=2"},"modified":"2024-07-23T20:40:39","modified_gmt":"2024-07-23T18:40:39","slug":"beispiel-seite","status":"publish","type":"page","link":"https:\/\/unser-quartier.de\/radundtat-barkenberg\/","title":{"rendered":"Rikscha radeln mit dem Team \u201eRad &#038; Tat Barkenberg\u201c"},"content":{"rendered":"<p><img loading=\"lazy\" decoding=\"async\" class=\"alignleft  wp-image-39\" src=\"https:\/\/unser-quartier.de\/radundtat-barkenberg\/files\/2021\/06\/cropped-Rad-Tat-300x300.jpg\" alt=\"\" width=\"199\" height=\"199\" srcset=\"https:\/\/unser-quartier.de\/radundtat-barkenberg\/files\/2021\/06\/cropped-Rad-Tat-300x300.jpg 300w, https:\/\/unser-quartier.de\/radundtat-barkenberg\/files\/2021\/06\/cropped-Rad-Tat-150x150.jpg 150w, https:\/\/unser-quartier.de\/radundtat-barkenberg\/files\/2021\/06\/cropped-Rad-Tat-125x125.jpg 125w, https:\/\/unser-quartier.de\/radundtat-barkenberg\/files\/2021\/06\/cropped-Rad-Tat-270x270.jpg 270w, https:\/\/unser-quartier.de\/radundtat-barkenberg\/files\/2021\/06\/cropped-Rad-Tat-192x192.jpg 192w, https:\/\/unser-quartier.de\/radundtat-barkenberg\/files\/2021\/06\/cropped-Rad-Tat-180x180.jpg 180w, https:\/\/unser-quartier.de\/radundtat-barkenberg\/files\/2021\/06\/cropped-Rad-Tat-32x32.jpg 32w, https:\/\/unser-quartier.de\/radundtat-barkenberg\/files\/2021\/06\/cropped-Rad-Tat.jpg 512w\" sizes=\"auto, (max-width: 199px) 100vw, 199px\" \/><\/p>\r\n\r\n<p><strong>gemeinsam \u2013 elektrisch &#8211; mobil<\/strong><\/p>\r\n<p>Wir vom Team \u201eRad &amp; Tat Barkenberg\u201c m\u00f6chten mobilit\u00e4tseingeschr\u00e4nkten und alten Menschen kostenlos einen unterhaltsamen, aktiven Ausflug erm\u00f6glichen.<\/p>\r\n<p>Die Eine m\u00f6chte nur mal raus kommen aus dem Alltag, um den See gefahren werden oder die Stra\u00dfe sehen wo sie fr\u00fcher mal gewohnt hat, der Andere m\u00f6chte noch einmal rausfahren zu Tante Guste ins Caf\u00e9, zum Friedhof, zur Kirche oder zu den St\u00f6rchen im Hervester Bruch. Wer nicht mehr selbst in die Pedale treten kann oder m\u00f6chte, kann mit unserer seniorengerechten E-Rikscha und mit uns Fahrerinnen und Fahrern die Freude an gemeinsamen Fahrradtouren erhalten.\u00a0<\/p>\r\n<p>Unser<strong> \u201eBarki\u201c<\/strong> ist technisch gesehen ein Paralleltandem mit elektrischer Unterst\u00fctzung, mit dem Sie w\u00e4hrend der Fahrt entspannt die Umgebung wahrnehmen, wiederentdecken oder ganz neu erkunden k\u00f6nnen.<\/p>\r\n<p>&nbsp;<\/p>\r\n<p>&nbsp;<\/p>\r\n<p>&nbsp;<\/p>\r\n","protected":false},"excerpt":{"rendered":"<p>gemeinsam \u2013 elektrisch &#8211; mobil Wir vom Team \u201eRad &amp; Tat Barkenberg\u201c m\u00f6chten mobilit\u00e4tseingeschr\u00e4nkten und alten Menschen kostenlos einen unterhaltsamen, aktiven Ausflug erm\u00f6glichen. Die Eine m\u00f6chte nur mal raus kommen aus dem Alltag, um den See gefahren werden oder die Stra\u00dfe sehen wo sie fr\u00fcher mal gewohnt hat, der Andere m\u00f6chte noch einmal rausfahren zu [&hellip;]<\/p>\n","protected":false},"author":748,"featured_media":97,"parent":0,"menu_order":0,"comment_status":"closed","ping_status":"closed","template":"","meta":{"footnotes":""},"class_list":["post-2","page","type-page","status-publish","has-post-thumbnail","hentry"],"_links":{"self":[{"href":"https:\/\/unser-quartier.de\/radundtat-barkenberg\/wp-json\/wp\/v2\/pages\/2","targetHints":{"allow":["GET"]}}],"collection":[{"href":"https:\/\/unser-quartier.de\/radundtat-barkenberg\/wp-json\/wp\/v2\/pages"}],"about":[{"href":"https:\/\/unser-quartier.de\/radundtat-barkenberg\/wp-json\/wp\/v2\/types\/page"}],"author":[{"embeddable":true,"href":"https:\/\/unser-quartier.de\/radundtat-barkenberg\/wp-json\/wp\/v2\/users\/748"}],"replies":[{"embeddable":true,"href":"https:\/\/unser-quartier.de\/radundtat-barkenberg\/wp-json\/wp\/v2\/comments?post=2"}],"version-history":[{"count":1,"href":"https:\/\/unser-quartier.de\/radundtat-barkenberg\/wp-json\/wp\/v2\/pages\/2\/revisions"}],"predecessor-version":[{"id":160,"href":"https:\/\/unser-quartier.de\/radundtat-barkenberg\/wp-json\/wp\/v2\/pages\/2\/revisions\/160"}],"wp:featuredmedia":[{"embeddable":true,"href":"https:\/\/unser-quartier.de\/radundtat-barkenberg\/wp-json\/wp\/v2\/media\/97"}],"wp:attachment":[{"href":"https:\/\/unser-quartier.de\/radundtat-barkenberg\/wp-json\/wp\/v2\/media?parent=2"}],"curies":[{"name":"wp","href":"https:\/\/api.w.org\/{rel}","templated":true}]}}