{"id":371,"date":"2019-03-25T16:09:50","date_gmt":"2019-03-25T15:09:50","guid":{"rendered":"https:\/\/unser-quartier.de\/rc-wulfen\/?page_id=371"},"modified":"2019-03-25T16:12:30","modified_gmt":"2019-03-25T15:12:30","slug":"handyspende","status":"publish","type":"page","link":"https:\/\/unser-quartier.de\/rc-wulfen\/handyspende\/","title":{"rendered":"Handyspende"},"content":{"rendered":"<h2><strong>Das Repair Caf\u00e9 Wulfen unterst\u00fctzt die Handyspenden-Aktion von missio<\/strong><\/h2>\n<p>Bringen Sie Ihre nicht mehr gebrauchten Handys in unser Caf\u00e9. Wir helfen Ihnen dabei, vorhandene SIM- oder Speicherkarten zu entfernen.<\/p>\n<p>Mit der Spende Ihres alten Handys leisten Sie wichtigen\u00a0<b>Umwelt- und Klimaschutz<\/b> und helfen gleichzeitig Familien in Not. Missio l\u00e4sst die in den Althandys enthaltenen wertvollen Rohstoffe recyclen und die noch nutzbaren Ger\u00e4te zur Wiederverwendung aufbereiten. <b>Eventuell vorhandene Restdaten werden lt. missio dabei mittels herstellereigener Verfahren zuverl\u00e4ssig gel\u00f6scht.<\/b><\/p>\n<p>Aus den Erl\u00f6sen erh\u00e4lt\u00a0<em>missio\u00a0<\/em>aktuell\u00a0pro Handy, das wieder aufbereitet werden kann, zwei Euro und f\u00fcr jedes recycelte Handy 40 Cent f\u00fcr die \u00a0<em>Aktion Schutzengel. F\u00fcr Familien in Not.<\/em> <em>Weltweit.<\/em><br \/>\nDiese Unterst\u00fctzung kommt zum Beispiel den Traumazentren im Osten der DR Kongo zugute, in denen erfahrene Therapeuten den Opfern des B\u00fcrgerkriegs seelischen und medizinischen Beistand leisten und neuen Mut geben.<\/p>\n","protected":false},"excerpt":{"rendered":"<p>Das Repair Caf\u00e9 Wulfen unterst\u00fctzt die Handyspenden-Aktion von missio Bringen Sie Ihre nicht mehr gebrauchten Handys in unser Caf\u00e9. Wir helfen Ihnen dabei, vorhandene SIM- oder Speicherkarten zu entfernen. Mit der Spende Ihres alten Handys leisten Sie wichtigen\u00a0Umwelt- und Klimaschutz und helfen gleichzeitig Familien in Not. Missio l\u00e4sst die in den Althandys enthaltenen wertvollen Rohstoffe [&hellip;]<\/p>\n","protected":false},"author":748,"featured_media":372,"parent":0,"menu_order":0,"comment_status":"closed","ping_status":"closed","template":"","meta":{"footnotes":""},"class_list":["post-371","page","type-page","status-publish","has-post-thumbnail","hentry"],"_links":{"self":[{"href":"https:\/\/unser-quartier.de\/rc-wulfen\/wp-json\/wp\/v2\/pages\/371","targetHints":{"allow":["GET"]}}],"collection":[{"href":"https:\/\/unser-quartier.de\/rc-wulfen\/wp-json\/wp\/v2\/pages"}],"about":[{"href":"https:\/\/unser-quartier.de\/rc-wulfen\/wp-json\/wp\/v2\/types\/page"}],"author":[{"embeddable":true,"href":"https:\/\/unser-quartier.de\/rc-wulfen\/wp-json\/wp\/v2\/users\/748"}],"replies":[{"embeddable":true,"href":"https:\/\/unser-quartier.de\/rc-wulfen\/wp-json\/wp\/v2\/comments?post=371"}],"version-history":[{"count":0,"href":"https:\/\/unser-quartier.de\/rc-wulfen\/wp-json\/wp\/v2\/pages\/371\/revisions"}],"wp:featuredmedia":[{"embeddable":true,"href":"https:\/\/unser-quartier.de\/rc-wulfen\/wp-json\/wp\/v2\/media\/372"}],"wp:attachment":[{"href":"https:\/\/unser-quartier.de\/rc-wulfen\/wp-json\/wp\/v2\/media?parent=371"}],"curies":[{"name":"wp","href":"https:\/\/api.w.org\/{rel}","templated":true}]}}