{"id":23374,"date":"2021-08-19T17:47:56","date_gmt":"2021-08-19T15:47:56","guid":{"rendered":"https:\/\/unser-quartier.de\/roehlinghausen\/?page_id=23374"},"modified":"2025-03-02T10:47:00","modified_gmt":"2025-03-02T09:47:00","slug":"gartenarbeit-im-therapiegarten","status":"publish","type":"page","link":"https:\/\/unser-quartier.de\/roehlinghausen\/zwar\/top-veranstaltungen\/in-2021\/gartenarbeit-im-therapiegarten\/","title":{"rendered":"Gartenarbeit im Therapiegarten"},"content":{"rendered":"<p>An zwei Tagen, 09. und 10. August, haben flei\u00dfige H\u00e4nde im DRK Therapiegarten die Wege gereinigt, aus den Blumenbeeten Unkraut entfernt und B\u00e4ume beschnitten. \u00dcber die Kuchen- und Kaffeespende vom DRK haben wir uns sehr gefreut. Herzlichen Dank an die flei\u00dfigen G\u00e4rtner*innen.<\/p>\n<div id='gallery-1' class='gallery galleryid-23374 gallery-columns-3 gallery-size-thumbnail'><figure class='gallery-item'>\n\t\t\t<div class='gallery-icon portrait'>\n\t\t\t\t<a href=\"https:\/\/unser-quartier.de\/roehlinghausen\/zwar\/top-veranstaltungen\/in-2021\/gartenarbeit-im-therapiegarten\/drk_therapiegarten_08_2021-2\/#main\" data-wpel-link=\"internal\"><img loading=\"lazy\" decoding=\"async\" width=\"150\" height=\"267\" src=\"https:\/\/unser-quartier.de\/roehlinghausen\/files\/2021\/08\/drk_therapiegarten_08_2021-2-150x267.jpg\" class=\"attachment-thumbnail size-thumbnail\" alt=\"\" aria-describedby=\"gallery-1-23375\" srcset=\"https:\/\/unser-quartier.de\/roehlinghausen\/files\/2021\/08\/drk_therapiegarten_08_2021-2-150x267.jpg 150w, https:\/\/unser-quartier.de\/roehlinghausen\/files\/2021\/08\/drk_therapiegarten_08_2021-2-300x533.jpg 300w, https:\/\/unser-quartier.de\/roehlinghausen\/files\/2021\/08\/drk_therapiegarten_08_2021-2-576x1024.jpg 576w, https:\/\/unser-quartier.de\/roehlinghausen\/files\/2021\/08\/drk_therapiegarten_08_2021-2.jpg 675w\" sizes=\"auto, (max-width: 150px) 100vw, 150px\" \/><\/a>\n\t\t\t<\/div>\n\t\t\t\t<figcaption class='wp-caption-text gallery-caption' id='gallery-1-23375'>\n\t\t\t\tGerd fand den K\u00e4rcher toll\n\t\t\t\t<\/figcaption><\/figure><figure class='gallery-item'>\n\t\t\t<div class='gallery-icon portrait'>\n\t\t\t\t<a href=\"https:\/\/unser-quartier.de\/roehlinghausen\/zwar\/top-veranstaltungen\/in-2021\/gartenarbeit-im-therapiegarten\/drk_therapiegarten_08_2021-3\/#main\" data-wpel-link=\"internal\"><img loading=\"lazy\" decoding=\"async\" width=\"150\" height=\"267\" src=\"https:\/\/unser-quartier.de\/roehlinghausen\/files\/2021\/08\/drk_therapiegarten_08_2021-3-150x267.jpg\" class=\"attachment-thumbnail size-thumbnail\" alt=\"\" aria-describedby=\"gallery-1-23376\" srcset=\"https:\/\/unser-quartier.de\/roehlinghausen\/files\/2021\/08\/drk_therapiegarten_08_2021-3-150x267.jpg 150w, https:\/\/unser-quartier.de\/roehlinghausen\/files\/2021\/08\/drk_therapiegarten_08_2021-3-300x533.jpg 300w, https:\/\/unser-quartier.de\/roehlinghausen\/files\/2021\/08\/drk_therapiegarten_08_2021-3-576x1024.jpg 576w, https:\/\/unser-quartier.de\/roehlinghausen\/files\/2021\/08\/drk_therapiegarten_08_2021-3.jpg 675w\" sizes=\"auto, (max-width: 150px) 100vw, 150px\" \/><\/a>\n\t\t\t<\/div>\n\t\t\t\t<figcaption class='wp-caption-text gallery-caption' id='gallery-1-23376'>\n\t\t\t\tein bischen fegen\n\t\t\t\t<\/figcaption><\/figure><figure class='gallery-item'>\n\t\t\t<div class='gallery-icon portrait'>\n\t\t\t\t<a href=\"https:\/\/unser-quartier.de\/roehlinghausen\/zwar\/top-veranstaltungen\/in-2021\/gartenarbeit-im-therapiegarten\/drk_therapiegarten_08_2021-4\/#main\" data-wpel-link=\"internal\"><img loading=\"lazy\" decoding=\"async\" width=\"150\" height=\"267\" src=\"https:\/\/unser-quartier.de\/roehlinghausen\/files\/2021\/08\/drk_therapiegarten_08_2021-4-150x267.jpg\" class=\"attachment-thumbnail size-thumbnail\" alt=\"\" aria-describedby=\"gallery-1-23377\" srcset=\"https:\/\/unser-quartier.de\/roehlinghausen\/files\/2021\/08\/drk_therapiegarten_08_2021-4-150x267.jpg 150w, https:\/\/unser-quartier.de\/roehlinghausen\/files\/2021\/08\/drk_therapiegarten_08_2021-4-300x533.jpg 300w, https:\/\/unser-quartier.de\/roehlinghausen\/files\/2021\/08\/drk_therapiegarten_08_2021-4-576x1024.jpg 576w, https:\/\/unser-quartier.de\/roehlinghausen\/files\/2021\/08\/drk_therapiegarten_08_2021-4.jpg 675w\" sizes=\"auto, (max-width: 150px) 100vw, 150px\" \/><\/a>\n\t\t\t<\/div>\n\t\t\t\t<figcaption class='wp-caption-text gallery-caption' id='gallery-1-23377'>\n\t\t\t\tReinhard, Trinkpause mu\u00df sein\n\t\t\t\t<\/figcaption><\/figure><figure class='gallery-item'>\n\t\t\t<div class='gallery-icon portrait'>\n\t\t\t\t<a href=\"https:\/\/unser-quartier.de\/roehlinghausen\/zwar\/top-veranstaltungen\/in-2021\/gartenarbeit-im-therapiegarten\/drk_therapiegarten_08_2021-5\/#main\" data-wpel-link=\"internal\"><img loading=\"lazy\" decoding=\"async\" width=\"150\" height=\"267\" src=\"https:\/\/unser-quartier.de\/roehlinghausen\/files\/2021\/08\/drk_therapiegarten_08_2021-5-150x267.jpg\" class=\"attachment-thumbnail size-thumbnail\" alt=\"\" aria-describedby=\"gallery-1-23378\" srcset=\"https:\/\/unser-quartier.de\/roehlinghausen\/files\/2021\/08\/drk_therapiegarten_08_2021-5-150x267.jpg 150w, https:\/\/unser-quartier.de\/roehlinghausen\/files\/2021\/08\/drk_therapiegarten_08_2021-5-300x533.jpg 300w, https:\/\/unser-quartier.de\/roehlinghausen\/files\/2021\/08\/drk_therapiegarten_08_2021-5-576x1024.jpg 576w, https:\/\/unser-quartier.de\/roehlinghausen\/files\/2021\/08\/drk_therapiegarten_08_2021-5.jpg 675w\" sizes=\"auto, (max-width: 150px) 100vw, 150px\" \/><\/a>\n\t\t\t<\/div>\n\t\t\t\t<figcaption class='wp-caption-text gallery-caption' id='gallery-1-23378'>\n\t\t\t\tgeschafft\n\t\t\t\t<\/figcaption><\/figure><figure class='gallery-item'>\n\t\t\t<div class='gallery-icon portrait'>\n\t\t\t\t<a href=\"https:\/\/unser-quartier.de\/roehlinghausen\/zwar\/top-veranstaltungen\/in-2021\/gartenarbeit-im-therapiegarten\/drk_therapiegarten_08_2021-6\/#main\" data-wpel-link=\"internal\"><img loading=\"lazy\" decoding=\"async\" width=\"150\" height=\"267\" src=\"https:\/\/unser-quartier.de\/roehlinghausen\/files\/2021\/08\/drk_therapiegarten_08_2021-6-150x267.jpg\" class=\"attachment-thumbnail size-thumbnail\" alt=\"\" aria-describedby=\"gallery-1-23379\" srcset=\"https:\/\/unser-quartier.de\/roehlinghausen\/files\/2021\/08\/drk_therapiegarten_08_2021-6-150x267.jpg 150w, https:\/\/unser-quartier.de\/roehlinghausen\/files\/2021\/08\/drk_therapiegarten_08_2021-6-300x533.jpg 300w, https:\/\/unser-quartier.de\/roehlinghausen\/files\/2021\/08\/drk_therapiegarten_08_2021-6-576x1024.jpg 576w, https:\/\/unser-quartier.de\/roehlinghausen\/files\/2021\/08\/drk_therapiegarten_08_2021-6.jpg 675w\" sizes=\"auto, (max-width: 150px) 100vw, 150px\" \/><\/a>\n\t\t\t<\/div>\n\t\t\t\t<figcaption class='wp-caption-text gallery-caption' id='gallery-1-23379'>\n\t\t\t\tkleine Diskussion&#8230;\n\t\t\t\t<\/figcaption><\/figure><figure class='gallery-item'>\n\t\t\t<div class='gallery-icon landscape'>\n\t\t\t\t<a href=\"https:\/\/unser-quartier.de\/roehlinghausen\/zwar\/top-veranstaltungen\/in-2021\/gartenarbeit-im-therapiegarten\/drk_therapiegarten_08_2021-7\/#main\" data-wpel-link=\"internal\"><img loading=\"lazy\" decoding=\"async\" width=\"150\" height=\"84\" src=\"https:\/\/unser-quartier.de\/roehlinghausen\/files\/2021\/08\/drk_therapiegarten_08_2021-7-150x84.jpg\" class=\"attachment-thumbnail size-thumbnail\" alt=\"\" aria-describedby=\"gallery-1-23380\" srcset=\"https:\/\/unser-quartier.de\/roehlinghausen\/files\/2021\/08\/drk_therapiegarten_08_2021-7-150x84.jpg 150w, https:\/\/unser-quartier.de\/roehlinghausen\/files\/2021\/08\/drk_therapiegarten_08_2021-7-300x169.jpg 300w, https:\/\/unser-quartier.de\/roehlinghausen\/files\/2021\/08\/drk_therapiegarten_08_2021-7-1024x576.jpg 1024w, https:\/\/unser-quartier.de\/roehlinghausen\/files\/2021\/08\/drk_therapiegarten_08_2021-7-768x432.jpg 768w, https:\/\/unser-quartier.de\/roehlinghausen\/files\/2021\/08\/drk_therapiegarten_08_2021-7.jpg 1200w\" sizes=\"auto, (max-width: 150px) 100vw, 150px\" \/><\/a>\n\t\t\t<\/div>\n\t\t\t\t<figcaption class='wp-caption-text gallery-caption' id='gallery-1-23380'>\n\t\t\t\tZWAR kann was\n\t\t\t\t<\/figcaption><\/figure><figure class='gallery-item'>\n\t\t\t<div class='gallery-icon landscape'>\n\t\t\t\t<a href=\"https:\/\/unser-quartier.de\/roehlinghausen\/zwar\/top-veranstaltungen\/in-2021\/gartenarbeit-im-therapiegarten\/drk_therapiegarten_08_2021-8\/#main\" data-wpel-link=\"internal\"><img loading=\"lazy\" decoding=\"async\" width=\"150\" height=\"84\" src=\"https:\/\/unser-quartier.de\/roehlinghausen\/files\/2021\/08\/drk_therapiegarten_08_2021-8-150x84.jpg\" class=\"attachment-thumbnail size-thumbnail\" alt=\"\" aria-describedby=\"gallery-1-23381\" srcset=\"https:\/\/unser-quartier.de\/roehlinghausen\/files\/2021\/08\/drk_therapiegarten_08_2021-8-150x84.jpg 150w, https:\/\/unser-quartier.de\/roehlinghausen\/files\/2021\/08\/drk_therapiegarten_08_2021-8-300x169.jpg 300w, https:\/\/unser-quartier.de\/roehlinghausen\/files\/2021\/08\/drk_therapiegarten_08_2021-8-1024x576.jpg 1024w, https:\/\/unser-quartier.de\/roehlinghausen\/files\/2021\/08\/drk_therapiegarten_08_2021-8-768x432.jpg 768w, https:\/\/unser-quartier.de\/roehlinghausen\/files\/2021\/08\/drk_therapiegarten_08_2021-8.jpg 1200w\" sizes=\"auto, (max-width: 150px) 100vw, 150px\" \/><\/a>\n\t\t\t<\/div>\n\t\t\t\t<figcaption class='wp-caption-text gallery-caption' id='gallery-1-23381'>\n\t\t\t\tes waren doppelt so viele S\u00e4cke\n\t\t\t\t<\/figcaption><\/figure>\n\t\t<\/div>\n\n","protected":false},"excerpt":{"rendered":"<p>An zwei Tagen, 09. und 10. August, haben flei\u00dfige H\u00e4nde im DRK Therapiegarten die Wege gereinigt, aus den Blumenbeeten Unkraut entfernt und B\u00e4ume beschnitten. \u00dcber die Kuchen- und Kaffeespende vom DRK haben wir uns sehr gefreut. Herzlichen Dank an die flei\u00dfigen G\u00e4rtner*innen.<\/p>\n","protected":false},"author":441,"featured_media":0,"parent":23359,"menu_order":5,"comment_status":"closed","ping_status":"closed","template":"","meta":{"generate_page_header":"","footnotes":""},"class_list":["post-23374","page","type-page","status-publish"],"_links":{"self":[{"href":"https:\/\/unser-quartier.de\/roehlinghausen\/wp-json\/wp\/v2\/pages\/23374","targetHints":{"allow":["GET"]}}],"collection":[{"href":"https:\/\/unser-quartier.de\/roehlinghausen\/wp-json\/wp\/v2\/pages"}],"about":[{"href":"https:\/\/unser-quartier.de\/roehlinghausen\/wp-json\/wp\/v2\/types\/page"}],"author":[{"embeddable":true,"href":"https:\/\/unser-quartier.de\/roehlinghausen\/wp-json\/wp\/v2\/users\/441"}],"replies":[{"embeddable":true,"href":"https:\/\/unser-quartier.de\/roehlinghausen\/wp-json\/wp\/v2\/comments?post=23374"}],"version-history":[{"count":1,"href":"https:\/\/unser-quartier.de\/roehlinghausen\/wp-json\/wp\/v2\/pages\/23374\/revisions"}],"predecessor-version":[{"id":29200,"href":"https:\/\/unser-quartier.de\/roehlinghausen\/wp-json\/wp\/v2\/pages\/23374\/revisions\/29200"}],"up":[{"embeddable":true,"href":"https:\/\/unser-quartier.de\/roehlinghausen\/wp-json\/wp\/v2\/pages\/23359"}],"wp:attachment":[{"href":"https:\/\/unser-quartier.de\/roehlinghausen\/wp-json\/wp\/v2\/media?parent=23374"}],"curies":[{"name":"wp","href":"https:\/\/api.w.org\/{rel}","templated":true}]}}