{"id":23512,"date":"2021-10-03T05:58:27","date_gmt":"2021-10-03T03:58:27","guid":{"rendered":"https:\/\/unser-quartier.de\/roehlinghausen\/?page_id=23512"},"modified":"2025-03-02T10:20:34","modified_gmt":"2025-03-02T09:20:34","slug":"buez-selbsthilfe-in-herne","status":"publish","type":"page","link":"https:\/\/unser-quartier.de\/roehlinghausen\/buez-selbsthilfe-in-herne\/","title":{"rendered":"B\u00fcZ-Selbsthilfe in Herne"},"content":{"rendered":"<p>Das buez \u2013 Selbsthilfe-Netzwerk Herne (buez) ist die zentrale Anlaufstelle f\u00fcr Kontakt, Information und Beratung im Selbsthilfebereich.<\/p>\n<p>Bereits seit 1980 wird Selbsthilfe in Herne vom Gesundheitsamt der Stadt unterst\u00fctzt. Im Jahr 1993 wurde dann mit F\u00f6rdergeldern des Landes Nordrhein-Westfalen in Herne eine der ersten kommunalen Kontakt- und Informationsstellen f\u00fcr Selbsthilfe (KISS) in Nordrhein-Westfalen eingerichtet. Bekannt unter dem Namen B\u00fcrger-Selbsthilfe-Zentrum (B\u00fcZ) fungierte sie seit 2001 im Fachbereich Gesundheit \/ Abteilung Gesundheitsf\u00f6rderung und-planung als Infopunkt und Drehscheibe zahlreicher Selbsthilfeaktivit\u00e4ten in Herne.<\/p>\n<p>Zum 30-j\u00e4hrigen Bestehen am 10. November 2023 erhielt die Selbsthilfekontaktstelle einen neuen \u201eAnstrich\u201c. Aus \u201eB\u00fcZ\u201c wurde \u201ebuez\u201c \u2013 zuk\u00fcnftig steht unser Name f\u00fcr unser Selbstverst\u00e4ndnis und f\u00fcr unsere Funktion als Kontaktstelle:<\/p>\n<p><strong>b u e z =<\/strong> <strong>B<\/strong>eratung, <strong>U<\/strong>nterst\u00fctzung, <strong>E<\/strong>mpowerment und <strong>Z<\/strong>uversicht<\/p>\n<p>Mit diesen Worten, Handlungen und W\u00fcnschen f\u00fcllen wir heute den Namen buez. Gelingen wird uns dieses in der Netzwerkarbeit mit allen Selbsthilfegruppen und mit vielen Kooperationspartner*innen in Herne. Symbolisch daf\u00fcr steht das Netz aus den Herner Stadtfarben im Buchstaben e. Denn Empowerment \u2013 die Hilfe zur Selbsthilfe \u2013 entsteht in Vielfalt und im Zusammenhalt.<\/p>\n<p>Unser Ziel bleibt es, Menschen zu ermutigen, ihre Probleme selbst in die Hand zu nehmen und in einer Selbsthilfegruppe gemeinsam mit anderen Menschen neue Perspektiven f\u00fcr sich zu entdecken.<\/p>\n<p><a href=\"https:\/\/www.herne.de\/Stadt-und-Leben\/Gesundheit\/Selbsthilfe\/Das-B%C3%9CZ\/\" data-wpel-link=\"external\" target=\"_blank\" rel=\"follow external noopener noreferrer\" title=\"Externer Link: \" class=\"ext-link wpel-icon-right\">Das B\u00fcrger-Selbsthilfe-Zentrum<span class=\"wpel-icon wpel-image wpel-icon-6\"><\/span><\/a><br \/>\nDas B\u00fcrger-Selbsthilfe-Zentrum Herne (B\u00fcZ Herne) ist die zentrale Anlaufstelle f\u00fcr Kontakt, Information und Beratung im Selbsthilfebereich.<\/p>\n<p>Selbsthilfegruppen von A-Z<br \/>\nGemeinsam eigene Wege gehen. Hier k\u00f6nnen Sie sich die<br \/>\n<a href=\"https:\/\/www.herne.de\/PDF\/Gesundheit\/Selbsthilfe\/gherne_selbsthilfe_210x280_1223_final.pdf\" class=\"mtli_attachment mtli_pdf ext-link wpel-icon-right\" data-wpel-link=\"external\" target=\"_blank\" rel=\"follow external noopener noreferrer\" title=\"Externer Link: \">B\u00fcZ- Brosch\u00fcre herunterladen<span class=\"wpel-icon wpel-image wpel-icon-6\"><\/span><\/a><\/p>\n<p>Gemeinsam sind wir stark! <br \/>\n<a href=\"https:\/\/www.herne.de\/PDF\/Gesundheit\/Selbsthilfejournal\/buez_journal_2019_web.pdf\" class=\"mtli_attachment mtli_pdf ext-link wpel-icon-right\" data-wpel-link=\"external\" target=\"_blank\" rel=\"follow external noopener noreferrer\" title=\"Externer Link: \">Selbsthilfejournal (PDF, 2.698 KB)<span class=\"wpel-icon wpel-image wpel-icon-6\"><\/span><\/a><\/p>\n<p><a href=\"https:\/\/www.herne.de\/PDF\/Ehrenamt\/Herner-Akademie.pdf\" class=\"mtli_attachment mtli_pdf ext-link wpel-icon-right\" data-wpel-link=\"external\" target=\"_blank\" rel=\"follow external noopener noreferrer\" title=\"Externer Link: \">B\u00fcZ Aktiv<span class=\"wpel-icon wpel-image wpel-icon-6\"><\/span><\/a><br \/>\nVeranstaltungen und mehr. Das B\u00fcrger-Selbsthilfe-Zentrum initiiert und organisiert gemeinsam mit Herner Selbsthilfegruppen im Verlauf eines Jahres zahlreiche Veranstaltungen und Aktionen.<\/p>\n","protected":false},"excerpt":{"rendered":"<p>Das buez \u2013 Selbsthilfe-Netzwerk Herne (buez) ist die zentrale Anlaufstelle f\u00fcr Kontakt, Information und Beratung im Selbsthilfebereich. Bereits seit 1980 wird Selbsthilfe in Herne vom Gesundheitsamt der Stadt unterst\u00fctzt. Im Jahr 1993 wurde dann mit F\u00f6rdergeldern des Landes Nordrhein-Westfalen in Herne eine der ersten kommunalen Kontakt- und Informationsstellen f\u00fcr Selbsthilfe (KISS) in Nordrhein-Westfalen eingerichtet. Bekannt&hellip; <a class=\"continue\" href=\"https:\/\/unser-quartier.de\/roehlinghausen\/buez-selbsthilfe-in-herne\/\" data-wpel-link=\"internal\">\u2192 weiter lesen:<span> B\u00fcZ-Selbsthilfe in Herne<\/span><\/a><\/p>\n","protected":false},"author":441,"featured_media":0,"parent":0,"menu_order":24,"comment_status":"closed","ping_status":"closed","template":"","meta":{"generate_page_header":"","footnotes":""},"class_list":["post-23512","page","type-page","status-publish"],"_links":{"self":[{"href":"https:\/\/unser-quartier.de\/roehlinghausen\/wp-json\/wp\/v2\/pages\/23512","targetHints":{"allow":["GET"]}}],"collection":[{"href":"https:\/\/unser-quartier.de\/roehlinghausen\/wp-json\/wp\/v2\/pages"}],"about":[{"href":"https:\/\/unser-quartier.de\/roehlinghausen\/wp-json\/wp\/v2\/types\/page"}],"author":[{"embeddable":true,"href":"https:\/\/unser-quartier.de\/roehlinghausen\/wp-json\/wp\/v2\/users\/441"}],"replies":[{"embeddable":true,"href":"https:\/\/unser-quartier.de\/roehlinghausen\/wp-json\/wp\/v2\/comments?post=23512"}],"version-history":[{"count":3,"href":"https:\/\/unser-quartier.de\/roehlinghausen\/wp-json\/wp\/v2\/pages\/23512\/revisions"}],"predecessor-version":[{"id":26580,"href":"https:\/\/unser-quartier.de\/roehlinghausen\/wp-json\/wp\/v2\/pages\/23512\/revisions\/26580"}],"wp:attachment":[{"href":"https:\/\/unser-quartier.de\/roehlinghausen\/wp-json\/wp\/v2\/media?parent=23512"}],"curies":[{"name":"wp","href":"https:\/\/api.w.org\/{rel}","templated":true}]}}