{"id":23542,"date":"2021-10-12T21:33:35","date_gmt":"2021-10-12T19:33:35","guid":{"rendered":"https:\/\/unser-quartier.de\/roehlinghausen\/?page_id=23542"},"modified":"2025-03-02T03:32:16","modified_gmt":"2025-03-02T02:32:16","slug":"train-the-trainer","status":"publish","type":"page","link":"https:\/\/unser-quartier.de\/roehlinghausen\/zwar\/gruppe-themen\/train-the-trainer\/","title":{"rendered":"Train the Trainer"},"content":{"rendered":"<h2><img loading=\"lazy\" decoding=\"async\" class=\"image-border aligncenter wp-image-23553 size-large\" src=\"https:\/\/unser-quartier.de\/roehlinghausen\/files\/2021\/10\/digitalisierung_lernen-1024x683.jpg\" alt=\"\" width=\"1024\" height=\"683\" srcset=\"https:\/\/unser-quartier.de\/roehlinghausen\/files\/2021\/10\/digitalisierung_lernen-1024x683.jpg 1024w, https:\/\/unser-quartier.de\/roehlinghausen\/files\/2021\/10\/digitalisierung_lernen-300x200.jpg 300w, https:\/\/unser-quartier.de\/roehlinghausen\/files\/2021\/10\/digitalisierung_lernen-150x100.jpg 150w, https:\/\/unser-quartier.de\/roehlinghausen\/files\/2021\/10\/digitalisierung_lernen-768x512.jpg 768w, https:\/\/unser-quartier.de\/roehlinghausen\/files\/2021\/10\/digitalisierung_lernen-272x182.jpg 272w, https:\/\/unser-quartier.de\/roehlinghausen\/files\/2021\/10\/digitalisierung_lernen.jpg 1200w\" sizes=\"auto, (max-width: 1024px) 100vw, 1024px\" \/><\/h2>\n<h2>Qualifizierung digitaler Themenchampions f\u00fcr \u00e4ltere Menschen in NRW.<\/h2>\n<h3>Train the Trainer 2020<\/h3>\n<p>In Kooperation mit der Verbraucherinitiative e. V. (Bundesverband) f\u00fchrt seit November 2019 <a href=\"https:\/\/www.zwar-ev.de\/\" data-wpel-link=\"external\" target=\"_blank\" rel=\"follow external noopener noreferrer\" title=\"Externer Link: \" class=\"ext-link wpel-icon-right\">ZWAR e. V.<span class=\"wpel-icon wpel-image wpel-icon-6\"><\/span><\/a> das Projekt \u201cTrain the Trainer \u2013 Qualifizierung digitaler Themenchampions f\u00fcr \u00e4ltere Menschen in NRW\u201d durch. Digitalkompetenz \u00e4lterer Menschen in NRW durch die Qualifizierung ehrenamtlicher Multiplikatoren zu verbessern, ist das Ziel dieses Projektes. Der souver\u00e4ne Umgang mit digitalen Medien soll gef\u00f6rdert werden und um Strategien f\u00fcr eine nachhaltige digitale und \u201eanaloge\u201c Vernetzungsstruktur \u201edigitaler Multiplikatoren\u201c f\u00fcr das gesamte Bundesland zu erproben und zu entwickeln.<\/p>\n<p>Interessierte ZWARler*innen nehmen an Qualifizierungen teil und k\u00f6nnen so als Multiplikatoren ihr Wissen in von ihnen selbst organisierten Veranstaltungen an ihr eigenes ZWAR Netzwerk und an andere \u00e4ltere Menschen aus ihrem Stadtteil weitergeben.<\/p>\n<p>Unterst\u00fctzt und geschult werden sie dabei von den hauptamtlichen Projektmitarbeiter*innen Kirsten Kemna (ZWAR e.V.) und Guido Steinke (Verbraucherinitiative e.V.) sowie \u00a0von externen Experten, die zu den Veranstaltungen digital zugeschaltet werden. Gemeinsam haben sie im letzten Jahr 2020 ein Pilot-Projekt zur F\u00f6rderung der digitalen Medienkompetenz \u00e4lterer Menschen durchgef\u00fchrt und insgesamt 45 Themenchampions qualifiziert.<\/p>\n<h3>Train the Trainer 2021<\/h3>\n<p>Aufgrund der gro\u00dfartigen Resonanz aus dem Digitalprojekt 2020 wird &#8222;Train the Trainer&#8220; 2021\/2022 nun auf das gesamt Bundesland NRW \u201eausgerollt\u201c. Die Qualifizierung von sogenannten Themenchampions, welche als Multiplikator:innen in der Wissensweitergabe fungieren, wird weiter gef\u00fchrt und ab September 2021 ist die Qualifizierung in den ZWAR Gruppen gestartet.<\/p>\n<p>Einsteiger:innen als auch Fortgeschrittene und Profis k\u00f6nnen sich in &#8222;Online Sprechstunden&#8220; \u00fcber die aktuellen Themen des digitalen Angebots informieren und austauschen. Interessierte ZWARler:innen d\u00fcrfen sehr gerne jederzeit in die Online Sprechstunden reinschauen.<\/p>\n<h3>Beispiele aktueller Themen<\/h3>\n<ul>\n<li>Die eigene (ZWAR-)Website erstellen<\/li>\n<li>Digitale Verm\u00f6gensanlage<\/li>\n<li>Digitaler Impfpass<\/li>\n<li>Online Einkaufen und Bezahlen<\/li>\n<li>Apps auf dem Smartphone deinstallieren<\/li>\n<\/ul>\n<p>Hier erhalten sie den <a href=\"https:\/\/www.zwar-ev.de\/fileadmin\/user_upload\/Projekt_TtT_Flyer_2020.pdf\" class=\"mtli_attachment mtli_pdf ext-link wpel-icon-right\" data-wpel-link=\"external\" target=\"_blank\" rel=\"follow external noopener noreferrer\" title=\"Externer Link: \">Projektflyer zum Ausdrucken.<span class=\"wpel-icon wpel-image wpel-icon-6\"><\/span><\/a><\/p>\n<p>Weitere Informationen zum <a href=\"https:\/\/www.zwar-ev.de\/train-the-trainer\/\" data-wpel-link=\"external\" target=\"_blank\" rel=\"follow external noopener noreferrer\" title=\"Externer Link: \" class=\"ext-link wpel-icon-right\">Pilotprojekt<span class=\"wpel-icon wpel-image wpel-icon-6\"><\/span><\/a>, zur <a class=\"downloadUrl mtli_attachment mtli_pdf ext-link wpel-icon-right\" title=\"Externer Link: Open or download file in new window\" href=\"https:\/\/www.zwar-ev.de\/fileadmin\/user_upload\/Projekt-TraintheTrainer_Konzept.pdf\" target=\"_blank\" rel=\"noopener follow external noreferrer\" data-wpel-link=\"external\">Projektkonzeption<span class=\"wpel-icon wpel-image wpel-icon-6\"><\/span><\/a> und auf dem<a class=\"extUrl ext-link wpel-icon-right\" title=\"Externer Link: Open external link in new window\" href=\"https:\/\/www.youtube.com\/channel\/UCzDGQ6zLs4mfpzh7Iqg_YFg\" target=\"_blank\" rel=\"noopener follow external noreferrer\" data-wpel-link=\"external\"> YouTube-Kanal<span class=\"wpel-icon wpel-image wpel-icon-6\"><\/span><\/a>.<\/p>\n<p>&nbsp;<\/p>\n","protected":false},"excerpt":{"rendered":"<p>Qualifizierung digitaler Themenchampions f\u00fcr \u00e4ltere Menschen in NRW. Train the Trainer 2020 In Kooperation mit der Verbraucherinitiative e. V. (Bundesverband) f\u00fchrt seit November 2019 ZWAR e. V. das Projekt \u201cTrain the Trainer \u2013 Qualifizierung digitaler Themenchampions f\u00fcr \u00e4ltere Menschen in NRW\u201d durch. Digitalkompetenz \u00e4lterer Menschen in NRW durch die Qualifizierung ehrenamtlicher Multiplikatoren zu verbessern, ist&hellip; <a class=\"continue\" href=\"https:\/\/unser-quartier.de\/roehlinghausen\/zwar\/gruppe-themen\/train-the-trainer\/\" data-wpel-link=\"internal\">\u2192 weiter lesen:<span> Train the Trainer<\/span><\/a><\/p>\n","protected":false},"author":441,"featured_media":0,"parent":17839,"menu_order":1,"comment_status":"closed","ping_status":"closed","template":"","meta":{"generate_page_header":"","footnotes":""},"class_list":["post-23542","page","type-page","status-publish"],"_links":{"self":[{"href":"https:\/\/unser-quartier.de\/roehlinghausen\/wp-json\/wp\/v2\/pages\/23542","targetHints":{"allow":["GET"]}}],"collection":[{"href":"https:\/\/unser-quartier.de\/roehlinghausen\/wp-json\/wp\/v2\/pages"}],"about":[{"href":"https:\/\/unser-quartier.de\/roehlinghausen\/wp-json\/wp\/v2\/types\/page"}],"author":[{"embeddable":true,"href":"https:\/\/unser-quartier.de\/roehlinghausen\/wp-json\/wp\/v2\/users\/441"}],"replies":[{"embeddable":true,"href":"https:\/\/unser-quartier.de\/roehlinghausen\/wp-json\/wp\/v2\/comments?post=23542"}],"version-history":[{"count":1,"href":"https:\/\/unser-quartier.de\/roehlinghausen\/wp-json\/wp\/v2\/pages\/23542\/revisions"}],"predecessor-version":[{"id":29176,"href":"https:\/\/unser-quartier.de\/roehlinghausen\/wp-json\/wp\/v2\/pages\/23542\/revisions\/29176"}],"up":[{"embeddable":true,"href":"https:\/\/unser-quartier.de\/roehlinghausen\/wp-json\/wp\/v2\/pages\/17839"}],"wp:attachment":[{"href":"https:\/\/unser-quartier.de\/roehlinghausen\/wp-json\/wp\/v2\/media?parent=23542"}],"curies":[{"name":"wp","href":"https:\/\/api.w.org\/{rel}","templated":true}]}}