{"id":2753,"date":"2017-02-05T08:47:55","date_gmt":"2017-02-05T07:47:55","guid":{"rendered":"https:\/\/unser-quartier.de\/roehlinghausen\/?page_id=2753"},"modified":"2017-05-05T18:22:34","modified_gmt":"2017-05-05T16:22:34","slug":"redaktionsstatus","status":"publish","type":"page","link":"https:\/\/unser-quartier.de\/roehlinghausen\/ueber-uns\/redaktionsstatus\/","title":{"rendered":"Redaktionsstatus"},"content":{"rendered":"<p>Die Plattform ist grunds\u00e4tzlich offen f\u00fcr alle Beitr\u00e4ge, Termine und Anbieter, die f\u00fcr die Bewohner\/innen im Quartier relevant sind. Die Online-Redaktion betreut alle inhaltlichen Bereiche des Portals. Dabei bewahren wir stets das Recht am eigenen Bild und Text und verwenden ausschlie\u00dflich selbsterstelltes, frei verwndbares oder uns zur Verf\u00fcgung gestelltes Material. Inhaltliche Beitr\u00e4ge werden nur von der Redaktion ver\u00f6ffentlicht. Wir erkennen das Internet als einen nicht rechtsfreien Raum an und beachten stets die in Deutschland geltende Rechts- und Gesetzeslage. Wir werden keine Werbung schalten.<\/p>\n<p>F\u00fcr Hinweise zur Verbesserung unseres Angebots nehmen Sie bitte mit uns \u00fcber unser Formular Kontakt zu uns auf.<\/p>\n","protected":false},"excerpt":{"rendered":"<p>Die Plattform ist grunds\u00e4tzlich offen f\u00fcr alle Beitr\u00e4ge, Termine und Anbieter, die f\u00fcr die Bewohner\/innen im Quartier relevant sind. Die Online-Redaktion betreut alle inhaltlichen Bereiche des Portals. Dabei bewahren wir stets das Recht am eigenen Bild und Text und verwenden ausschlie\u00dflich selbsterstelltes, frei verwndbares oder uns zur Verf\u00fcgung gestelltes Material. Inhaltliche Beitr\u00e4ge werden nur von&hellip; <a class=\"continue\" href=\"https:\/\/unser-quartier.de\/roehlinghausen\/ueber-uns\/redaktionsstatus\/\" data-wpel-link=\"internal\">\u2192 weiter lesen:<span> Redaktionsstatus<\/span><\/a><\/p>\n","protected":false},"author":499,"featured_media":0,"parent":3323,"menu_order":8,"comment_status":"closed","ping_status":"closed","template":"","meta":{"generate_page_header":"","footnotes":""},"class_list":["post-2753","page","type-page","status-publish"],"_links":{"self":[{"href":"https:\/\/unser-quartier.de\/roehlinghausen\/wp-json\/wp\/v2\/pages\/2753","targetHints":{"allow":["GET"]}}],"collection":[{"href":"https:\/\/unser-quartier.de\/roehlinghausen\/wp-json\/wp\/v2\/pages"}],"about":[{"href":"https:\/\/unser-quartier.de\/roehlinghausen\/wp-json\/wp\/v2\/types\/page"}],"author":[{"embeddable":true,"href":"https:\/\/unser-quartier.de\/roehlinghausen\/wp-json\/wp\/v2\/users\/499"}],"replies":[{"embeddable":true,"href":"https:\/\/unser-quartier.de\/roehlinghausen\/wp-json\/wp\/v2\/comments?post=2753"}],"version-history":[{"count":0,"href":"https:\/\/unser-quartier.de\/roehlinghausen\/wp-json\/wp\/v2\/pages\/2753\/revisions"}],"up":[{"embeddable":true,"href":"https:\/\/unser-quartier.de\/roehlinghausen\/wp-json\/wp\/v2\/pages\/3323"}],"wp:attachment":[{"href":"https:\/\/unser-quartier.de\/roehlinghausen\/wp-json\/wp\/v2\/media?parent=2753"}],"curies":[{"name":"wp","href":"https:\/\/api.w.org\/{rel}","templated":true}]}}