{"id":28884,"date":"2025-02-21T16:43:22","date_gmt":"2025-02-21T15:43:22","guid":{"rendered":"https:\/\/unser-quartier.de\/roehlinghausen\/?page_id=28884"},"modified":"2025-03-02T10:29:17","modified_gmt":"2025-03-02T09:29:17","slug":"zeitungsartikel","status":"publish","type":"page","link":"https:\/\/unser-quartier.de\/roehlinghausen\/zwar\/gruppe-oeffentlichkeitsarbeit\/zeitungsartikel\/","title":{"rendered":"Zeitungsartikel"},"content":{"rendered":"\n<div class=\"wp-block-media-text is-stacked-on-mobile\"><figure class=\"wp-block-media-text__media\"><img loading=\"lazy\" decoding=\"async\" width=\"1024\" height=\"995\" src=\"https:\/\/unser-quartier.de\/roehlinghausen\/files\/2020\/01\/zwar_dez_2019-1024x995.jpg\" alt=\"ZWAR feiert Jahresabschlu\u00df\" class=\"wp-image-21355 size-full\" srcset=\"https:\/\/unser-quartier.de\/roehlinghausen\/files\/2020\/01\/zwar_dez_2019-1024x995.jpg 1024w, https:\/\/unser-quartier.de\/roehlinghausen\/files\/2020\/01\/zwar_dez_2019-300x291.jpg 300w, https:\/\/unser-quartier.de\/roehlinghausen\/files\/2020\/01\/zwar_dez_2019-150x145.jpg 150w, https:\/\/unser-quartier.de\/roehlinghausen\/files\/2020\/01\/zwar_dez_2019-768x746.jpg 768w, https:\/\/unser-quartier.de\/roehlinghausen\/files\/2020\/01\/zwar_dez_2019-1536x1493.jpg 1536w, https:\/\/unser-quartier.de\/roehlinghausen\/files\/2020\/01\/zwar_dez_2019-2048x1990.jpg 2048w, https:\/\/unser-quartier.de\/roehlinghausen\/files\/2020\/01\/zwar_dez_2019.jpg 1183w\" sizes=\"auto, (max-width: 1024px) 100vw, 1024px\" \/><\/figure><div class=\"wp-block-media-text__content\">\n<p>WAZ vom 21.01.2019<br>Gruppenbild zur Jahresabschlussfeier 2019<\/p>\n<\/div><\/div>\n\n\n\n<div class=\"wp-block-media-text is-stacked-on-mobile\"><figure class=\"wp-block-media-text__media\"><img loading=\"lazy\" decoding=\"async\" width=\"1024\" height=\"1024\" src=\"https:\/\/unser-quartier.de\/roehlinghausen\/files\/2019\/12\/20191204_111227-2-1024x1024.jpg\" alt=\"ZWAR trifft die Islamische Gemeinde\" class=\"wp-image-20792 size-full\" srcset=\"https:\/\/unser-quartier.de\/roehlinghausen\/files\/2019\/12\/20191204_111227-2-1024x1024.jpg 1024w, https:\/\/unser-quartier.de\/roehlinghausen\/files\/2019\/12\/20191204_111227-2-300x300.jpg 300w, https:\/\/unser-quartier.de\/roehlinghausen\/files\/2019\/12\/20191204_111227-2-150x150.jpg 150w, https:\/\/unser-quartier.de\/roehlinghausen\/files\/2019\/12\/20191204_111227-2-768x768.jpg 768w, https:\/\/unser-quartier.de\/roehlinghausen\/files\/2019\/12\/20191204_111227-2.jpg 1200w\" sizes=\"auto, (max-width: 1024px) 100vw, 1024px\" \/><\/figure><div class=\"wp-block-media-text__content\">\n<p>WAZ vom 28.11.2019<br>ZWAR trifft die Islamische Gemeinde<\/p>\n<\/div><\/div>\n\n\n\n<div class=\"wp-block-media-text is-stacked-on-mobile\"><figure class=\"wp-block-media-text__media\"><img loading=\"lazy\" decoding=\"async\" width=\"1015\" height=\"1024\" src=\"https:\/\/unser-quartier.de\/roehlinghausen\/files\/2019\/09\/baldeneysee-1015x1024.jpg\" alt=\"\" class=\"wp-image-19795 size-full\" srcset=\"https:\/\/unser-quartier.de\/roehlinghausen\/files\/2019\/09\/baldeneysee-1015x1024.jpg 1015w, https:\/\/unser-quartier.de\/roehlinghausen\/files\/2019\/09\/baldeneysee-150x151.jpg 150w, https:\/\/unser-quartier.de\/roehlinghausen\/files\/2019\/09\/baldeneysee-300x303.jpg 300w, https:\/\/unser-quartier.de\/roehlinghausen\/files\/2019\/09\/baldeneysee-768x775.jpg 768w, https:\/\/unser-quartier.de\/roehlinghausen\/files\/2019\/09\/baldeneysee.jpg 1069w\" sizes=\"auto, (max-width: 1015px) 100vw, 1015px\" \/><\/figure><div class=\"wp-block-media-text__content\">\n<p>WAZ vom12.09.2019<br>auf zum Baldeneysee<\/p>\n<\/div><\/div>\n\n\n\n<div class=\"wp-block-media-text is-stacked-on-mobile\"><figure class=\"wp-block-media-text__media\"><img loading=\"lazy\" decoding=\"async\" width=\"908\" height=\"1024\" src=\"https:\/\/unser-quartier.de\/roehlinghausen\/files\/2019\/07\/mittsommer-908x1024.jpg\" alt=\"Mittsommernacht\" class=\"wp-image-19176 size-full\" srcset=\"https:\/\/unser-quartier.de\/roehlinghausen\/files\/2019\/07\/mittsommer-908x1024.jpg 908w, https:\/\/unser-quartier.de\/roehlinghausen\/files\/2019\/07\/mittsommer-150x169.jpg 150w, https:\/\/unser-quartier.de\/roehlinghausen\/files\/2019\/07\/mittsommer-300x338.jpg 300w, https:\/\/unser-quartier.de\/roehlinghausen\/files\/2019\/07\/mittsommer-768x866.jpg 768w, https:\/\/unser-quartier.de\/roehlinghausen\/files\/2019\/07\/mittsommer.jpg 1064w\" sizes=\"auto, (max-width: 908px) 100vw, 908px\" \/><\/figure><div class=\"wp-block-media-text__content\">\n<p>WAZ vom 08.07.2019<br>Mittsommernacht im Therapiegarten<\/p>\n<\/div><\/div>\n\n\n\n<div class=\"wp-block-media-text is-stacked-on-mobile\"><figure class=\"wp-block-media-text__media\"><img loading=\"lazy\" decoding=\"async\" width=\"975\" height=\"1024\" src=\"https:\/\/unser-quartier.de\/roehlinghausen\/files\/2019\/04\/ZWAR-1-Jahr-975x1024.jpg\" alt=\"WAZ Zeitungsartikel\" class=\"wp-image-18251 size-full\" srcset=\"https:\/\/unser-quartier.de\/roehlinghausen\/files\/2019\/04\/ZWAR-1-Jahr-975x1024.jpg 975w, https:\/\/unser-quartier.de\/roehlinghausen\/files\/2019\/04\/ZWAR-1-Jahr-150x157.jpg 150w, https:\/\/unser-quartier.de\/roehlinghausen\/files\/2019\/04\/ZWAR-1-Jahr-300x315.jpg 300w, https:\/\/unser-quartier.de\/roehlinghausen\/files\/2019\/04\/ZWAR-1-Jahr-768x806.jpg 768w, https:\/\/unser-quartier.de\/roehlinghausen\/files\/2019\/04\/ZWAR-1-Jahr.jpg 1143w\" sizes=\"auto, (max-width: 975px) 100vw, 975px\" \/><\/figure><div class=\"wp-block-media-text__content\">\n<p>WAZ vom 26.04.2019<br>Das Netzwerk ist ein voller Erfolg<\/p>\n<\/div><\/div>\n\n\n\n<div class=\"wp-block-media-text is-stacked-on-mobile\"><figure class=\"wp-block-media-text__media\"><img loading=\"lazy\" decoding=\"async\" width=\"1024\" height=\"597\" src=\"https:\/\/unser-quartier.de\/roehlinghausen\/files\/2019\/03\/ZWAR-1Jahr-2-1024x597.jpg\" alt=\"ZWAR-Netzwerk\" class=\"wp-image-17972 size-full\" srcset=\"https:\/\/unser-quartier.de\/roehlinghausen\/files\/2019\/03\/ZWAR-1Jahr-2-1024x597.jpg 1024w, https:\/\/unser-quartier.de\/roehlinghausen\/files\/2019\/03\/ZWAR-1Jahr-2-150x87.jpg 150w, https:\/\/unser-quartier.de\/roehlinghausen\/files\/2019\/03\/ZWAR-1Jahr-2-300x175.jpg 300w, https:\/\/unser-quartier.de\/roehlinghausen\/files\/2019\/03\/ZWAR-1Jahr-2-768x447.jpg 768w, https:\/\/unser-quartier.de\/roehlinghausen\/files\/2019\/03\/ZWAR-1Jahr-2.jpg 1119w\" sizes=\"auto, (max-width: 1024px) 100vw, 1024px\" \/><\/figure><div class=\"wp-block-media-text__content\">\n<p>WAZ vom 29.03.2019<br \/>Einjahresfeier ZWAR Netzwerk Herne Eickel\/R\u00f6hlinghausen<\/p>\n<\/div><\/div>\n\n\n\n<div class=\"wp-block-media-text is-stacked-on-mobile\"><figure class=\"wp-block-media-text__media\"><img loading=\"lazy\" decoding=\"async\" width=\"729\" height=\"722\" src=\"https:\/\/unser-quartier.de\/roehlinghausen\/files\/2018\/12\/Erste-Hilfe.jpg\" alt=\"ZWAR\" class=\"wp-image-10665 size-full\" srcset=\"https:\/\/unser-quartier.de\/roehlinghausen\/files\/2018\/12\/Erste-Hilfe.jpg 729w, https:\/\/unser-quartier.de\/roehlinghausen\/files\/2018\/12\/Erste-Hilfe-150x149.jpg 150w, https:\/\/unser-quartier.de\/roehlinghausen\/files\/2018\/12\/Erste-Hilfe-300x297.jpg 300w\" sizes=\"auto, (max-width: 729px) 100vw, 729px\" \/><\/figure><div class=\"wp-block-media-text__content\">\n<p>WAZ vom 09.12.2018<br>Erste Hilfe f\u00fcr die ZWAR Basisgruppe<\/p>\n<\/div><\/div>\n\n\n\n<div class=\"wp-block-media-text is-stacked-on-mobile\"><figure class=\"wp-block-media-text__media\"><img loading=\"lazy\" decoding=\"async\" width=\"415\" height=\"412\" src=\"https:\/\/unser-quartier.de\/roehlinghausen\/files\/2018\/08\/radeln-Lukas-Hospiz.jpg\" alt=\"ZWAR Gruppe Radfahren\" class=\"wp-image-9364 size-full\" srcset=\"https:\/\/unser-quartier.de\/roehlinghausen\/files\/2018\/08\/radeln-Lukas-Hospiz.jpg 415w, https:\/\/unser-quartier.de\/roehlinghausen\/files\/2018\/08\/radeln-Lukas-Hospiz-150x149.jpg 150w, https:\/\/unser-quartier.de\/roehlinghausen\/files\/2018\/08\/radeln-Lukas-Hospiz-300x298.jpg 300w\" sizes=\"auto, (max-width: 415px) 100vw, 415px\" \/><\/figure><div class=\"wp-block-media-text__content\">\n<p>30.08.2018<br>ZWAR- Gruppe Radfahren f\u00e4hert f\u00fcr das Lukas Hospiz<\/p>\n<\/div><\/div>\n\n\n\n<div class=\"wp-block-media-text is-stacked-on-mobile\"><figure class=\"wp-block-media-text__media\"><img loading=\"lazy\" decoding=\"async\" width=\"833\" height=\"395\" src=\"https:\/\/unser-quartier.de\/roehlinghausen\/files\/2025\/02\/02_30.08.2018.jpg\" alt=\"\" class=\"wp-image-28906 size-full\" srcset=\"https:\/\/unser-quartier.de\/roehlinghausen\/files\/2025\/02\/02_30.08.2018.jpg 833w, https:\/\/unser-quartier.de\/roehlinghausen\/files\/2025\/02\/02_30.08.2018-300x142.jpg 300w, https:\/\/unser-quartier.de\/roehlinghausen\/files\/2025\/02\/02_30.08.2018-150x71.jpg 150w, https:\/\/unser-quartier.de\/roehlinghausen\/files\/2025\/02\/02_30.08.2018-768x364.jpg 768w\" sizes=\"auto, (max-width: 833px) 100vw, 833px\" \/><\/figure><div class=\"wp-block-media-text__content\">\n<p>WAZ vom 30.08.2018<br>Auf Trecker-Tour durch die Stadt<\/p>\n<\/div><\/div>\n\n\n\n<div class=\"wp-block-media-text is-stacked-on-mobile\"><figure class=\"wp-block-media-text__media\"><img loading=\"lazy\" decoding=\"async\" width=\"1024\" height=\"911\" src=\"https:\/\/unser-quartier.de\/roehlinghausen\/files\/2025\/02\/ZWAR_Auftaktveranstaltung-1024x911.jpg\" alt=\"\" class=\"wp-image-28904 size-full\" srcset=\"https:\/\/unser-quartier.de\/roehlinghausen\/files\/2025\/02\/ZWAR_Auftaktveranstaltung-1024x911.jpg 1024w, https:\/\/unser-quartier.de\/roehlinghausen\/files\/2025\/02\/ZWAR_Auftaktveranstaltung-300x267.jpg 300w, https:\/\/unser-quartier.de\/roehlinghausen\/files\/2025\/02\/ZWAR_Auftaktveranstaltung-150x134.jpg 150w, https:\/\/unser-quartier.de\/roehlinghausen\/files\/2025\/02\/ZWAR_Auftaktveranstaltung-768x684.jpg 768w, https:\/\/unser-quartier.de\/roehlinghausen\/files\/2025\/02\/ZWAR_Auftaktveranstaltung.jpg 1200w\" sizes=\"auto, (max-width: 1024px) 100vw, 1024px\" \/><\/figure><div class=\"wp-block-media-text__content\">\n<p>WAZ vom 07.04.2018<br>Auftaktveranstaltung ZWAR-Netzwerk Eickel-Herne R\u00f6hlinghausen<\/p>\n<\/div><\/div>\n\n\n\n\n\n\n\n\n\n\n\n\n\n\n\n\n","protected":false},"excerpt":{"rendered":"<p>WAZ vom 21.01.2019Gruppenbild zur Jahresabschlussfeier 2019 WAZ vom 28.11.2019ZWAR trifft die Islamische Gemeinde WAZ vom12.09.2019auf zum Baldeneysee WAZ vom 08.07.2019Mittsommernacht im Therapiegarten WAZ vom 26.04.2019Das Netzwerk ist ein voller Erfolg WAZ vom 09.12.2018Erste Hilfe f\u00fcr die ZWAR Basisgruppe 30.08.2018ZWAR- Gruppe Radfahren f\u00e4hert f\u00fcr das Lukas Hospiz WAZ vom 30.08.2018Auf Trecker-Tour durch die Stadt WAZ vom&hellip; <a class=\"continue\" href=\"https:\/\/unser-quartier.de\/roehlinghausen\/zwar\/gruppe-oeffentlichkeitsarbeit\/zeitungsartikel\/\" data-wpel-link=\"internal\">\u2192 weiter lesen:<span> Zeitungsartikel<\/span><\/a><\/p>\n","protected":false},"author":441,"featured_media":0,"parent":8199,"menu_order":1,"comment_status":"closed","ping_status":"closed","template":"","meta":{"generate_page_header":"","footnotes":""},"class_list":["post-28884","page","type-page","status-publish"],"_links":{"self":[{"href":"https:\/\/unser-quartier.de\/roehlinghausen\/wp-json\/wp\/v2\/pages\/28884","targetHints":{"allow":["GET"]}}],"collection":[{"href":"https:\/\/unser-quartier.de\/roehlinghausen\/wp-json\/wp\/v2\/pages"}],"about":[{"href":"https:\/\/unser-quartier.de\/roehlinghausen\/wp-json\/wp\/v2\/types\/page"}],"author":[{"embeddable":true,"href":"https:\/\/unser-quartier.de\/roehlinghausen\/wp-json\/wp\/v2\/users\/441"}],"replies":[{"embeddable":true,"href":"https:\/\/unser-quartier.de\/roehlinghausen\/wp-json\/wp\/v2\/comments?post=28884"}],"version-history":[{"count":3,"href":"https:\/\/unser-quartier.de\/roehlinghausen\/wp-json\/wp\/v2\/pages\/28884\/revisions"}],"predecessor-version":[{"id":28907,"href":"https:\/\/unser-quartier.de\/roehlinghausen\/wp-json\/wp\/v2\/pages\/28884\/revisions\/28907"}],"up":[{"embeddable":true,"href":"https:\/\/unser-quartier.de\/roehlinghausen\/wp-json\/wp\/v2\/pages\/8199"}],"wp:attachment":[{"href":"https:\/\/unser-quartier.de\/roehlinghausen\/wp-json\/wp\/v2\/media?parent=28884"}],"curies":[{"name":"wp","href":"https:\/\/api.w.org\/{rel}","templated":true}]}}

<div class="wp-block-media-text is-stacked-on-mobile"><figure class="wp-block-media-text__media"><img loading="lazy" decoding="async" width="1024" height="995" src="https://unser-quartier.de/roehlinghausen/files/2020/01/zwar_dez_2019-1024x995.jpg" alt="ZWAR feiert Jahresabschluß" class="wp-image-21355 size-full" srcset="https://unser-quartier.de/roehlinghausen/files/2020/01/zwar_dez_2019-1024x995.jpg 1024w, https://unser-quartier.de/roehlinghausen/files/2020/01/zwar_dez_2019-300x291.jpg 300w, https://unser-quartier.de/roehlinghausen/files/2020/01/zwar_dez_2019-150x145.jpg 150w, https://unser-quartier.de/roehlinghausen/files/2020/01/zwar_dez_2019-768x746.jpg 768w, https://unser-quartier.de/roehlinghausen/files/2020/01/zwar_dez_2019-1536x1493.jpg 1536w, https://unser-quartier.de/roehlinghausen/files/2020/01/zwar_dez_2019-2048x1990.jpg 2048w, https://unser-quartier.de/roehlinghausen/files/2020/01/zwar_dez_2019.jpg 1183w" sizes="auto, (max-width: 1024px) 100vw, 1024px" /></figure><div class="wp-block-media-text__content">
<p>WAZ vom 21.01.2019<br>Gruppenbild zur Jahresabschlussfeier 2019</p>
</div></div>



<div class="wp-block-media-text is-stacked-on-mobile"><figure class="wp-block-media-text__media"><img loading="lazy" decoding="async" width="1024" height="1024" src="https://unser-quartier.de/roehlinghausen/files/2019/12/20191204_111227-2-1024x1024.jpg" alt="ZWAR trifft die Islamische Gemeinde" class="wp-image-20792 size-full" srcset="https://unser-quartier.de/roehlinghausen/files/2019/12/20191204_111227-2-1024x1024.jpg 1024w, https://unser-quartier.de/roehlinghausen/files/2019/12/20191204_111227-2-300x300.jpg 300w, https://unser-quartier.de/roehlinghausen/files/2019/12/20191204_111227-2-150x150.jpg 150w, https://unser-quartier.de/roehlinghausen/files/2019/12/20191204_111227-2-768x768.jpg 768w, https://unser-quartier.de/roehlinghausen/files/2019/12/20191204_111227-2.jpg 1200w" sizes="auto, (max-width: 1024px) 100vw, 1024px" /></figure><div class="wp-block-media-text__content">
<p>WAZ vom 28.11.2019<br>ZWAR trifft die Islamische Gemeinde</p>
</div></div>



<div class="wp-block-media-text is-stacked-on-mobile"><figure class="wp-block-media-text__media"><img loading="lazy" decoding="async" width="1015" height="1024" src="https://unser-quartier.de/roehlinghausen/files/2019/09/baldeneysee-1015x1024.jpg" alt="" class="wp-image-19795 size-full" srcset="https://unser-quartier.de/roehlinghausen/files/2019/09/baldeneysee-1015x1024.jpg 1015w, https://unser-quartier.de/roehlinghausen/files/2019/09/baldeneysee-150x151.jpg 150w, https://unser-quartier.de/roehlinghausen/files/2019/09/baldeneysee-300x303.jpg 300w, https://unser-quartier.de/roehlinghausen/files/2019/09/baldeneysee-768x775.jpg 768w, https://unser-quartier.de/roehlinghausen/files/2019/09/baldeneysee.jpg 1069w" sizes="auto, (max-width: 1015px) 100vw, 1015px" /></figure><div class="wp-block-media-text__content">
<p>WAZ vom12.09.2019<br>auf zum Baldeneysee</p>
</div></div>



<div class="wp-block-media-text is-stacked-on-mobile"><figure class="wp-block-media-text__media"><img loading="lazy" decoding="async" width="908" height="1024" src="https://unser-quartier.de/roehlinghausen/files/2019/07/mittsommer-908x1024.jpg" alt="Mittsommernacht" class="wp-image-19176 size-full" srcset="https://unser-quartier.de/roehlinghausen/files/2019/07/mittsommer-908x1024.jpg 908w, https://unser-quartier.de/roehlinghausen/files/2019/07/mittsommer-150x169.jpg 150w, https://unser-quartier.de/roehlinghausen/files/2019/07/mittsommer-300x338.jpg 300w, https://unser-quartier.de/roehlinghausen/files/2019/07/mittsommer-768x866.jpg 768w, https://unser-quartier.de/roehlinghausen/files/2019/07/mittsommer.jpg 1064w" sizes="auto, (max-width: 908px) 100vw, 908px" /></figure><div class="wp-block-media-text__content">
<p>WAZ vom 08.07.2019<br>Mittsommernacht im Therapiegarten</p>
</div></div>



<div class="wp-block-media-text is-stacked-on-mobile"><figure class="wp-block-media-text__media"><img loading="lazy" decoding="async" width="975" height="1024" src="https://unser-quartier.de/roehlinghausen/files/2019/04/ZWAR-1-Jahr-975x1024.jpg" alt="WAZ Zeitungsartikel" class="wp-image-18251 size-full" srcset="https://unser-quartier.de/roehlinghausen/files/2019/04/ZWAR-1-Jahr-975x1024.jpg 975w, https://unser-quartier.de/roehlinghausen/files/2019/04/ZWAR-1-Jahr-150x157.jpg 150w, https://unser-quartier.de/roehlinghausen/files/2019/04/ZWAR-1-Jahr-300x315.jpg 300w, https://unser-quartier.de/roehlinghausen/files/2019/04/ZWAR-1-Jahr-768x806.jpg 768w, https://unser-quartier.de/roehlinghausen/files/2019/04/ZWAR-1-Jahr.jpg 1143w" sizes="auto, (max-width: 975px) 100vw, 975px" /></figure><div class="wp-block-media-text__content">
<p>WAZ vom 26.04.2019<br>Das Netzwerk ist ein voller Erfolg</p>
</div></div>



<div class="wp-block-media-text is-stacked-on-mobile"><figure class="wp-block-media-text__media"><img loading="lazy" decoding="async" width="1024" height="597" src="https://unser-quartier.de/roehlinghausen/files/2019/03/ZWAR-1Jahr-2-1024x597.jpg" alt="ZWAR-Netzwerk" class="wp-image-17972 size-full" srcset="https://unser-quartier.de/roehlinghausen/files/2019/03/ZWAR-1Jahr-2-1024x597.jpg 1024w, https://unser-quartier.de/roehlinghausen/files/2019/03/ZWAR-1Jahr-2-150x87.jpg 150w, https://unser-quartier.de/roehlinghausen/files/2019/03/ZWAR-1Jahr-2-300x175.jpg 300w, https://unser-quartier.de/roehlinghausen/files/2019/03/ZWAR-1Jahr-2-768x447.jpg 768w, https://unser-quartier.de/roehlinghausen/files/2019/03/ZWAR-1Jahr-2.jpg 1119w" sizes="auto, (max-width: 1024px) 100vw, 1024px" /></figure><div class="wp-block-media-text__content">
<p>WAZ vom 29.03.2019<br />Einjahresfeier ZWAR Netzwerk Herne Eickel/Röhlinghausen</p>
</div></div>



<div class="wp-block-media-text is-stacked-on-mobile"><figure class="wp-block-media-text__media"><img loading="lazy" decoding="async" width="729" height="722" src="https://unser-quartier.de/roehlinghausen/files/2018/12/Erste-Hilfe.jpg" alt="ZWAR" class="wp-image-10665 size-full" srcset="https://unser-quartier.de/roehlinghausen/files/2018/12/Erste-Hilfe.jpg 729w, https://unser-quartier.de/roehlinghausen/files/2018/12/Erste-Hilfe-150x149.jpg 150w, https://unser-quartier.de/roehlinghausen/files/2018/12/Erste-Hilfe-300x297.jpg 300w" sizes="auto, (max-width: 729px) 100vw, 729px" /></figure><div class="wp-block-media-text__content">
<p>WAZ vom 09.12.2018<br>Erste Hilfe für die ZWAR Basisgruppe</p>
</div></div>



<div class="wp-block-media-text is-stacked-on-mobile"><figure class="wp-block-media-text__media"><img loading="lazy" decoding="async" width="415" height="412" src="https://unser-quartier.de/roehlinghausen/files/2018/08/radeln-Lukas-Hospiz.jpg" alt="ZWAR Gruppe Radfahren" class="wp-image-9364 size-full" srcset="https://unser-quartier.de/roehlinghausen/files/2018/08/radeln-Lukas-Hospiz.jpg 415w, https://unser-quartier.de/roehlinghausen/files/2018/08/radeln-Lukas-Hospiz-150x149.jpg 150w, https://unser-quartier.de/roehlinghausen/files/2018/08/radeln-Lukas-Hospiz-300x298.jpg 300w" sizes="auto, (max-width: 415px) 100vw, 415px" /></figure><div class="wp-block-media-text__content">
<p>30.08.2018<br>ZWAR- Gruppe Radfahren fähert für das Lukas Hospiz</p>
</div></div>



<div class="wp-block-media-text is-stacked-on-mobile"><figure class="wp-block-media-text__media"><img loading="lazy" decoding="async" width="833" height="395" src="https://unser-quartier.de/roehlinghausen/files/2025/02/02_30.08.2018.jpg" alt="" class="wp-image-28906 size-full" srcset="https://unser-quartier.de/roehlinghausen/files/2025/02/02_30.08.2018.jpg 833w, https://unser-quartier.de/roehlinghausen/files/2025/02/02_30.08.2018-300x142.jpg 300w, https://unser-quartier.de/roehlinghausen/files/2025/02/02_30.08.2018-150x71.jpg 150w, https://unser-quartier.de/roehlinghausen/files/2025/02/02_30.08.2018-768x364.jpg 768w" sizes="auto, (max-width: 833px) 100vw, 833px" /></figure><div class="wp-block-media-text__content">
<p>WAZ vom 30.08.2018<br>Auf Trecker-Tour durch die Stadt</p>
</div></div>



<div class="wp-block-media-text is-stacked-on-mobile"><figure class="wp-block-media-text__media"><img loading="lazy" decoding="async" width="1024" height="911" src="https://unser-quartier.de/roehlinghausen/files/2025/02/ZWAR_Auftaktveranstaltung-1024x911.jpg" alt="" class="wp-image-28904 size-full" srcset="https://unser-quartier.de/roehlinghausen/files/2025/02/ZWAR_Auftaktveranstaltung-1024x911.jpg 1024w, https://unser-quartier.de/roehlinghausen/files/2025/02/ZWAR_Auftaktveranstaltung-300x267.jpg 300w, https://unser-quartier.de/roehlinghausen/files/2025/02/ZWAR_Auftaktveranstaltung-150x134.jpg 150w, https://unser-quartier.de/roehlinghausen/files/2025/02/ZWAR_Auftaktveranstaltung-768x684.jpg 768w, https://unser-quartier.de/roehlinghausen/files/2025/02/ZWAR_Auftaktveranstaltung.jpg 1200w" sizes="auto, (max-width: 1024px) 100vw, 1024px" /></figure><div class="wp-block-media-text__content">
<p>WAZ vom 07.04.2018<br>Auftaktveranstaltung ZWAR-Netzwerk Eickel-Herne Röhlinghausen</p>
</div></div>

<p>WAZ vom 21.01.2019Gruppenbild zur Jahresabschlussfeier 2019 WAZ vom 28.11.2019ZWAR trifft die Islamische Gemeinde WAZ vom12.09.2019auf zum Baldeneysee WAZ vom 08.07.2019Mittsommernacht im Therapiegarten WAZ vom 26.04.2019Das Netzwerk ist ein voller Erfolg WAZ vom 09.12.2018Erste Hilfe für die ZWAR Basisgruppe 30.08.2018ZWAR- Gruppe Radfahren fähert für das Lukas Hospiz WAZ vom 30.08.2018Auf Trecker-Tour durch die Stadt WAZ vom&hellip; <a class="continue" href="https://unser-quartier.de/roehlinghausen/zwar/gruppe-oeffentlichkeitsarbeit/zeitungsartikel/" data-wpel-link="internal">→ weiter lesen:<span> Zeitungsartikel</span></a></p>
