{"id":29166,"date":"2025-03-02T03:07:43","date_gmt":"2025-03-02T02:07:43","guid":{"rendered":"https:\/\/unser-quartier.de\/roehlinghausen\/?page_id=29166"},"modified":"2026-03-29T01:22:48","modified_gmt":"2026-03-29T00:22:48","slug":"kochchaoten","status":"publish","type":"page","link":"https:\/\/unser-quartier.de\/roehlinghausen\/zwar\/kochchaoten\/","title":{"rendered":"Kochchaoten"},"content":{"rendered":"\r\n\r\n<figure class=\"wp-block-image size-large\"><img loading=\"lazy\" decoding=\"async\" class=\"alignnone wp-image-29167\" src=\"https:\/\/unser-quartier.de\/roehlinghausen\/files\/2025\/03\/kochen_maenner-1024x512.png\" alt=\"Grafik Gem\u00fcse\" width=\"1024\" height=\"512\" srcset=\"https:\/\/unser-quartier.de\/roehlinghausen\/files\/2025\/03\/kochen_maenner-1024x512.png 1024w, https:\/\/unser-quartier.de\/roehlinghausen\/files\/2025\/03\/kochen_maenner-300x150.png 300w, https:\/\/unser-quartier.de\/roehlinghausen\/files\/2025\/03\/kochen_maenner-150x75.png 150w, https:\/\/unser-quartier.de\/roehlinghausen\/files\/2025\/03\/kochen_maenner-768x384.png 768w, https:\/\/unser-quartier.de\/roehlinghausen\/files\/2025\/03\/kochen_maenner.png 1200w\" sizes=\"auto, (max-width: 1024px) 100vw, 1024px\" \/><\/figure>\r\n\r\n\r\n<h2>Kochen nur f\u00fcr M\u00e4nner<\/h2>\r\n<p>Kochen ist eine wunderbare F\u00e4higkeit, die f\u00fcr alle Geschlechter zug\u00e4nglich ist! Es gibt viele Gr\u00fcnde, warum M\u00e4nner gerne kochen, sei es aus Leidenschaft, um f\u00fcr sich selbst oder andere zu sorgen, oder einfach um neue Rezepte auszuprobieren. Man kann eine Menge Spa\u00df dabeihaben, wenn man zusammen tratscht, lacht, erz\u00e4hlt, singt und vielleicht nebenbei auch noch was gutes kocht.<\/p>\r\n","protected":false},"excerpt":{"rendered":"<p>Kochen nur f\u00fcr M\u00e4nner Kochen ist eine wunderbare F\u00e4higkeit, die f\u00fcr alle Geschlechter zug\u00e4nglich ist! Es gibt viele Gr\u00fcnde, warum M\u00e4nner gerne kochen, sei es aus Leidenschaft, um f\u00fcr sich selbst oder andere zu sorgen, oder einfach um neue Rezepte auszuprobieren. Man kann eine Menge Spa\u00df dabeihaben, wenn man zusammen tratscht, lacht, erz\u00e4hlt, singt und&hellip; <a class=\"continue\" href=\"https:\/\/unser-quartier.de\/roehlinghausen\/zwar\/kochchaoten\/\" data-wpel-link=\"internal\">\u2192 weiter lesen:<span> Kochchaoten<\/span><\/a><\/p>\n","protected":false},"author":441,"featured_media":0,"parent":7921,"menu_order":13,"comment_status":"closed","ping_status":"closed","template":"","meta":{"generate_page_header":"","footnotes":""},"class_list":["post-29166","page","type-page","status-publish"],"_links":{"self":[{"href":"https:\/\/unser-quartier.de\/roehlinghausen\/wp-json\/wp\/v2\/pages\/29166","targetHints":{"allow":["GET"]}}],"collection":[{"href":"https:\/\/unser-quartier.de\/roehlinghausen\/wp-json\/wp\/v2\/pages"}],"about":[{"href":"https:\/\/unser-quartier.de\/roehlinghausen\/wp-json\/wp\/v2\/types\/page"}],"author":[{"embeddable":true,"href":"https:\/\/unser-quartier.de\/roehlinghausen\/wp-json\/wp\/v2\/users\/441"}],"replies":[{"embeddable":true,"href":"https:\/\/unser-quartier.de\/roehlinghausen\/wp-json\/wp\/v2\/comments?post=29166"}],"version-history":[{"count":3,"href":"https:\/\/unser-quartier.de\/roehlinghausen\/wp-json\/wp\/v2\/pages\/29166\/revisions"}],"predecessor-version":[{"id":31965,"href":"https:\/\/unser-quartier.de\/roehlinghausen\/wp-json\/wp\/v2\/pages\/29166\/revisions\/31965"}],"up":[{"embeddable":true,"href":"https:\/\/unser-quartier.de\/roehlinghausen\/wp-json\/wp\/v2\/pages\/7921"}],"wp:attachment":[{"href":"https:\/\/unser-quartier.de\/roehlinghausen\/wp-json\/wp\/v2\/media?parent=29166"}],"curies":[{"name":"wp","href":"https:\/\/api.w.org\/{rel}","templated":true}]}}