{"id":8629,"date":"2018-07-03T20:47:10","date_gmt":"2018-07-03T18:47:10","guid":{"rendered":"https:\/\/unser-quartier.de\/roehlinghausen\/?page_id=8629"},"modified":"2025-03-18T21:48:40","modified_gmt":"2025-03-18T20:48:40","slug":"sonntagstour-zur-koenig-ludwig-trasse","status":"publish","type":"page","link":"https:\/\/unser-quartier.de\/roehlinghausen\/zwar\/gruppe-radfahren\/unsere-grossen-radtouren\/sonntagstour-zur-koenig-ludwig-trasse\/","title":{"rendered":"Sonntagstour zur K\u00f6nig Ludwig Trasse"},"content":{"rendered":"<p><strong>Sonntag, der 1. Juli 2018<\/strong><\/p>\n<p>Gestartet sind wir wie immer um 9:30 Uhr am DRK-Altenhilfezentrum in der Bergmannstrasse in R\u00f6hlinghausen. Von dort ging es auf die Erzbahntrasse in Richtung Kanal und weiter an der Emscher entlang. Hier hatten wir tats\u00e4chlich den ersten &#8222;Plattfu\u00df&#8220; eines Fahrrades unser ZWAR &#8211; Fahrradgruppe. Das musste selbstverst\u00e4ndlich im Bild festgehalten werden.<\/p>\n<p>Unsere gute Laune hat durch diesen Zwangsstopp nicht gelitten. Bald fuhren wir weiter in Richtung KLT \u2013 <em>K\u00f6nig Ludwig Trasse<\/em>&#8211; . In Recklinghausen-Suderwich haben wir f\u00fcr unser leibliches Wohl gesorgt. Da auch angehende K\u00f6che aus der ZWAR-Kochgruppe mitgefahren sind, wurde ausgiebig \u00fcber die Apfelkuchentorte gesprochen. Ergebnis 9 von 10 zu vergebenen Punkte, also sehr empfehlenswert!<\/p>\n<p>Und dann, auf der Heimfahrt, Zwischenstopp und chillen am Kanal. Der Stadthafen Recklinghausen mit Blick auf den Rhein-Herne-Kanal bietet ganzj\u00e4hrig Urlaubsfeeling. Der Strandbereich und die gro\u00dfe Terrasse haben immer bei sch\u00f6nem Wetter ge\u00f6ffnet.<\/p>\n<p>Langsam meldete sich der kleine Hunger, es war mittlerweile 16:15 Uhr, und wir beschlossen im Restaurant Lindenhof in Herne den Tag ausklingen zu lassen. Satt und zufrieden, auch ein wenig m\u00fcde, endete unsere Tour um 18.15 Uhr.<\/p>\n<p>Textbeitrag von Volker Schneider<\/p>\n<div id='gallery-1' class='gallery galleryid-8629 gallery-columns-3 gallery-size-thumbnail'><figure class='gallery-item'>\n\t\t\t<div class='gallery-icon portrait'>\n\t\t\t\t<a href=\"https:\/\/unser-quartier.de\/roehlinghausen\/zwar\/gruppe-radfahren\/start\/#main\" data-wpel-link=\"internal\"><img loading=\"lazy\" decoding=\"async\" width=\"150\" height=\"150\" src=\"https:\/\/unser-quartier.de\/roehlinghausen\/files\/2018\/07\/Start-150x150.jpg\" class=\"attachment-thumbnail size-thumbnail\" alt=\"ZWAR-Gruppe Radfahren\" aria-describedby=\"gallery-1-8643\" srcset=\"https:\/\/unser-quartier.de\/roehlinghausen\/files\/2018\/07\/Start-150x150.jpg 150w, https:\/\/unser-quartier.de\/roehlinghausen\/files\/2018\/07\/Start-300x301.jpg 300w, https:\/\/unser-quartier.de\/roehlinghausen\/files\/2018\/07\/Start.jpg 325w\" sizes=\"auto, (max-width: 150px) 100vw, 150px\" \/><\/a>\n\t\t\t<\/div>\n\t\t\t\t<figcaption class='wp-caption-text gallery-caption' id='gallery-1-8643'>\n\t\t\t\tTreffpunkt am Altenhilfezentrum\n\t\t\t\t<\/figcaption><\/figure><figure class='gallery-item'>\n\t\t\t<div class='gallery-icon portrait'>\n\t\t\t\t<a href=\"https:\/\/unser-quartier.de\/roehlinghausen\/erzbahntrasse-kanal\/\" data-wpel-link=\"internal\"><img loading=\"lazy\" decoding=\"async\" width=\"150\" height=\"150\" src=\"https:\/\/unser-quartier.de\/roehlinghausen\/files\/2018\/07\/Erzbahntrasse-Kanal-150x150.jpg\" class=\"attachment-thumbnail size-thumbnail\" alt=\"ZWAR-Gruppe Radfahren\" aria-describedby=\"gallery-1-8644\" srcset=\"https:\/\/unser-quartier.de\/roehlinghausen\/files\/2018\/07\/Erzbahntrasse-Kanal-150x150.jpg 150w, https:\/\/unser-quartier.de\/roehlinghausen\/files\/2018\/07\/Erzbahntrasse-Kanal-300x301.jpg 300w, https:\/\/unser-quartier.de\/roehlinghausen\/files\/2018\/07\/Erzbahntrasse-Kanal.jpg 478w\" sizes=\"auto, (max-width: 150px) 100vw, 150px\" \/><\/a>\n\t\t\t<\/div>\n\t\t\t\t<figcaption class='wp-caption-text gallery-caption' id='gallery-1-8644'>\n\t\t\t\tauf der Erzbahntrasse&#8230;\n\t\t\t\t<\/figcaption><\/figure><figure class='gallery-item'>\n\t\t\t<div class='gallery-icon landscape'>\n\t\t\t\t<a href=\"https:\/\/unser-quartier.de\/roehlinghausen\/reifenpanne\/\" data-wpel-link=\"internal\"><img loading=\"lazy\" decoding=\"async\" width=\"150\" height=\"150\" src=\"https:\/\/unser-quartier.de\/roehlinghausen\/files\/2018\/07\/Reifenpanne-150x150.jpg\" class=\"attachment-thumbnail size-thumbnail\" alt=\"ZWAR-Gruppe Radfahren\" aria-describedby=\"gallery-1-8645\" srcset=\"https:\/\/unser-quartier.de\/roehlinghausen\/files\/2018\/07\/Reifenpanne-150x150.jpg 150w, https:\/\/unser-quartier.de\/roehlinghausen\/files\/2018\/07\/Reifenpanne-300x300.jpg 300w, https:\/\/unser-quartier.de\/roehlinghausen\/files\/2018\/07\/Reifenpanne.jpg 478w\" sizes=\"auto, (max-width: 150px) 100vw, 150px\" \/><\/a>\n\t\t\t<\/div>\n\t\t\t\t<figcaption class='wp-caption-text gallery-caption' id='gallery-1-8645'>\n\t\t\t\teine erste Reifenpanne&#8230;\n\t\t\t\t<\/figcaption><\/figure><figure class='gallery-item'>\n\t\t\t<div class='gallery-icon landscape'>\n\t\t\t\t<a href=\"https:\/\/unser-quartier.de\/roehlinghausen\/entlang-emscher\/\" data-wpel-link=\"internal\"><img loading=\"lazy\" decoding=\"async\" width=\"150\" height=\"150\" src=\"https:\/\/unser-quartier.de\/roehlinghausen\/files\/2018\/07\/entlang-Emscher-150x150.jpg\" class=\"attachment-thumbnail size-thumbnail\" alt=\"ZWAR-Gruppe Radfahren\" aria-describedby=\"gallery-1-8646\" srcset=\"https:\/\/unser-quartier.de\/roehlinghausen\/files\/2018\/07\/entlang-Emscher-150x150.jpg 150w, https:\/\/unser-quartier.de\/roehlinghausen\/files\/2018\/07\/entlang-Emscher-300x299.jpg 300w, https:\/\/unser-quartier.de\/roehlinghausen\/files\/2018\/07\/entlang-Emscher.jpg 479w\" sizes=\"auto, (max-width: 150px) 100vw, 150px\" \/><\/a>\n\t\t\t<\/div>\n\t\t\t\t<figcaption class='wp-caption-text gallery-caption' id='gallery-1-8646'>\n\t\t\t\tentlang der Emscher\n\t\t\t\t<\/figcaption><\/figure><figure class='gallery-item'>\n\t\t\t<div class='gallery-icon landscape'>\n\t\t\t\t<a href=\"https:\/\/unser-quartier.de\/roehlinghausen\/k-l-trasse\/\" data-wpel-link=\"internal\"><img loading=\"lazy\" decoding=\"async\" width=\"150\" height=\"150\" src=\"https:\/\/unser-quartier.de\/roehlinghausen\/files\/2018\/07\/K-L-Trasse-150x150.jpg\" class=\"attachment-thumbnail size-thumbnail\" alt=\"ZWAR-Gruppe Radfahren\" aria-describedby=\"gallery-1-8647\" srcset=\"https:\/\/unser-quartier.de\/roehlinghausen\/files\/2018\/07\/K-L-Trasse-150x150.jpg 150w, https:\/\/unser-quartier.de\/roehlinghausen\/files\/2018\/07\/K-L-Trasse-300x300.jpg 300w, https:\/\/unser-quartier.de\/roehlinghausen\/files\/2018\/07\/K-L-Trasse.jpg 479w\" sizes=\"auto, (max-width: 150px) 100vw, 150px\" \/><\/a>\n\t\t\t<\/div>\n\t\t\t\t<figcaption class='wp-caption-text gallery-caption' id='gallery-1-8647'>\n\t\t\t\tauf der K\u00f6nig-Ludwig-Trasse\n\t\t\t\t<\/figcaption><\/figure><figure class='gallery-item'>\n\t\t\t<div class='gallery-icon landscape'>\n\t\t\t\t<a href=\"https:\/\/unser-quartier.de\/roehlinghausen\/suderwich-2\/\" data-wpel-link=\"internal\"><img loading=\"lazy\" decoding=\"async\" width=\"150\" height=\"113\" src=\"https:\/\/unser-quartier.de\/roehlinghausen\/files\/2018\/07\/Suderwich-150x113.jpg\" class=\"attachment-thumbnail size-thumbnail\" alt=\"ZWAR-Gruppe Radfahren\" aria-describedby=\"gallery-1-8648\" srcset=\"https:\/\/unser-quartier.de\/roehlinghausen\/files\/2018\/07\/Suderwich-150x113.jpg 150w, https:\/\/unser-quartier.de\/roehlinghausen\/files\/2018\/07\/Suderwich-300x225.jpg 300w, https:\/\/unser-quartier.de\/roehlinghausen\/files\/2018\/07\/Suderwich.jpg 640w\" sizes=\"auto, (max-width: 150px) 100vw, 150px\" \/><\/a>\n\t\t\t<\/div>\n\t\t\t\t<figcaption class='wp-caption-text gallery-caption' id='gallery-1-8648'>\n\t\t\t\tein gem\u00fctliches &#8222;P\u00e4uschen&#8220; \n\t\t\t\t<\/figcaption><\/figure><figure class='gallery-item'>\n\t\t\t<div class='gallery-icon landscape'>\n\t\t\t\t<a href=\"https:\/\/unser-quartier.de\/roehlinghausen\/lindenhof\/\" data-wpel-link=\"internal\"><img loading=\"lazy\" decoding=\"async\" width=\"150\" height=\"150\" src=\"https:\/\/unser-quartier.de\/roehlinghausen\/files\/2018\/07\/Lindenhof-150x150.jpg\" class=\"attachment-thumbnail size-thumbnail\" alt=\"ZWAR-Gruppe Radfahren\" aria-describedby=\"gallery-1-8651\" srcset=\"https:\/\/unser-quartier.de\/roehlinghausen\/files\/2018\/07\/Lindenhof-150x150.jpg 150w, https:\/\/unser-quartier.de\/roehlinghausen\/files\/2018\/07\/Lindenhof-300x300.jpg 300w, https:\/\/unser-quartier.de\/roehlinghausen\/files\/2018\/07\/Lindenhof.jpg 478w\" sizes=\"auto, (max-width: 150px) 100vw, 150px\" \/><\/a>\n\t\t\t<\/div>\n\t\t\t\t<figcaption class='wp-caption-text gallery-caption' id='gallery-1-8651'>\n\t\t\t\tRestaurant Lindenhof, eine gute Adresse\n\t\t\t\t<\/figcaption><\/figure><figure class='gallery-item'>\n\t\t\t<div class='gallery-icon landscape'>\n\t\t\t\t<a href=\"https:\/\/unser-quartier.de\/roehlinghausen\/zwar\/gruppe-radfahren\/koenig-l-hafen\/#main\" data-wpel-link=\"internal\"><img loading=\"lazy\" decoding=\"async\" width=\"150\" height=\"112\" src=\"https:\/\/unser-quartier.de\/roehlinghausen\/files\/2018\/07\/Koenig-L-Hafen-150x112.jpg\" class=\"attachment-thumbnail size-thumbnail\" alt=\"ZWAR-Gruppe Radfahren\" aria-describedby=\"gallery-1-8650\" srcset=\"https:\/\/unser-quartier.de\/roehlinghausen\/files\/2018\/07\/Koenig-L-Hafen-150x112.jpg 150w, https:\/\/unser-quartier.de\/roehlinghausen\/files\/2018\/07\/Koenig-L-Hafen-300x225.jpg 300w, https:\/\/unser-quartier.de\/roehlinghausen\/files\/2018\/07\/Koenig-L-Hafen.jpg 575w\" sizes=\"auto, (max-width: 150px) 100vw, 150px\" \/><\/a>\n\t\t\t<\/div>\n\t\t\t\t<figcaption class='wp-caption-text gallery-caption' id='gallery-1-8650'>\n\t\t\t\tchillen am Stadthafen in Recklinghausen\n\t\t\t\t<\/figcaption><\/figure>\n\t\t<\/div>\n\n","protected":false},"excerpt":{"rendered":"<p>Sonntag, der 1. Juli 2018 Gestartet sind wir wie immer um 9:30 Uhr am DRK-Altenhilfezentrum in der Bergmannstrasse in R\u00f6hlinghausen. Von dort ging es auf die Erzbahntrasse in Richtung Kanal und weiter an der Emscher entlang. Hier hatten wir tats\u00e4chlich den ersten &#8222;Plattfu\u00df&#8220; eines Fahrrades unser ZWAR &#8211; Fahrradgruppe. Das musste selbstverst\u00e4ndlich im Bild festgehalten&hellip; <a class=\"continue\" href=\"https:\/\/unser-quartier.de\/roehlinghausen\/zwar\/gruppe-radfahren\/unsere-grossen-radtouren\/sonntagstour-zur-koenig-ludwig-trasse\/\" data-wpel-link=\"internal\">\u2192 weiter lesen:<span> Sonntagstour zur K\u00f6nig Ludwig Trasse<\/span><\/a><\/p>\n","protected":false},"author":441,"featured_media":0,"parent":23300,"menu_order":2,"comment_status":"closed","ping_status":"closed","template":"","meta":{"generate_page_header":"","footnotes":""},"class_list":["post-8629","page","type-page","status-publish"],"_links":{"self":[{"href":"https:\/\/unser-quartier.de\/roehlinghausen\/wp-json\/wp\/v2\/pages\/8629","targetHints":{"allow":["GET"]}}],"collection":[{"href":"https:\/\/unser-quartier.de\/roehlinghausen\/wp-json\/wp\/v2\/pages"}],"about":[{"href":"https:\/\/unser-quartier.de\/roehlinghausen\/wp-json\/wp\/v2\/types\/page"}],"author":[{"embeddable":true,"href":"https:\/\/unser-quartier.de\/roehlinghausen\/wp-json\/wp\/v2\/users\/441"}],"replies":[{"embeddable":true,"href":"https:\/\/unser-quartier.de\/roehlinghausen\/wp-json\/wp\/v2\/comments?post=8629"}],"version-history":[{"count":1,"href":"https:\/\/unser-quartier.de\/roehlinghausen\/wp-json\/wp\/v2\/pages\/8629\/revisions"}],"predecessor-version":[{"id":29332,"href":"https:\/\/unser-quartier.de\/roehlinghausen\/wp-json\/wp\/v2\/pages\/8629\/revisions\/29332"}],"up":[{"embeddable":true,"href":"https:\/\/unser-quartier.de\/roehlinghausen\/wp-json\/wp\/v2\/pages\/23300"}],"wp:attachment":[{"href":"https:\/\/unser-quartier.de\/roehlinghausen\/wp-json\/wp\/v2\/media?parent=8629"}],"curies":[{"name":"wp","href":"https:\/\/api.w.org\/{rel}","templated":true}]}}