{"id":1043,"date":"2013-08-15T15:18:32","date_gmt":"2013-08-15T13:18:32","guid":{"rendered":"http:\/\/unser-quartier.de\/stadt-bergheim\/?page_id=1043"},"modified":"2018-07-02T13:41:24","modified_gmt":"2018-07-02T11:41:24","slug":"besuchs-und-begleitdienst-bergheim","status":"publish","type":"page","link":"https:\/\/unser-quartier.de\/stadt-bergheim\/informationen\/untermenue-2\/besuchs-und-begleitdienst-bergheim\/","title":{"rendered":"Besuchs- und Begleitdienst Bergheim"},"content":{"rendered":"<p><span style=\"font-size: medium\">Begleitung zum Arzt, Hilfe beim Einkauf, Spazierg\u00e4nge,<br \/>\nGespr\u00e4che, Begleitung zu Beh\u00f6rden, Hilfe\u00a0beim Ausf\u00fcllen von Antr\u00e4gen wird von ehrenamtlichen Helfern \u00fcbernommen.<\/span><\/p>\n<p><span style=\"font-size: medium\">Auch bieten wir f\u00fcr<b> pflegende Angeh\u00f6rige und Menschen mit Demenz<br \/>\n<\/b>qualifizierte Entlastungs- und Betreuungsangebote,<br \/>\nsowie Betreuung in Demenz-Cafe`s an. <b><\/b><\/span><\/p>\n<p><span style=\"font-size: medium\"><b>Ansprechpartnerin: <\/b>Anni Wilbertz, Tel.: 02271-42451, mail: <a href=\"mailto:WilbertzBM@t-online.de\" target=\"_blank\">WilbertzBM@t-online.de<\/a><\/span><\/p>\n","protected":false},"excerpt":{"rendered":"<p>Begleitung zum Arzt, Hilfe beim Einkauf, Spazierg\u00e4nge, Gespr\u00e4che, Begleitung zu Beh\u00f6rden, Hilfe\u00a0beim Ausf\u00fcllen von Antr\u00e4gen wird von ehrenamtlichen Helfern \u00fcbernommen.<\/p>\n<p>Auch bieten wir f\u00fcr pflegende Angeh\u00f6rige und Menschen mit Demenz qualifizierte Entlastungs- und Betreuungsangebote, sowie Betreuung in Demenz-Cafe`s an. <\/p>\n<p>Ansprechpartnerin: Anni Wilbertz, Tel.: 02271-42451, mail: WilbertzBM@t-online.de<\/p>\n","protected":false},"author":48,"featured_media":0,"parent":3332,"menu_order":17,"comment_status":"open","ping_status":"open","template":"","meta":{"_bbp_topic_count":0,"_bbp_reply_count":0,"_bbp_total_topic_count":0,"_bbp_total_reply_count":0,"_bbp_voice_count":0,"_bbp_anonymous_reply_count":0,"_bbp_topic_count_hidden":0,"_bbp_reply_count_hidden":0,"_bbp_forum_subforum_count":0,"jetpack_post_was_ever_published":false,"footnotes":""},"class_list":["post-1043","page","type-page","status-publish","hentry","nodate","item-wrap"],"jetpack_sharing_enabled":true,"jetpack_shortlink":"https:\/\/wp.me\/P3vhfJ-gP","jetpack_likes_enabled":true,"_links":{"self":[{"href":"https:\/\/unser-quartier.de\/stadt-bergheim\/wp-json\/wp\/v2\/pages\/1043","targetHints":{"allow":["GET"]}}],"collection":[{"href":"https:\/\/unser-quartier.de\/stadt-bergheim\/wp-json\/wp\/v2\/pages"}],"about":[{"href":"https:\/\/unser-quartier.de\/stadt-bergheim\/wp-json\/wp\/v2\/types\/page"}],"author":[{"embeddable":true,"href":"https:\/\/unser-quartier.de\/stadt-bergheim\/wp-json\/wp\/v2\/users\/48"}],"replies":[{"embeddable":true,"href":"https:\/\/unser-quartier.de\/stadt-bergheim\/wp-json\/wp\/v2\/comments?post=1043"}],"version-history":[{"count":0,"href":"https:\/\/unser-quartier.de\/stadt-bergheim\/wp-json\/wp\/v2\/pages\/1043\/revisions"}],"up":[{"embeddable":true,"href":"https:\/\/unser-quartier.de\/stadt-bergheim\/wp-json\/wp\/v2\/pages\/3332"}],"wp:attachment":[{"href":"https:\/\/unser-quartier.de\/stadt-bergheim\/wp-json\/wp\/v2\/media?parent=1043"}],"curies":[{"name":"wp","href":"https:\/\/api.w.org\/{rel}","templated":true}]}}

<p><span style="font-size: medium">Begleitung zum Arzt, Hilfe beim Einkauf, Spaziergänge,<br />
Gespräche, Begleitung zu Behörden, Hilfe beim Ausfüllen von Anträgen wird von ehrenamtlichen Helfern übernommen.</span></p>
<p><span style="font-size: medium">Auch bieten wir für<b> pflegende Angehörige und Menschen mit Demenz<br />
</b>qualifizierte Entlastungs- und Betreuungsangebote,<br />
sowie Betreuung in Demenz-Cafe`s an. <b></b></span></p>
<p><span style="font-size: medium"><b>Ansprechpartnerin: </b>Anni Wilbertz, Tel.: 02271-42451, mail: <a href="mailto:WilbertzBM@t-online.de" target="_blank">WilbertzBM@t-online.de</a></span></p>

<p>Begleitung zum Arzt, Hilfe beim Einkauf, Spaziergänge, Gespräche, Begleitung zu Behörden, Hilfe beim Ausfüllen von Anträgen wird von ehrenamtlichen Helfern übernommen.</p>
<p>Auch bieten wir für pflegende Angehörige und Menschen mit Demenz qualifizierte Entlastungs- und Betreuungsangebote, sowie Betreuung in Demenz-Cafe`s an. </p>
<p>Ansprechpartnerin: Anni Wilbertz, Tel.: 02271-42451, mail: WilbertzBM@t-online.de</p>
