{"id":142,"date":"2013-04-25T11:30:38","date_gmt":"2013-04-25T09:30:38","guid":{"rendered":"http:\/\/unser-quartier.de\/stadt-bergheim\/?page_id=142"},"modified":"2021-10-12T16:31:42","modified_gmt":"2021-10-12T14:31:42","slug":"vorstellung-der-moderatoren","status":"publish","type":"page","link":"https:\/\/unser-quartier.de\/stadt-bergheim\/startseite\/vorstellung-der-moderatoren\/","title":{"rendered":"Vorstellung Online-Team"},"content":{"rendered":"<p><img data-recalc-dims=\"1\" loading=\"lazy\" decoding=\"async\" data-attachment-id=\"2574\" data-permalink=\"https:\/\/unser-quartier.de\/stadt-bergheim\/startseite\/vorstellung-der-moderatoren\/sony-dsc-9\/\" data-orig-file=\"https:\/\/i0.wp.com\/unser-quartier.de\/stadt-bergheim\/files\/2014\/05\/DSC02667-klein-e1399919392413.jpg?fit=68%2C100&amp;ssl=1\" data-orig-size=\"68,100\" data-comments-opened=\"0\" data-image-meta=\"{&quot;aperture&quot;:&quot;5&quot;,&quot;credit&quot;:&quot;&quot;,&quot;camera&quot;:&quot;NEX-C3&quot;,&quot;caption&quot;:&quot;&quot;,&quot;created_timestamp&quot;:&quot;1399890715&quot;,&quot;copyright&quot;:&quot;&quot;,&quot;focal_length&quot;:&quot;48&quot;,&quot;iso&quot;:&quot;1600&quot;,&quot;shutter_speed&quot;:&quot;0.01&quot;,&quot;title&quot;:&quot;SONY DSC&quot;}\" data-image-title=\"SONY DSC\" data-image-description=\"\" data-image-caption=\"&lt;p&gt;Hans-J\u00fcrgen Knabben&lt;\/p&gt;\n\" data-medium-file=\"https:\/\/i0.wp.com\/unser-quartier.de\/stadt-bergheim\/files\/2014\/05\/DSC02667-klein-e1399919392413.jpg?fit=204%2C300&amp;ssl=1\" data-large-file=\"https:\/\/i0.wp.com\/unser-quartier.de\/stadt-bergheim\/files\/2014\/05\/DSC02667-klein-e1399919392413.jpg?fit=68%2C100&amp;ssl=1\" class=\"alignleft wp-image-2574\" src=\"https:\/\/i0.wp.com\/unser-quartier.de\/stadt-bergheim\/files\/2014\/05\/DSC02667-klein.jpg?resize=77%2C113&#038;ssl=1\" alt=\"Hans-J\u00fcrgen Knabben\" width=\"77\" height=\"113\" \/><\/p>\n<p><span style=\"font-size: 12pt;\">Hallo,\u00a0mein Name ist <strong>Hans-J\u00fcrgen Knabben<\/strong>, bin Ruhest\u00e4ndler und wohne in Bergheim. <\/span><span style=\"font-size: small;\"><span style=\"font-size: 12pt;\">Ich unterst\u00fctze die <strong>Stadt Bergheim <\/strong>ehrenamtlich\u00a0bei der Gestaltung und Administration des\u00a0 Seniorenportals und helfe Ihnen gern bei allen Fragen rund um unsere Webseite: Telefon: 0171 \/ 33 57 218. Neben technischen L\u00f6sungen und der WebSite-Erstellung koordiniere ich das Redaktionsteam. <\/span><\/span><\/p>\n<p>&nbsp;<\/p>\n<div>\n<p><img data-recalc-dims=\"1\" loading=\"lazy\" decoding=\"async\" data-attachment-id=\"2577\" data-permalink=\"https:\/\/unser-quartier.de\/stadt-bergheim\/startseite\/vorstellung-der-moderatoren\/sony-dsc-12\/\" data-orig-file=\"https:\/\/i0.wp.com\/unser-quartier.de\/stadt-bergheim\/files\/2014\/05\/DSC02672-klein-e1399919368493.jpg?fit=81%2C100&amp;ssl=1\" data-orig-size=\"81,100\" data-comments-opened=\"0\" data-image-meta=\"{&quot;aperture&quot;:&quot;5&quot;,&quot;credit&quot;:&quot;&quot;,&quot;camera&quot;:&quot;NEX-C3&quot;,&quot;caption&quot;:&quot;&quot;,&quot;created_timestamp&quot;:&quot;1399890808&quot;,&quot;copyright&quot;:&quot;&quot;,&quot;focal_length&quot;:&quot;48&quot;,&quot;iso&quot;:&quot;1600&quot;,&quot;shutter_speed&quot;:&quot;0.008&quot;,&quot;title&quot;:&quot;SONY DSC&quot;}\" data-image-title=\"SONY DSC\" data-image-description=\"\" data-image-caption=\"&lt;p&gt;Andrea Flo\u00df&lt;\/p&gt;\n\" data-medium-file=\"https:\/\/i0.wp.com\/unser-quartier.de\/stadt-bergheim\/files\/2014\/05\/DSC02672-klein-e1399919368493.jpg?fit=243%2C300&amp;ssl=1\" data-large-file=\"https:\/\/i0.wp.com\/unser-quartier.de\/stadt-bergheim\/files\/2014\/05\/DSC02672-klein-e1399919368493.jpg?fit=81%2C100&amp;ssl=1\" class=\"alignleft wp-image-2577\" src=\"https:\/\/i0.wp.com\/unser-quartier.de\/stadt-bergheim\/files\/2014\/05\/DSC02672-klein.jpg?resize=81%2C100&#038;ssl=1\" alt=\"Andrea Flo\u00df\" width=\"81\" height=\"100\" \/><\/p>\n<p><span style=\"font-size: 12pt;\">Hallo, mein Name ist <strong>Andrea Flo\u00df <\/strong>und ich komme aus Bergheim-Glessen<b>.<\/b> Ich bin freie Journalistin und habe mich 2007 mit meiner \u201eWortfabrik\u201c selbst\u00e4ndig gemacht. Ich schreibe kreative Texte f\u00fcr Print und Online und unterst\u00fctze Unternehmen, Organisationen und Vereine im Bereich Presse- und \u00d6ffentlichkeitsarbeit, Fundraising und Redaktion. Ich freue mich darauf, das Online-Team als Autorin zu verst\u00e4rken und gebe Ihnen gern Tipps f\u00fcr gute Web-Texte.<\/span><\/p>\n<p>&nbsp;<\/p>\n<p><img data-recalc-dims=\"1\" loading=\"lazy\" decoding=\"async\" data-attachment-id=\"4878\" data-permalink=\"https:\/\/unser-quartier.de\/stadt-bergheim\/startseite\/vorstellung-der-moderatoren\/dsc03962-klein\/\" data-orig-file=\"https:\/\/i0.wp.com\/unser-quartier.de\/stadt-bergheim\/files\/2013\/04\/DSC03962-klein-e1421075791106.jpg?fit=93%2C134&amp;ssl=1\" data-orig-size=\"93,134\" data-comments-opened=\"0\" data-image-meta=\"{&quot;aperture&quot;:&quot;0&quot;,&quot;credit&quot;:&quot;&quot;,&quot;camera&quot;:&quot;&quot;,&quot;caption&quot;:&quot;&quot;,&quot;created_timestamp&quot;:&quot;0&quot;,&quot;copyright&quot;:&quot;&quot;,&quot;focal_length&quot;:&quot;0&quot;,&quot;iso&quot;:&quot;0&quot;,&quot;shutter_speed&quot;:&quot;0&quot;,&quot;title&quot;:&quot;&quot;,&quot;orientation&quot;:&quot;0&quot;}\" data-image-title=\"DSC03962-klein\" data-image-description=\"\" data-image-caption=\"\" data-medium-file=\"https:\/\/i0.wp.com\/unser-quartier.de\/stadt-bergheim\/files\/2013\/04\/DSC03962-klein-e1421075791106.jpg?fit=208%2C300&amp;ssl=1\" data-large-file=\"https:\/\/i0.wp.com\/unser-quartier.de\/stadt-bergheim\/files\/2013\/04\/DSC03962-klein-e1421075791106.jpg?fit=709%2C1024&amp;ssl=1\" class=\"alignleft wp-image-4878\" src=\"https:\/\/i0.wp.com\/unser-quartier.de\/stadt-bergheim\/files\/2013\/04\/DSC03962-klein.jpg?resize=80%2C115&#038;ssl=1\" alt=\"DSC03962-klein\" width=\"80\" height=\"115\" \/><br \/>\n<span style=\"font-size: 12pt;\">Hallo, mein Name ist <strong>Christa Commer<\/strong>. Ich wohne bereits \u00fcber 35 Jahre in Quadrath-Ichendorf. Seit dem Eintritt in den (Un-)Ruhestand engagiere ich mich in vielf\u00e4ltiger Weise ehrenamtlich. Im Rahmen eines Projektes stie\u00df ich zuf\u00e4llig zum Online-Team. Schnell stellte ich fest, dass die Mitarbeit in diesem Team meinen Neigungen und F\u00e4higkeiten entspricht und mir gro\u00dfen Spa\u00df macht.<\/span><\/p>\n<p>&nbsp;<\/p>\n<p>&nbsp;<\/p>\n<p>&nbsp;<\/p>\n<\/div>\n","protected":false},"excerpt":{"rendered":"<\/p>\n<p>Hallo,\u00a0mein Name ist <strong>Hans-J\u00fcrgen Knabben<\/strong>, bin Ruhest\u00e4ndler und wohne in Bergheim. Ich unterst\u00fctze die <strong>Stadt Bergheim <\/strong>ehrenamtlich\u00a0bei der Gestaltung und Administration des\u00a0 Seniorenportals und helfe Ihnen gern bei allen Fragen rund um unsere Webseite: Telefon: 0171 \/ 33 57 218. Neben technischen L\u00f6sungen und der WebSite-Erstellung koordiniere ich das Redaktionsteam. <\/p>\n<p>&nbsp;<\/p>\n<\/p>\n<p>Hallo, &hellip; <\/p>\n<p><a class=\"more-link btn\" href=\"https:\/\/unser-quartier.de\/stadt-bergheim\/startseite\/vorstellung-der-moderatoren\/\">Weiterlesen<\/a><\/p>\n","protected":false},"author":48,"featured_media":0,"parent":28,"menu_order":4,"comment_status":"closed","ping_status":"closed","template":"template-onecolumn.php","meta":{"_bbp_topic_count":0,"_bbp_reply_count":0,"_bbp_total_topic_count":0,"_bbp_total_reply_count":0,"_bbp_voice_count":0,"_bbp_anonymous_reply_count":0,"_bbp_topic_count_hidden":0,"_bbp_reply_count_hidden":0,"_bbp_forum_subforum_count":0,"jetpack_post_was_ever_published":false,"footnotes":""},"class_list":["post-142","page","type-page","status-publish","hentry","nodate","item-wrap"],"jetpack_sharing_enabled":true,"jetpack_shortlink":"https:\/\/wp.me\/P3vhfJ-2i","jetpack_likes_enabled":true,"_links":{"self":[{"href":"https:\/\/unser-quartier.de\/stadt-bergheim\/wp-json\/wp\/v2\/pages\/142","targetHints":{"allow":["GET"]}}],"collection":[{"href":"https:\/\/unser-quartier.de\/stadt-bergheim\/wp-json\/wp\/v2\/pages"}],"about":[{"href":"https:\/\/unser-quartier.de\/stadt-bergheim\/wp-json\/wp\/v2\/types\/page"}],"author":[{"embeddable":true,"href":"https:\/\/unser-quartier.de\/stadt-bergheim\/wp-json\/wp\/v2\/users\/48"}],"replies":[{"embeddable":true,"href":"https:\/\/unser-quartier.de\/stadt-bergheim\/wp-json\/wp\/v2\/comments?post=142"}],"version-history":[{"count":0,"href":"https:\/\/unser-quartier.de\/stadt-bergheim\/wp-json\/wp\/v2\/pages\/142\/revisions"}],"up":[{"embeddable":true,"href":"https:\/\/unser-quartier.de\/stadt-bergheim\/wp-json\/wp\/v2\/pages\/28"}],"wp:attachment":[{"href":"https:\/\/unser-quartier.de\/stadt-bergheim\/wp-json\/wp\/v2\/media?parent=142"}],"curies":[{"name":"wp","href":"https:\/\/api.w.org\/{rel}","templated":true}]}}