{"id":14528,"date":"2017-04-28T16:41:02","date_gmt":"2017-04-28T14:41:02","guid":{"rendered":"https:\/\/unser-quartier.de\/stadt-bergheim\/?page_id=14528"},"modified":"2018-07-02T13:41:20","modified_gmt":"2018-07-02T11:41:20","slug":"maria-hilf-krankenhaus","status":"publish","type":"page","link":"https:\/\/unser-quartier.de\/stadt-bergheim\/informationen\/untermenue-2\/maria-hilf-krankenhaus\/","title":{"rendered":"Maria-Hilf-Krankenhaus Bergheim"},"content":{"rendered":"<p><span style=\"font-size: 12pt\">Das Maria-Hilf-Krankenhaus Bergheim ist ein Krankenhaus der Grund- und Regelversorgung mit 205 Betten. Es besch\u00e4ftigt rund 430 Mitarbeiter. Seit 2009 ist es in Tr\u00e4gerschaft der gemeinn\u00fctzigen Stiftung der Cellitinnen e.V. mit Sitz in K\u00f6ln.<\/span><br \/>\n<span style=\"font-size: 12pt\">Das Krankenhaus stellt die medizinische Grundversorgung in Bergheim und Umgebung sicher. Es verf\u00fcgt mit seinen sechs Hauptfachabteilungen Innere Medizin, Kardiologie, Allgemein-, Viszeral- und Unfallchirurgie, Orthop\u00e4die, Geburtshilfe und Gyn\u00e4kologie sowie An\u00e4sthesie und Intensivmedizin mit spezieller Schmerztherapie \u00fcber ein breites Leistungsspektrum. Dar\u00fcber hinaus arbeiten im MHK Beleg\u00e4rzte f\u00fcr Hals-, Nasen-, Ohrenheilkunde. Seit M\u00e4rz 2016 ist das Krankenhaus nach den Normen der DIN EN ISO 9001:2008 zertifiziert.<\/span> <span style=\"font-size: 12pt\">Das MHK ist dar\u00fcber hinaus auch unser Netzwerkpartner in der Lokalen Allianz f\u00fcr Menschen mit Demenz.<\/span><\/p>\n<p><span style=\"font-size: 12pt\"> Den aktuellen MHK-Kurier mit vielen Gesundheitsthemen zum Download finden Sie hier bei uns im Seniorenportal:\u00a0<a href=\"https:\/\/unser-quartier.de\/stadt-bergheim\/files\/2017\/05\/2017-04-10_MHK-Kurier_WEB.pdf\">2017-04-10_MHK-Kurier_WEB<\/a><\/span><\/p>\n<p>&nbsp;<\/p>\n<p>&nbsp;<\/p>\n<p><span style=\"font-size: 12pt\"><strong>Maria-Hilf-Krankenhaus Bergheim<\/strong><\/span><br \/>\n<span style=\"font-size: 12pt\">Klosterstrasse 2<\/span><br \/>\n<span style=\"font-size: 12pt\">50126 Bergheim<\/span><br \/>\n<span style=\"font-size: 12pt\">Tel.: 02271\/87-0<\/span><br \/>\n<span style=\"font-size: 12pt\">Fax: 02271\/87-121<\/span><\/p>\n<p><span style=\"font-size: 12pt\">E-mail: <\/span><span style=\"font-size: 12pt\"><a href=\"mailto:info@maria-hilf-krankenhaus.de\">info@maria-hilf-krankenhaus.de<\/a><\/span><\/p>\n<p><span style=\"font-size: 12pt\">WebSite:<\/span><\/p>\n<p><span style=\"font-size: 12pt\"><a href=\"http:\/\/www.maria-hilf-krankenhaus.de\">www.maria-hilf-krankenhaus.de<\/a><\/span><\/p>\n<p>&nbsp;<\/p>\n","protected":false},"excerpt":{"rendered":"<p>Das Maria-Hilf-Krankenhaus Bergheim ist ein Krankenhaus der Grund- und Regelversorgung mit 205 Betten. Es besch\u00e4ftigt rund 430 Mitarbeiter. Seit 2009 ist es in Tr\u00e4gerschaft der gemeinn\u00fctzigen Stiftung der Cellitinnen e.V. mit Sitz in K\u00f6ln. Das Krankenhaus stellt die medizinische Grundversorgung in Bergheim und Umgebung sicher. Es verf\u00fcgt mit seinen sechs Hauptfachabteilungen Innere Medizin, Kardiologie, Allgemein-, &hellip; <\/p>\n<p><a class=\"more-link btn\" href=\"https:\/\/unser-quartier.de\/stadt-bergheim\/informationen\/untermenue-2\/maria-hilf-krankenhaus\/\">Weiterlesen<\/a><\/p>\n","protected":false},"author":48,"featured_media":0,"parent":3332,"menu_order":5,"comment_status":"closed","ping_status":"closed","template":"","meta":{"_bbp_topic_count":0,"_bbp_reply_count":0,"_bbp_total_topic_count":0,"_bbp_total_reply_count":0,"_bbp_voice_count":0,"_bbp_anonymous_reply_count":0,"_bbp_topic_count_hidden":0,"_bbp_reply_count_hidden":0,"_bbp_forum_subforum_count":0,"jetpack_post_was_ever_published":false,"footnotes":""},"class_list":["post-14528","page","type-page","status-publish","hentry","nodate","item-wrap"],"jetpack_sharing_enabled":true,"jetpack_shortlink":"https:\/\/wp.me\/P3vhfJ-3Mk","jetpack_likes_enabled":true,"_links":{"self":[{"href":"https:\/\/unser-quartier.de\/stadt-bergheim\/wp-json\/wp\/v2\/pages\/14528","targetHints":{"allow":["GET"]}}],"collection":[{"href":"https:\/\/unser-quartier.de\/stadt-bergheim\/wp-json\/wp\/v2\/pages"}],"about":[{"href":"https:\/\/unser-quartier.de\/stadt-bergheim\/wp-json\/wp\/v2\/types\/page"}],"author":[{"embeddable":true,"href":"https:\/\/unser-quartier.de\/stadt-bergheim\/wp-json\/wp\/v2\/users\/48"}],"replies":[{"embeddable":true,"href":"https:\/\/unser-quartier.de\/stadt-bergheim\/wp-json\/wp\/v2\/comments?post=14528"}],"version-history":[{"count":0,"href":"https:\/\/unser-quartier.de\/stadt-bergheim\/wp-json\/wp\/v2\/pages\/14528\/revisions"}],"up":[{"embeddable":true,"href":"https:\/\/unser-quartier.de\/stadt-bergheim\/wp-json\/wp\/v2\/pages\/3332"}],"wp:attachment":[{"href":"https:\/\/unser-quartier.de\/stadt-bergheim\/wp-json\/wp\/v2\/media?parent=14528"}],"curies":[{"name":"wp","href":"https:\/\/api.w.org\/{rel}","templated":true}]}}