{"id":17727,"date":"2017-09-29T11:43:44","date_gmt":"2017-09-29T09:43:44","guid":{"rendered":"https:\/\/unser-quartier.de\/stadt-bergheim\/?page_id=17727"},"modified":"2018-07-02T13:41:19","modified_gmt":"2018-07-02T11:41:19","slug":"ambulanter-hospizdienst-fuer-bedburg-bergheim-und-elsdorf","status":"publish","type":"page","link":"https:\/\/unser-quartier.de\/stadt-bergheim\/informationen\/untermenue-2\/ambulanter-hospizdienst-fuer-bedburg-bergheim-und-elsdorf\/","title":{"rendered":"Ambulanter Hospizdienst f\u00fcr Bedburg, Bergheim und Elsdorf"},"content":{"rendered":"<p><a href=\"https:\/\/unser-quartier.de\/stadt-bergheim\/informationen\/untermenue-2\/ambulanter-hospizdienst-fuer-bedburg-bergheim-und-elsdorf\/hospiz-logo\/\" rel=\"attachment wp-att-18359\"><img data-recalc-dims=\"1\" loading=\"lazy\" decoding=\"async\" data-attachment-id=\"18359\" data-permalink=\"https:\/\/unser-quartier.de\/stadt-bergheim\/informationen\/untermenue-2\/ambulanter-hospizdienst-fuer-bedburg-bergheim-und-elsdorf\/hospiz-logo\/\" data-orig-file=\"https:\/\/i0.wp.com\/unser-quartier.de\/stadt-bergheim\/files\/2017\/09\/HOSPIZ-LOGO.jpg?fit=427%2C90&amp;ssl=1\" data-orig-size=\"427,90\" data-comments-opened=\"0\" data-image-meta=\"{&quot;aperture&quot;:&quot;0&quot;,&quot;credit&quot;:&quot;&quot;,&quot;camera&quot;:&quot;&quot;,&quot;caption&quot;:&quot;&quot;,&quot;created_timestamp&quot;:&quot;0&quot;,&quot;copyright&quot;:&quot;&quot;,&quot;focal_length&quot;:&quot;0&quot;,&quot;iso&quot;:&quot;0&quot;,&quot;shutter_speed&quot;:&quot;0&quot;,&quot;title&quot;:&quot;&quot;,&quot;orientation&quot;:&quot;0&quot;}\" data-image-title=\"HOSPIZ LOGO\" data-image-description=\"\" data-image-caption=\"\" data-medium-file=\"https:\/\/i0.wp.com\/unser-quartier.de\/stadt-bergheim\/files\/2017\/09\/HOSPIZ-LOGO.jpg?fit=300%2C63&amp;ssl=1\" data-large-file=\"https:\/\/i0.wp.com\/unser-quartier.de\/stadt-bergheim\/files\/2017\/09\/HOSPIZ-LOGO.jpg?fit=427%2C90&amp;ssl=1\" class=\"alignnone size-full wp-image-18359\" src=\"https:\/\/i0.wp.com\/unser-quartier.de\/stadt-bergheim\/files\/2017\/09\/HOSPIZ-LOGO.jpg?resize=427%2C90&#038;ssl=1\" alt=\"\" width=\"427\" height=\"90\" srcset=\"https:\/\/i0.wp.com\/unser-quartier.de\/stadt-bergheim\/files\/2017\/09\/HOSPIZ-LOGO.jpg?w=427&amp;ssl=1 427w, https:\/\/i0.wp.com\/unser-quartier.de\/stadt-bergheim\/files\/2017\/09\/HOSPIZ-LOGO.jpg?resize=150%2C32&amp;ssl=1 150w, https:\/\/i0.wp.com\/unser-quartier.de\/stadt-bergheim\/files\/2017\/09\/HOSPIZ-LOGO.jpg?resize=300%2C63&amp;ssl=1 300w\" sizes=\"auto, (max-width: 427px) 100vw, 427px\" \/><\/a><\/p>\n<p>Hospiz bietet Unterst\u00fctzung in der Begleitung schwerstkranker, sterbender Menschen und deren Angeh\u00f6rigen im h\u00e4uslichen Umfeld oder in Pflegeeinrichtungen an. Unser Angebot ist kostenfrei. Neben der zeitlichen Entlastung der pflegenden Angeh\u00f6rigen, ist uns vor allen Dingen ein Gespr\u00e4chsangebot und die menschliche N\u00e4he, unabh\u00e4ngig von Glauben, Weltanschauung oder Lebensweise, wichtig.<\/p>\n<p>Unsere ehrenamtlichen Mitarbeitenden nehmen sich Zeit f\u00fcr Sie.<\/p>\n<p>Au\u00dferdem arbeiten wir eng mit einem Palliativpflegedienst, Sozialstationen, \u00c4rzten und therapeutischen Diensten zusammen. F\u00fcr die F\u00e4lle, in denen die h\u00e4usliche Begleitung an ihre Grenzen st\u00f6\u00dft, unterhalten wir gemeinsam mit unseren Kooperationspartnern das station\u00e4re Hospiz \u201eHaus Erftaue\u201c in Erftstadt-Frauenthal.<\/p>\n<p>\u201e<strong><em>Manchmal scheint die ganze Welt entv\u00f6lkert zu sein,<br \/>\nwenn ein einziger Mensch fehlt.\u201c <\/em><\/strong><strong><em>Lamartine<\/em><\/strong><\/p>\n<p>Sie haben einen geliebten Menschen verloren und das ganze Leben ist anders geworden?<\/p>\n<p>Hospiz unterst\u00fctzt Sie durch Trauerbegleitung in Gruppen oder Einzelgespr\u00e4chen, damit Sie f\u00fcr Ihre pers\u00f6nliche Trauer einen angemessenen Platz im Leben finden k\u00f6nnen. Zudem haben Sie die M\u00f6glichkeit in unserem Trauercafe, Menschen in \u00e4hnlichen Lebenssituationen kennenzulernen. Dieses findet jeden zweiten Mittwoch im Monat statt.<strong><em>\u00a0<\/em><\/strong><\/p>\n<p><strong><em>Kontakt\u00a0\u00a0\u00a0\u00a0\u00a0\u00a0\u00a0\u00a0\u00a0\u00a0\u00a0\u00a0\u00a0\u00a0\u00a0\u00a0\u00a0\u00a0\u00a0\u00a0\u00a0\u00a0\u00a0\u00a0\u00a0\u00a0\u00a0\u00a0\u00a0\u00a0\u00a0\u00a0\u00a0\u00a0\u00a0\u00a0\u00a0\u00a0\u00a0\u00a0\u00a0\u00a0\u00a0\u00a0\u00a0\u00a0\u00a0\u00a0\u00a0\u00a0\u00a0\u00a0\u00a0\u00a0\u00a0\u00a0\u00a0\u00a0\u00a0\u00a0\u00a0\u00a0\u00a0\u00a0\u00a0\u00a0\u00a0\u00a0\u00a0\u00a0\u00a0\u00a0\u00a0\u00a0\u00a0\u00a0\u00a0\u00a0\u00a0\u00a0\u00a0\u00a0\u00a0\u00a0\u00a0\u00a0\u00a0\u00a0\u00a0\u00a0\u00a0\u00a0\u00a0\u00a0\u00a0\u00a0\u00a0\u00a0\u00a0\u00a0\u00a0\u00a0\u00a0\u00a0\u00a0\u00a0\u00a0\u00a0 <\/em><\/strong><\/p>\n<p>Hospiz Bedburg-Bergheim e.V.<\/p>\n<p>Klosterstra\u00dfe 2<\/p>\n<p>50126 Bergheim<\/p>\n<p>(im Maria-Hilf-Krankenhaus)<\/p>\n<p>Tel. u. Fax: 02271\/45303<\/p>\n<p>Email:<a href=\"mailto:bergheim@hospiz-erft.de\">mailto:bergheim@hospiz-erft.de<\/a><\/p>\n<p><a href=\"http:\/\/www.hospiz-bedburg-bergheim.de\/\" target=\"_blank\" rel=\"noopener\">www.hospiz-bedburg-bergheim.de<\/a><\/p>\n<p>Haben Sie \u00fcber unsere Angebote hinaus Fragen zu einer <strong>Mitgliedschaft<\/strong>, einer <strong>Spende<\/strong> oder einer T\u00e4tigkeit als <strong>ehrenamtlicher Mitarbeiter<\/strong>?<\/p>\n<p>Unsere Koordinatorinnen Romy Kohler und Claudia Schneider sind Montag und Donnerstag von 10-12 Uhr und nach Vereinbarung f\u00fcr Sie erreichbar.<\/p>\n<p><strong>\u00a0<\/strong><\/p>\n","protected":false},"excerpt":{"rendered":"<\/p>\n<p>Hospiz bietet Unterst\u00fctzung in der Begleitung schwerstkranker, sterbender Menschen und deren Angeh\u00f6rigen im h\u00e4uslichen Umfeld oder in Pflegeeinrichtungen an. Unser Angebot ist kostenfrei. Neben der zeitlichen Entlastung der pflegenden Angeh\u00f6rigen, ist uns vor allen Dingen ein Gespr\u00e4chsangebot und die menschliche N\u00e4he, unabh\u00e4ngig von Glauben, Weltanschauung oder Lebensweise, wichtig.<\/p>\n<p>Unsere ehrenamtlichen Mitarbeitenden nehmen sich Zeit &hellip; <\/p>\n<p><a class=\"more-link btn\" href=\"https:\/\/unser-quartier.de\/stadt-bergheim\/informationen\/untermenue-2\/ambulanter-hospizdienst-fuer-bedburg-bergheim-und-elsdorf\/\">Weiterlesen<\/a><\/p>\n","protected":false},"author":48,"featured_media":0,"parent":3332,"menu_order":2,"comment_status":"closed","ping_status":"closed","template":"","meta":{"_bbp_topic_count":0,"_bbp_reply_count":0,"_bbp_total_topic_count":0,"_bbp_total_reply_count":0,"_bbp_voice_count":0,"_bbp_anonymous_reply_count":0,"_bbp_topic_count_hidden":0,"_bbp_reply_count_hidden":0,"_bbp_forum_subforum_count":0,"jetpack_post_was_ever_published":false,"footnotes":""},"class_list":["post-17727","page","type-page","status-publish","hentry","nodate","item-wrap"],"jetpack_sharing_enabled":true,"jetpack_shortlink":"https:\/\/wp.me\/P3vhfJ-4BV","jetpack_likes_enabled":true,"_links":{"self":[{"href":"https:\/\/unser-quartier.de\/stadt-bergheim\/wp-json\/wp\/v2\/pages\/17727","targetHints":{"allow":["GET"]}}],"collection":[{"href":"https:\/\/unser-quartier.de\/stadt-bergheim\/wp-json\/wp\/v2\/pages"}],"about":[{"href":"https:\/\/unser-quartier.de\/stadt-bergheim\/wp-json\/wp\/v2\/types\/page"}],"author":[{"embeddable":true,"href":"https:\/\/unser-quartier.de\/stadt-bergheim\/wp-json\/wp\/v2\/users\/48"}],"replies":[{"embeddable":true,"href":"https:\/\/unser-quartier.de\/stadt-bergheim\/wp-json\/wp\/v2\/comments?post=17727"}],"version-history":[{"count":0,"href":"https:\/\/unser-quartier.de\/stadt-bergheim\/wp-json\/wp\/v2\/pages\/17727\/revisions"}],"up":[{"embeddable":true,"href":"https:\/\/unser-quartier.de\/stadt-bergheim\/wp-json\/wp\/v2\/pages\/3332"}],"wp:attachment":[{"href":"https:\/\/unser-quartier.de\/stadt-bergheim\/wp-json\/wp\/v2\/media?parent=17727"}],"curies":[{"name":"wp","href":"https:\/\/api.w.org\/{rel}","templated":true}]}}