{"id":17909,"date":"2017-10-05T00:09:30","date_gmt":"2017-10-04T22:09:30","guid":{"rendered":"https:\/\/unser-quartier.de\/stadt-bergheim\/?page_id=17909"},"modified":"2018-07-02T13:41:21","modified_gmt":"2018-07-02T11:41:21","slug":"sozialdienst-katholischer-frauen-fluechtlingshilfe","status":"publish","type":"page","link":"https:\/\/unser-quartier.de\/stadt-bergheim\/informationen\/untermenue-2\/sozialdienst-katholischer-frauen-fluechtlingshilfe\/","title":{"rendered":"Sozialdienst katholischer Frauen (Fl\u00fcchtlingshilfe)"},"content":{"rendered":"<p>Veranstaltungsprogramm von Sozialdienst kath. Frauen und katholischem Bildungswerk Rhein-Erft f\u00fcr Interessierte und Engagierte in der Fl\u00fcchtlingshilfe. Wir w\u00fcrden uns freuen, wenn Sie dieses Angebot in Ihren Kreisen weiterleiten k\u00f6nnen. Die Veranstaltungen stehen allen Interessierten offen, sind einzeln buchbar und k\u00f6nnen kostenfrei besucht werden. <a href=\"https:\/\/unser-quartier.de\/stadt-bergheim\/files\/2017\/10\/2017-09-29_Engagiert-REK.pdf\" rel=\"attachment wp-att-17913\">Zum Runterladen hier klicken : 2017-09-29_Engagiert REK<\/a><\/p>\n<p>Insbesondere m\u00f6chte ich auf die Filmvorf\u00fchrung \u201eGeneration Kunduz\u201c am 07. November im Capitol-Kino in Kerpen hinweisen. An diesem Abend wird der Regisseur und Afghanistan-Kenner Martin Gerner vor Ort sein und von seinen Erfahrungen berichten. F\u00fcr R\u00fcckfragen stehe ich gerne zur Verf\u00fcgung.<\/p>\n<p>Anna Breuer-Wirges<\/p>\n<p>Koordination Aktion Neue Nachbarn<\/p>\n<p>Telefon: +49 (0) 2234 &#8211; 6 03 98-24<\/p>\n<p>Mobil: 01575 \u2013 3232889<\/p>\n<p>E-Mail: breuer-wirges@skf-erftkreis.de<\/p>\n<p>Weitere Informationen \u00fcber die Aktion-Neue-Nachbarn im Rhein-Erft-Kreis erhalten Sie auf unserer Homepage: <a href=\"http:\/\/regional.aktion-neue-nachbarn.de\/regionale_angebote_vor_ort\/rhein-erft-kreis\/\">rheinerft.aktion-neue-nachbarn.de<\/a><\/p>\n<p>&nbsp;<\/p>\n<p>Gesch\u00e4ftsstelle<\/p>\n<p>SkF Rhein-Erft-Kreis e.V.<\/p>\n<p>An St. Severin 11-13 50226 Frechen<\/p>\n","protected":false},"excerpt":{"rendered":"<p>Veranstaltungsprogramm von Sozialdienst kath. Frauen und katholischem Bildungswerk Rhein-Erft f\u00fcr Interessierte und Engagierte in der Fl\u00fcchtlingshilfe. Wir w\u00fcrden uns freuen, wenn Sie dieses Angebot in Ihren Kreisen weiterleiten k\u00f6nnen. Die Veranstaltungen stehen allen Interessierten offen, sind einzeln buchbar und k\u00f6nnen kostenfrei besucht werden. Zum Runterladen hier klicken : 2017-09-29_Engagiert REK<\/p>\n<p>Insbesondere m\u00f6chte ich auf die &hellip; <\/p>\n<p><a class=\"more-link btn\" href=\"https:\/\/unser-quartier.de\/stadt-bergheim\/informationen\/untermenue-2\/sozialdienst-katholischer-frauen-fluechtlingshilfe\/\">Weiterlesen<\/a><\/p>\n","protected":false},"author":48,"featured_media":0,"parent":3332,"menu_order":9,"comment_status":"closed","ping_status":"closed","template":"","meta":{"_bbp_topic_count":0,"_bbp_reply_count":0,"_bbp_total_topic_count":0,"_bbp_total_reply_count":0,"_bbp_voice_count":0,"_bbp_anonymous_reply_count":0,"_bbp_topic_count_hidden":0,"_bbp_reply_count_hidden":0,"_bbp_forum_subforum_count":0,"jetpack_post_was_ever_published":false,"footnotes":""},"class_list":["post-17909","page","type-page","status-publish","hentry","nodate","item-wrap"],"jetpack_sharing_enabled":true,"jetpack_shortlink":"https:\/\/wp.me\/P3vhfJ-4ER","jetpack_likes_enabled":true,"_links":{"self":[{"href":"https:\/\/unser-quartier.de\/stadt-bergheim\/wp-json\/wp\/v2\/pages\/17909","targetHints":{"allow":["GET"]}}],"collection":[{"href":"https:\/\/unser-quartier.de\/stadt-bergheim\/wp-json\/wp\/v2\/pages"}],"about":[{"href":"https:\/\/unser-quartier.de\/stadt-bergheim\/wp-json\/wp\/v2\/types\/page"}],"author":[{"embeddable":true,"href":"https:\/\/unser-quartier.de\/stadt-bergheim\/wp-json\/wp\/v2\/users\/48"}],"replies":[{"embeddable":true,"href":"https:\/\/unser-quartier.de\/stadt-bergheim\/wp-json\/wp\/v2\/comments?post=17909"}],"version-history":[{"count":0,"href":"https:\/\/unser-quartier.de\/stadt-bergheim\/wp-json\/wp\/v2\/pages\/17909\/revisions"}],"up":[{"embeddable":true,"href":"https:\/\/unser-quartier.de\/stadt-bergheim\/wp-json\/wp\/v2\/pages\/3332"}],"wp:attachment":[{"href":"https:\/\/unser-quartier.de\/stadt-bergheim\/wp-json\/wp\/v2\/media?parent=17909"}],"curies":[{"name":"wp","href":"https:\/\/api.w.org\/{rel}","templated":true}]}}

Sozialdienst katholischer Frauen (Flüchtlingshilfe)

<p>Veranstaltungsprogramm von Sozialdienst kath. Frauen und katholischem Bildungswerk Rhein-Erft für Interessierte und Engagierte in der Flüchtlingshilfe. Wir würden uns freuen, wenn Sie dieses Angebot in Ihren Kreisen weiterleiten können. Die Veranstaltungen stehen allen Interessierten offen, sind einzeln buchbar und können kostenfrei besucht werden. <a href="https://unser-quartier.de/stadt-bergheim/files/2017/10/2017-09-29_Engagiert-REK.pdf" rel="attachment wp-att-17913">Zum Runterladen hier klicken : 2017-09-29_Engagiert REK</a></p>
<p>Insbesondere möchte ich auf die Filmvorführung „Generation Kunduz“ am 07. November im Capitol-Kino in Kerpen hinweisen. An diesem Abend wird der Regisseur und Afghanistan-Kenner Martin Gerner vor Ort sein und von seinen Erfahrungen berichten. Für Rückfragen stehe ich gerne zur Verfügung.</p>
<p>Anna Breuer-Wirges</p>
<p>Koordination Aktion Neue Nachbarn</p>
<p>Telefon: +49 (0) 2234 &#8211; 6 03 98-24</p>
<p>Mobil: 01575 – 3232889</p>
<p>E-Mail: breuer-wirges@skf-erftkreis.de</p>
<p>Weitere Informationen über die Aktion-Neue-Nachbarn im Rhein-Erft-Kreis erhalten Sie auf unserer Homepage: <a href="http://regional.aktion-neue-nachbarn.de/regionale_angebote_vor_ort/rhein-erft-kreis/">rheinerft.aktion-neue-nachbarn.de</a></p>
<p>&nbsp;</p>
<p>Geschäftsstelle</p>
<p>SkF Rhein-Erft-Kreis e.V.</p>
<p>An St. Severin 11-13 50226 Frechen</p>

<p>Veranstaltungsprogramm von Sozialdienst kath. Frauen und katholischem Bildungswerk Rhein-Erft für Interessierte und Engagierte in der Flüchtlingshilfe. Wir würden uns freuen, wenn Sie dieses Angebot in Ihren Kreisen weiterleiten können. Die Veranstaltungen stehen allen Interessierten offen, sind einzeln buchbar und können kostenfrei besucht werden. Zum Runterladen hier klicken : 2017-09-29_Engagiert REK</p>
<p>Insbesondere möchte ich auf die &hellip; </p>
<p><a class="more-link btn" href="https://unser-quartier.de/stadt-bergheim/informationen/untermenue-2/sozialdienst-katholischer-frauen-fluechtlingshilfe/">Weiterlesen</a></p>
