{"id":18268,"date":"2017-10-23T15:04:39","date_gmt":"2017-10-23T13:04:39","guid":{"rendered":"https:\/\/unser-quartier.de\/stadt-bergheim\/?page_id=18268"},"modified":"2022-05-13T18:03:17","modified_gmt":"2022-05-13T16:03:17","slug":"patientenverfuegung","status":"publish","type":"page","link":"https:\/\/unser-quartier.de\/stadt-bergheim\/infothek\/patientenverfuegung\/","title":{"rendered":"Patientenverf\u00fcgung"},"content":{"rendered":"<p>Hier berichten wir \u00fcber das Thema Patientenverf\u00fcgung<\/p>\n<p>Information 1<\/p>\n<p><a href=\"https:\/\/unser-quartier.de\/stadt-bergheim\/2017\/10\/die-patientenverfuegung\/\" target=\"_blank\" rel=\"noopener\">Information 2<\/a><\/p>\n<p><a href=\"https:\/\/unser-quartier.de\/stadt-bergheim\/2017\/07\/neue-information\/\" target=\"_blank\" rel=\"noopener\">Information 3<\/a><\/p>\n","protected":false},"excerpt":{"rendered":"<p>Hier berichten wir \u00fcber das Thema Patientenverf\u00fcgung<\/p>\n<p>Information 1<\/p>\n<p>Information 2<\/p>\n<p>Information 3<\/p>\n","protected":false},"author":48,"featured_media":0,"parent":18254,"menu_order":6,"comment_status":"closed","ping_status":"closed","template":"","meta":{"_bbp_topic_count":0,"_bbp_reply_count":0,"_bbp_total_topic_count":0,"_bbp_total_reply_count":0,"_bbp_voice_count":0,"_bbp_anonymous_reply_count":0,"_bbp_topic_count_hidden":0,"_bbp_reply_count_hidden":0,"_bbp_forum_subforum_count":0,"jetpack_post_was_ever_published":false,"footnotes":""},"class_list":["post-18268","page","type-page","status-publish","hentry","nodate","item-wrap"],"jetpack_sharing_enabled":true,"jetpack_shortlink":"https:\/\/wp.me\/P3vhfJ-4KE","jetpack_likes_enabled":true,"_links":{"self":[{"href":"https:\/\/unser-quartier.de\/stadt-bergheim\/wp-json\/wp\/v2\/pages\/18268","targetHints":{"allow":["GET"]}}],"collection":[{"href":"https:\/\/unser-quartier.de\/stadt-bergheim\/wp-json\/wp\/v2\/pages"}],"about":[{"href":"https:\/\/unser-quartier.de\/stadt-bergheim\/wp-json\/wp\/v2\/types\/page"}],"author":[{"embeddable":true,"href":"https:\/\/unser-quartier.de\/stadt-bergheim\/wp-json\/wp\/v2\/users\/48"}],"replies":[{"embeddable":true,"href":"https:\/\/unser-quartier.de\/stadt-bergheim\/wp-json\/wp\/v2\/comments?post=18268"}],"version-history":[{"count":0,"href":"https:\/\/unser-quartier.de\/stadt-bergheim\/wp-json\/wp\/v2\/pages\/18268\/revisions"}],"up":[{"embeddable":true,"href":"https:\/\/unser-quartier.de\/stadt-bergheim\/wp-json\/wp\/v2\/pages\/18254"}],"wp:attachment":[{"href":"https:\/\/unser-quartier.de\/stadt-bergheim\/wp-json\/wp\/v2\/media?parent=18268"}],"curies":[{"name":"wp","href":"https:\/\/api.w.org\/{rel}","templated":true}]}}

Patientenverfügung

<p>Hier berichten wir über das Thema Patientenverfügung</p>
<p>Information 1</p>
<p><a href="https://unser-quartier.de/stadt-bergheim/2017/10/die-patientenverfuegung/" target="_blank" rel="noopener">Information 2</a></p>
<p><a href="https://unser-quartier.de/stadt-bergheim/2017/07/neue-information/" target="_blank" rel="noopener">Information 3</a></p>

<p>Hier berichten wir über das Thema Patientenverfügung</p>
<p>Information 1</p>
<p>Information 2</p>
<p>Information 3</p>
