{"id":19312,"date":"2017-12-04T15:57:19","date_gmt":"2017-12-04T14:57:19","guid":{"rendered":"https:\/\/unser-quartier.de\/stadt-bergheim\/?page_id=19312"},"modified":"2017-12-04T15:57:19","modified_gmt":"2017-12-04T14:57:19","slug":"adfc-rhein-erft-bergheim","status":"publish","type":"page","link":"https:\/\/unser-quartier.de\/stadt-bergheim\/informationen\/sport-und-fit\/adfc-rhein-erft-bergheim\/","title":{"rendered":"ADFC Rhein-Erft (Bergheim)"},"content":{"rendered":"<p><strong><span style=\"font-size: 24px\">Kooperation mit dem ADFC befl\u00fcgelt<\/span><\/strong><\/p>\n<div class=\"entry-content clearfix\">\n<div class=\"pf-content\">\n<p><span style=\"font-size: 20px\"><strong>Zusammenarbeit mit dem Seniorenportal best\u00e4tigt<\/strong><\/span><\/p>\n<p><img loading=\"lazy\" decoding=\"async\" data-attachment-id=\"19305\" data-permalink=\"https:\/\/unser-quartier.de\/stadt-bergheim\/2017\/12\/kooperation-mit-dem-adfc-befluegelt\/img_50391-kopie\/\" data-orig-file=\"https:\/\/i0.wp.com\/unser-quartier.de\/stadt-bergheim\/files\/2017\/12\/IMG_50391-Kopie.jpg?fit=196%2C880&amp;ssl=1\" data-orig-size=\"196,880\" data-comments-opened=\"0\" data-image-meta=\"{&quot;aperture&quot;:&quot;0&quot;,&quot;credit&quot;:&quot;&quot;,&quot;camera&quot;:&quot;&quot;,&quot;caption&quot;:&quot;&quot;,&quot;created_timestamp&quot;:&quot;0&quot;,&quot;copyright&quot;:&quot;&quot;,&quot;focal_length&quot;:&quot;0&quot;,&quot;iso&quot;:&quot;0&quot;,&quot;shutter_speed&quot;:&quot;0&quot;,&quot;title&quot;:&quot;&quot;,&quot;orientation&quot;:&quot;1&quot;}\" data-image-title=\"IMG_5039[1] Kopie\" data-image-description=\"\" data-image-caption=\"\" data-medium-file=\"https:\/\/i0.wp.com\/unser-quartier.de\/stadt-bergheim\/files\/2017\/12\/IMG_50391-Kopie.jpg?fit=67%2C300&amp;ssl=1\" data-large-file=\"https:\/\/i0.wp.com\/unser-quartier.de\/stadt-bergheim\/files\/2017\/12\/IMG_50391-Kopie.jpg?fit=196%2C880&amp;ssl=1\" class=\"alignright wp-image-19305 size-medium\" src=\"https:\/\/i1.wp.com\/unser-quartier.de\/stadt-bergheim\/files\/2017\/12\/IMG_50391-Kopie.jpg?zoom=0.9024999886751175&amp;resize=67%2C300&amp;ssl=1\" alt=\"\" width=\"67\" height=\"300\" srcset=\"https:\/\/i0.wp.com\/unser-quartier.de\/stadt-bergheim\/files\/2017\/12\/IMG_50391-Kopie.jpg?w=196&amp;ssl=1 196w, https:\/\/i0.wp.com\/unser-quartier.de\/stadt-bergheim\/files\/2017\/12\/IMG_50391-Kopie.jpg?resize=67%2C300&amp;ssl=1 67w\" sizes=\"auto, (max-width: 67px) 100vw, 67px\" \/>In der Lokalausgabe des 04.12.2017 berichtet der K\u00f6lner Stadtanzeiger \u00fcber die Jahreshauptversammlung des Kreisverbands des Allgemeinen Deutschen Fahrradclubs. Besonders freuen wir uns \u00fcber die Ank\u00fcndigung, dass der ADFC als einer unserer engagierten Akteure in Zukunft verst\u00e4rkt mit dem Seniorenportal zusammenarbeiten will. Die Kooperation mit unserer Webseite scheint den Verein unter dem Vorsitz von Norbert Rapelius und Wilfried Warnken R\u00fcckenwind zu geben: Die Mitgliederzahl geht mit \u00fcber 1000 weiter nach oben.<\/p>\n<p>Der ADFC hat sich zum Ziel gesetzt, das Fahrradfahren im Kreis attraktiver zu machen. Wir vom Seniorenportal unterst\u00fctzen das sehr und ver\u00f6ffentlichen gern Touren-Tipps und Veranstaltungstermine.<\/p>\n<p>Dieses positive Beispiel zeigt, wie sich das Seniorenportal und seine aktiven Akteure gegenseitig befl\u00fcgeln k\u00f6nnen: Wir unterst\u00fctzen Ihre \u00d6ffentlichkeitsarbeit und erreichen gemeinsam noch mehr!\u00a0 Viele Vereine und Institutionen sind schon dabei \u2013 vom Maria-Hilf-Krankenhaus \u00fcber die Stadtbibliothek bis zum Eifelverein und der Bergheimer Alzheimer Gesellschaft.<\/p>\n<p>Machen auch Sie mit!<\/p>\n<p>&nbsp;<\/p>\n<\/div>\n<\/div>\n","protected":false},"excerpt":{"rendered":"<p><strong>Kooperation mit dem ADFC befl\u00fcgelt<\/strong><\/p>\n<p><strong>Zusammenarbeit mit dem Seniorenportal best\u00e4tigt<\/strong><\/p>\n<p>In der Lokalausgabe des 04.12.2017 berichtet der K\u00f6lner Stadtanzeiger \u00fcber die Jahreshauptversammlung des Kreisverbands des Allgemeinen Deutschen Fahrradclubs. Besonders freuen wir uns \u00fcber die Ank\u00fcndigung, dass der ADFC als einer unserer engagierten Akteure in Zukunft verst\u00e4rkt mit dem Seniorenportal zusammenarbeiten will. Die Kooperation mit unserer &hellip; <\/p>\n<p><a class=\"more-link btn\" href=\"https:\/\/unser-quartier.de\/stadt-bergheim\/informationen\/sport-und-fit\/adfc-rhein-erft-bergheim\/\">Weiterlesen<\/a><\/p>\n","protected":false},"author":48,"featured_media":0,"parent":3390,"menu_order":0,"comment_status":"closed","ping_status":"closed","template":"","meta":{"_bbp_topic_count":0,"_bbp_reply_count":0,"_bbp_total_topic_count":0,"_bbp_total_reply_count":0,"_bbp_voice_count":0,"_bbp_anonymous_reply_count":0,"_bbp_topic_count_hidden":0,"_bbp_reply_count_hidden":0,"_bbp_forum_subforum_count":0,"jetpack_post_was_ever_published":false,"footnotes":""},"class_list":["post-19312","page","type-page","status-publish","hentry","nodate","item-wrap"],"jetpack_sharing_enabled":true,"jetpack_shortlink":"https:\/\/wp.me\/P3vhfJ-51u","jetpack_likes_enabled":true,"_links":{"self":[{"href":"https:\/\/unser-quartier.de\/stadt-bergheim\/wp-json\/wp\/v2\/pages\/19312","targetHints":{"allow":["GET"]}}],"collection":[{"href":"https:\/\/unser-quartier.de\/stadt-bergheim\/wp-json\/wp\/v2\/pages"}],"about":[{"href":"https:\/\/unser-quartier.de\/stadt-bergheim\/wp-json\/wp\/v2\/types\/page"}],"author":[{"embeddable":true,"href":"https:\/\/unser-quartier.de\/stadt-bergheim\/wp-json\/wp\/v2\/users\/48"}],"replies":[{"embeddable":true,"href":"https:\/\/unser-quartier.de\/stadt-bergheim\/wp-json\/wp\/v2\/comments?post=19312"}],"version-history":[{"count":0,"href":"https:\/\/unser-quartier.de\/stadt-bergheim\/wp-json\/wp\/v2\/pages\/19312\/revisions"}],"up":[{"embeddable":true,"href":"https:\/\/unser-quartier.de\/stadt-bergheim\/wp-json\/wp\/v2\/pages\/3390"}],"wp:attachment":[{"href":"https:\/\/unser-quartier.de\/stadt-bergheim\/wp-json\/wp\/v2\/media?parent=19312"}],"curies":[{"name":"wp","href":"https:\/\/api.w.org\/{rel}","templated":true}]}}

<p><strong><span style="font-size: 24px">Kooperation mit dem ADFC beflügelt</span></strong></p>
<div class="entry-content clearfix">
<div class="pf-content">
<p><span style="font-size: 20px"><strong>Zusammenarbeit mit dem Seniorenportal bestätigt</strong></span></p>
<p><img loading="lazy" decoding="async" data-attachment-id="19305" data-permalink="https://unser-quartier.de/stadt-bergheim/2017/12/kooperation-mit-dem-adfc-befluegelt/img_50391-kopie/" data-orig-file="https://i0.wp.com/unser-quartier.de/stadt-bergheim/files/2017/12/IMG_50391-Kopie.jpg?fit=196%2C880&amp;ssl=1" data-orig-size="196,880" data-comments-opened="0" data-image-meta="{&quot;aperture&quot;:&quot;0&quot;,&quot;credit&quot;:&quot;&quot;,&quot;camera&quot;:&quot;&quot;,&quot;caption&quot;:&quot;&quot;,&quot;created_timestamp&quot;:&quot;0&quot;,&quot;copyright&quot;:&quot;&quot;,&quot;focal_length&quot;:&quot;0&quot;,&quot;iso&quot;:&quot;0&quot;,&quot;shutter_speed&quot;:&quot;0&quot;,&quot;title&quot;:&quot;&quot;,&quot;orientation&quot;:&quot;1&quot;}" data-image-title="IMG_5039[1] Kopie" data-image-description="" data-image-caption="" data-medium-file="https://i0.wp.com/unser-quartier.de/stadt-bergheim/files/2017/12/IMG_50391-Kopie.jpg?fit=67%2C300&amp;ssl=1" data-large-file="https://i0.wp.com/unser-quartier.de/stadt-bergheim/files/2017/12/IMG_50391-Kopie.jpg?fit=196%2C880&amp;ssl=1" class="alignright wp-image-19305 size-medium" src="https://i1.wp.com/unser-quartier.de/stadt-bergheim/files/2017/12/IMG_50391-Kopie.jpg?zoom=0.9024999886751175&amp;resize=67%2C300&amp;ssl=1" alt="" width="67" height="300" srcset="https://i0.wp.com/unser-quartier.de/stadt-bergheim/files/2017/12/IMG_50391-Kopie.jpg?w=196&amp;ssl=1 196w, https://i0.wp.com/unser-quartier.de/stadt-bergheim/files/2017/12/IMG_50391-Kopie.jpg?resize=67%2C300&amp;ssl=1 67w" sizes="auto, (max-width: 67px) 100vw, 67px" />In der Lokalausgabe des 04.12.2017 berichtet der Kölner Stadtanzeiger über die Jahreshauptversammlung des Kreisverbands des Allgemeinen Deutschen Fahrradclubs. Besonders freuen wir uns über die Ankündigung, dass der ADFC als einer unserer engagierten Akteure in Zukunft verstärkt mit dem Seniorenportal zusammenarbeiten will. Die Kooperation mit unserer Webseite scheint den Verein unter dem Vorsitz von Norbert Rapelius und Wilfried Warnken Rückenwind zu geben: Die Mitgliederzahl geht mit über 1000 weiter nach oben.</p>
<p>Der ADFC hat sich zum Ziel gesetzt, das Fahrradfahren im Kreis attraktiver zu machen. Wir vom Seniorenportal unterstützen das sehr und veröffentlichen gern Touren-Tipps und Veranstaltungstermine.</p>
<p>Dieses positive Beispiel zeigt, wie sich das Seniorenportal und seine aktiven Akteure gegenseitig beflügeln können: Wir unterstützen Ihre Öffentlichkeitsarbeit und erreichen gemeinsam noch mehr!  Viele Vereine und Institutionen sind schon dabei – vom Maria-Hilf-Krankenhaus über die Stadtbibliothek bis zum Eifelverein und der Bergheimer Alzheimer Gesellschaft.</p>
<p>Machen auch Sie mit!</p>
<p>&nbsp;</p>
</div>
</div>

<p><strong>Kooperation mit dem ADFC beflügelt</strong></p>
<p><strong>Zusammenarbeit mit dem Seniorenportal bestätigt</strong></p>
<p>In der Lokalausgabe des 04.12.2017 berichtet der Kölner Stadtanzeiger über die Jahreshauptversammlung des Kreisverbands des Allgemeinen Deutschen Fahrradclubs. Besonders freuen wir uns über die Ankündigung, dass der ADFC als einer unserer engagierten Akteure in Zukunft verstärkt mit dem Seniorenportal zusammenarbeiten will. Die Kooperation mit unserer &hellip; </p>
<p><a class="more-link btn" href="https://unser-quartier.de/stadt-bergheim/informationen/sport-und-fit/adfc-rhein-erft-bergheim/">Weiterlesen</a></p>
