{"id":22495,"date":"2018-05-09T16:02:47","date_gmt":"2018-05-09T14:02:47","guid":{"rendered":"https:\/\/unser-quartier.de\/stadt-bergheim\/?page_id=22495"},"modified":"2018-09-16T10:08:12","modified_gmt":"2018-09-16T08:08:12","slug":"disclaimer","status":"publish","type":"page","link":"https:\/\/unser-quartier.de\/stadt-bergheim\/disclaimer\/","title":{"rendered":"Disclaimer"},"content":{"rendered":"<div id=\"dmaker_preview\" class=\"code\">\n<div id=\"dmaker_preview_disclaimer\">\n<h4><span style=\"font-family: arial,helvetica,sans-serif;font-size: 20px\">Haftung f\u00fcr Inhalte<\/span><\/h4>\n<p><span style=\"font-family: arial,helvetica,sans-serif;font-size: 20px\">Als Diensteanbieter sind wir gem\u00e4\u00df \u00a7 7 Abs.1 TMG f\u00fcr eigene Inhalte auf diesen Seiten nach den allgemeinen Gesetzen verantwortlich. Nach \u00a7\u00a7 8 bis 10 TMG sind wir als Diensteanbieter jedoch nicht verpflichtet, \u00fcbermittelte oder gespeicherte fremde Informationen zu \u00fcberwachen oder nach Umst\u00e4nden zu forschen, die auf eine rechtswidrige T\u00e4tigkeit hinweisen.<\/span><\/p>\n<p><span style=\"font-family: arial,helvetica,sans-serif;font-size: 20px\">Verpflichtungen zur Entfernung oder Sperrung der Nutzung von Informationen nach den allgemeinen Gesetzen bleiben hiervon unber\u00fchrt. Eine diesbez\u00fcgliche Haftung ist jedoch erst ab dem Zeitpunkt der Kenntnis einer konkreten Rechtsverletzung m\u00f6glich. Bei Bekanntwerden von entsprechenden Rechtsverletzungen werden wir diese Inhalte umgehend entfernen.<\/span><\/p>\n<h2><span style=\"font-family: arial,helvetica,sans-serif;font-size: 20px\">Haftung f\u00fcr Links<\/span><\/h2>\n<p><span style=\"font-family: arial,helvetica,sans-serif;font-size: 20px\">Unser Angebot enth\u00e4lt Links zu externen Websites Dritter, auf deren Inhalte wir keinen Einfluss haben. Deshalb k\u00f6nnen wir f\u00fcr diese fremden Inhalte auch keine Gew\u00e4hr \u00fcbernehmen. F\u00fcr die Inhalte der verlinkten Seiten ist stets der jeweilige Anbieter oder Betreiber der Seiten verantwortlich. Die verlinkten Seiten wurden zum Zeitpunkt der Verlinkung auf m\u00f6gliche Rechtsverst\u00f6\u00dfe \u00fcberpr\u00fcft. Rechtswidrige Inhalte waren zum Zeitpunkt der Verlinkung nicht erkennbar.<\/span><\/p>\n<p><span style=\"font-family: arial,helvetica,sans-serif;font-size: 20px\">Eine permanente inhaltliche Kontrolle der verlinkten Seiten ist jedoch ohne konkrete Anhaltspunkte einer Rechtsverletzung nicht zumutbar. Bei Bekanntwerden von Rechtsverletzungen werden wir derartige Links umgehend entfernen.<\/span><\/p>\n<h2><span style=\"font-family: arial,helvetica,sans-serif;font-size: 20px\">Urheberrecht<\/span><\/h2>\n<p><span style=\"font-family: arial,helvetica,sans-serif;font-size: 20px\">Die durch die Seitenbetreiber erstellten Inhalte und Werke auf diesen Seiten unterliegen dem deutschen Urheberrecht. Die Vervielf\u00e4ltigung, Bearbeitung, Verbreitung und jede Art der Verwertung au\u00dferhalb der Grenzen des Urheberrechtes bed\u00fcrfen der schriftlichen Zustimmung des jeweiligen Autors bzw. Erstellers. Downloads und Kopien dieser Seite sind nur f\u00fcr den privaten, nicht kommerziellen Gebrauch gestattet.<\/span><\/p>\n<p><span style=\"font-family: arial,helvetica,sans-serif;font-size: 20px\">Soweit die Inhalte auf dieser Seite nicht vom Betreiber erstellt wurden, werden die Urheberrechte Dritter beachtet. Insbesondere werden Inhalte Dritter als solche gekennzeichnet. Sollten Sie trotzdem auf eine Urheberrechtsverletzung aufmerksam werden, bitten wir um einen entsprechenden Hinweis. Bei Bekanntwerden von Rechtsverletzungen werden wir derartige Inhalte umgehend entfernen.<\/span><\/p>\n<p><span style=\"font-family: arial,helvetica,sans-serif;font-size: 20px\"><strong>Streitschlichtung<\/strong><\/span><br \/>\n<span style=\"font-family: arial,helvetica,sans-serif;font-size: 20px\"> Wir sind nicht bereit oder verpflichtet, an Streitbeilegungsverfahren vor einer Verbraucherschlichtungsstelle teilzunehmen.<\/span><\/p>\n<p><span style=\"font-family: arial,helvetica,sans-serif;font-size: 20px\"><i>Quelle: <a href=\"https:\/\/www.e-recht24.de\/\">https:\/\/www.e-recht24.de<\/a><\/i><\/span><\/p>\n<p>&nbsp;<\/p>\n<p><span style=\"font-family: arial,helvetica,sans-serif;font-size: 20px\"><strong>Bildnachweise:<\/strong><\/span><\/p>\n<p><span style=\"font-family: arial,helvetica,sans-serif;font-size: 16px\">Themen\/Kopfbild\/Tipps\u00a0Bilder von bildagentur.rundblick<\/span><\/p>\n<p><span style=\"font-size: 16px\">Wir nehmen eigene Bilder und lizenzfreie und kostenlose Bilder von Pixabay<\/span><\/p>\n<p><span style=\"font-family: arial,helvetica,sans-serif;font-size: 20px\">Impressum: Rechtliche Hinweise:<\/span><\/p>\n<p><span style=\"font-family: arial,helvetica,sans-serif;font-size: 20px\"><strong>Haftungsausschluss f\u00fcr eigene Seiten:<\/strong><\/span><\/p>\n<p><span style=\"font-family: arial,helvetica,sans-serif;font-size: 20px\">Die Stadt Bergheim \u00fcbernimmt keine Haftung oder Garantie f\u00fcr die Aktualit\u00e4t, Richtigkeit oder Vollst\u00e4ndigkeit der auf dieser Website bereitgestellten Informationen. Die Inhalte dieser Internet-Seiten basieren teilweise auf gesetzlichen Grundlagen und werden regelm\u00e4\u00dfig \u00fcberpr\u00fcft. Es kann nicht garantiert werden, dass nach einer gesetzlichen \u00c4nderung eine sofortige Anpassung der Internet-Seiten erfolgt.\u00a0Die Stadt Bergheim \u00fcbernimmt keine Haftung f\u00fcr direkte oder indirekte Sch\u00e4den, die aus der Benutzung diese Website entstehen k\u00f6nnen.<\/span><\/p>\n<p><span style=\"font-family: arial,helvetica,sans-serif;font-size: 20px\"><strong>Haftungsausschluss f\u00fcr fremde Seiten\/LINKS:<\/strong><\/span><\/p>\n<p><span style=\"font-family: arial,helvetica,sans-serif;font-size: 20px\">Mit dem Urteil vom 12.\u00a0Mai 1998 \u2013 312\u00a0O\u00a085\/98 \u2013 \u201eHaftung f\u00fcr Links\u201c hat das Landgericht Hamburg entschieden, dass durch die Anbringung eines Links die Inhalte der gelinkten Seite ggf. mit zu verantworten sind. Dies kann nur dadurch verhindert werden, dass man sich ausdr\u00fccklich von diesen Inhalten distanziert.<\/span><\/p>\n<p><span style=\"font-family: arial,helvetica,sans-serif;font-size: 20px\">Manche Verweise\/Hyperlinks f\u00fchren zu Angeboten au\u00dferhalb dieser Website, welche nicht von\u00a0 der Stadt Bergheim erstellt oder gepflegt werden. Dies wird insbesondere dadurch deutlich, dass in der Regel der Verweis \/ Hyperlink mit \u201ewww\u201c gekennzeichnet und nach dem \u00d6ffnen der Rahmen der Homepage\u00a0 \u201eSeniorenportal Bergheim\u201c\u00a0 in dem neuen Fenster nicht mehr sichtbar ist.\u00a0 Die Stadt Bergheim \u00fcbernimmt keine Haftung oder Garantie f\u00fcr die Aktualit\u00e4t, Richtigkeit oder Vollst\u00e4ndigkeit der auf der jeweiligen verzeichneten Websites ver\u00f6ffentlichten Inhalte, f\u00fcr deren Rechtm\u00e4\u00dfigkeit oder f\u00fcr die Erf\u00fcllung von Urheberrechtsbestimmungen im Zusammenhang mit den auf der jeweiligen Website ver\u00f6ffentlichten Inhalten.\u00a0Die Stadt Bergheim \u00fcbernimmt keine Haftung f\u00fcr direkte oder indirekte Sch\u00e4den, die aus der Benutzung dieser Websites entstehen k\u00f6nnen und distanziert sich ausdr\u00fccklich von den Inhalten.<\/span><\/p>\n<p><span style=\"font-family: arial,helvetica,sans-serif;font-size: 20px\"><strong>Haftung f\u00fcr Links<\/strong><\/span><\/p>\n<p><span style=\"font-family: arial,helvetica,sans-serif;font-size: 20px\">Unser Angebot enth\u00e4lt Links zu externen Webseiten Dritter, auf deren Inhalte wir keinen Einfluss haben. Deshalb k\u00f6nnen wir f\u00fcr diese fremden Inhalte auch keine Gew\u00e4hr \u00fcbernehmen. F\u00fcr die Inhalte der verlinkten Seiten ist stets der jeweilige Anbieter oder Betreiber der Seiten verantwortlich. Die verlinkten Seiten wurden zum Zeitpunkt der Verlinkung auf m\u00f6gliche Rechtsverst\u00f6\u00dfe \u00fcberpr\u00fcft. Rechtswidrige Inhalte waren zum Zeitpunkt der Verlinkung nicht erkennbar. Eine permanente inhaltliche Kontrolle der verlinkten Seiten ist jedoch ohne konkrete Anhaltspunkte einer Rechtsverletzung nicht zumutbar. Bei Bekanntwerden von Rechtsverletzungen werden wir derartige Links umgehend entfernen.<\/span><\/p>\n<p><span style=\"font-family: arial,helvetica,sans-serif;font-size: 20px\"><strong>Verbindlichkeit:<\/strong><\/span><\/p>\n<p><span style=\"font-family: arial,helvetica,sans-serif;font-size: 20px\">Die in dieser Website gemachten Ausf\u00fchrungen dienen lediglich der allgemeinen Information. Ein Rechtsanspruch auf eine bestimmte Leistung der Stadt Bergheim kann hierauf nicht begr\u00fcndet werden. In jeder konkreten Angelegenheit ist daher eine Einzelfallentscheidung nach dem vorgeschriebenen Verwaltungsverfahren erforderlich.<\/span><\/p>\n<p><span style=\"font-family: arial,helvetica,sans-serif;font-size: 20px\"><strong>Urheberrechte:<\/strong><\/span><\/p>\n<p><span style=\"font-family: arial,helvetica,sans-serif;font-size: 20px\">Der gesamte Inhalt und die Abbildungen dieser Website sowie die Gestaltung unterliegen dem Urheberrecht der\u00a0 Stadt Bergheim. Das Kopieren von Texten und Bildern zum kommerziellen Gebrauch ist nur mit ausdr\u00fccklicher schriftlicher Genehmigung\u00a0der Stadt Bergheim gestattet.<\/span><\/p>\n<p><span style=\"font-family: arial,helvetica,sans-serif;font-size: 20px\"><strong>Wenn Sie auf den Zwei-Klick Button dr\u00fccken, stellen Sie eine Facebook-Verbindung her!<\/strong><\/span><\/p>\n<p><span style=\"font-family: arial,helvetica,sans-serif;font-size: 20px\"><strong>Datenschutzerkl\u00e4rung f\u00fcr die Nutzung von Facebook-Plugins (Like-Button)<\/strong><\/span><\/p>\n<p><span style=\"font-family: arial,helvetica,sans-serif;font-size: 20px\"><strong>Auf unseren Seiten sind Plugins des sozialen Netzwerks Facebook (Facebook Inc., 1601 Willow Road, Menlo Park, California, 94025, USA) integriert. Die Facebook-Plugins erkennen Sie an dem Facebook-Logo oder dem \u201eLike-Button\u201c (\u201eGef\u00e4llt mir\u201c) auf unserer Seite. Eine \u00dcbersicht \u00fcber die Facebook-Plugins finden Sie hier: http:\/\/developers.facebook.com\/docs\/plugins\/.<\/strong><\/span><br \/>\n<span style=\"font-family: arial,helvetica,sans-serif;font-size: 20px\"> <strong> Wenn Sie unsere Seiten besuchen, wird \u00fcber das Plugin eine direkte Verbindung zwischen Ihrem Browser und dem Facebook-Server hergestellt. Facebook erh\u00e4lt dadurch die Information, dass Sie mit Ihrer IP-Adresse unsere Seite besucht haben. Wenn Sie den Facebook \u201eLike-Button\u201c anklicken w\u00e4hrend Sie in Ihrem Facebook-Account eingeloggt sind, k\u00f6nnen Sie die Inhalte unserer Seiten auf Ihrem Facebook-Profil verlinken. Dadurch kann Facebook den Besuch unserer Seiten Ihrem Benutzerkonto zuordnen. Wir weisen darauf hin, dass wir als Anbieter der Seiten keine Kenntnis vom Inhalt der \u00fcbermittelten Daten sowie deren Nutzung durch Facebook erhalten. Weitere Informationen hierzu finden Sie in der Datenschutzerkl\u00e4rung von facebook unter http:\/\/de-de.facebook.com\/policy.php<\/strong><\/span><\/p>\n<p><span style=\"font-family: arial,helvetica,sans-serif;font-size: 20px\"><strong>Wenn Sie nicht w\u00fcnschen, dass Facebook den Besuch unserer Seiten Ihrem Facebook-Nutzerkonto zuordnen kann, loggen Sie sich bitte aus Ihrem Facebook-Benutzerkonto aus oder verwenden Sie nicht den 2 Klick Button.<\/strong><\/span><\/p>\n<p><span style=\"font-family: arial,helvetica,sans-serif;font-size: 20px\"><strong>Impressum gilt auch f\u00fcr die Seite von<\/strong><\/span><span style=\"font-family: arial,helvetica,sans-serif;font-size: 20px\"><strong> Facebook<\/strong><\/span><br \/>\n<span style=\"font-family: arial,helvetica,sans-serif;font-size: 20px\"> www.facebook.com\/fasebm<\/span><\/p>\n<p><strong><span style=\"font-family: arial,helvetica,sans-serif;font-size: 20px\">Facebook Gruppen<\/span><\/strong><br \/>\n<span style=\"font-family: arial,helvetica,sans-serif;font-size: 20px\"> https:\/\/www.facebook.com\/groups\/SeniorenOnlineBergheim\/<\/span><br \/>\n<span style=\"font-family: arial,helvetica,sans-serif;font-size: 20px\"> https:\/\/www.facebook.com\/groups\/Freunde,denen Seniorenportal Bergheim gef\u00e4llt\/<\/span><br \/>\n<span style=\"font-family: arial,helvetica,sans-serif;font-size: 20px\"> https:\/\/www.facebook.com\/groups\/Gemeinsam geht\u2019s besser\/<\/span><\/p>\n<p><span style=\"font-family: arial,helvetica,sans-serif;font-size: 20px\"><strong>Twitter<\/strong><\/span><br \/>\n<span style=\"font-family: arial,helvetica,sans-serif;font-size: 20px\"> Seniorenportal@SeniorenBM<\/span><\/p>\n<p><span style=\"font-family: arial,helvetica,sans-serif;font-size: 20px\"><strong>\u00c4nderungen und Irrt\u00fcmer vorbehalten.<\/strong><\/span><\/p>\n<p>&nbsp;<\/p>\n<\/div>\n<\/div>\n","protected":false},"excerpt":{"rendered":"<p>Haftung f\u00fcr Inhalte <\/p>\n<p>Als Diensteanbieter sind wir gem\u00e4\u00df \u00a7 7 Abs.1 TMG f\u00fcr eigene Inhalte auf diesen Seiten nach den allgemeinen Gesetzen verantwortlich. Nach \u00a7\u00a7 8 bis 10 TMG sind wir als Diensteanbieter jedoch nicht verpflichtet, \u00fcbermittelte oder gespeicherte fremde Informationen zu \u00fcberwachen oder nach Umst\u00e4nden zu forschen, die auf eine rechtswidrige T\u00e4tigkeit hinweisen.<\/p>\n<p>Verpflichtungen &hellip; <\/p>\n<p><a class=\"more-link btn\" href=\"https:\/\/unser-quartier.de\/stadt-bergheim\/disclaimer\/\">Weiterlesen<\/a><\/p>\n","protected":false},"author":48,"featured_media":0,"parent":0,"menu_order":3,"comment_status":"closed","ping_status":"closed","template":"","meta":{"_bbp_topic_count":0,"_bbp_reply_count":0,"_bbp_total_topic_count":0,"_bbp_total_reply_count":0,"_bbp_voice_count":0,"_bbp_anonymous_reply_count":0,"_bbp_topic_count_hidden":0,"_bbp_reply_count_hidden":0,"_bbp_forum_subforum_count":0,"jetpack_post_was_ever_published":false,"footnotes":""},"class_list":["post-22495","page","type-page","status-publish","hentry","nodate","item-wrap"],"jetpack_sharing_enabled":true,"jetpack_shortlink":"https:\/\/wp.me\/P3vhfJ-5QP","jetpack_likes_enabled":true,"_links":{"self":[{"href":"https:\/\/unser-quartier.de\/stadt-bergheim\/wp-json\/wp\/v2\/pages\/22495","targetHints":{"allow":["GET"]}}],"collection":[{"href":"https:\/\/unser-quartier.de\/stadt-bergheim\/wp-json\/wp\/v2\/pages"}],"about":[{"href":"https:\/\/unser-quartier.de\/stadt-bergheim\/wp-json\/wp\/v2\/types\/page"}],"author":[{"embeddable":true,"href":"https:\/\/unser-quartier.de\/stadt-bergheim\/wp-json\/wp\/v2\/users\/48"}],"replies":[{"embeddable":true,"href":"https:\/\/unser-quartier.de\/stadt-bergheim\/wp-json\/wp\/v2\/comments?post=22495"}],"version-history":[{"count":0,"href":"https:\/\/unser-quartier.de\/stadt-bergheim\/wp-json\/wp\/v2\/pages\/22495\/revisions"}],"wp:attachment":[{"href":"https:\/\/unser-quartier.de\/stadt-bergheim\/wp-json\/wp\/v2\/media?parent=22495"}],"curies":[{"name":"wp","href":"https:\/\/api.w.org\/{rel}","templated":true}]}}