{"id":23043,"date":"2018-06-11T17:09:21","date_gmt":"2018-06-11T15:09:21","guid":{"rendered":"https:\/\/unser-quartier.de\/stadt-bergheim\/?p=23043"},"modified":"2018-07-02T13:41:18","modified_gmt":"2018-07-02T11:41:18","slug":"gruene-damen-und-herren-2","status":"publish","type":"page","link":"https:\/\/unser-quartier.de\/stadt-bergheim\/informationen\/untermenue-2\/gruene-damen-und-herren-2\/","title":{"rendered":"Gr\u00fcne Damen und Herren"},"content":{"rendered":"<p>&nbsp;<\/p>\n<p><span style=\"font-size: 20px\">Wir, die Gr\u00fcnen Damen und Herren, sind eine Gruppe von z.Zt. 12 Damen und einem Herrn. Seit 1983, also seit 35 Jahren, sind wir im Maria-Hilf-Krankenhaus t\u00e4tig.<\/span><\/p>\n<p><a href=\"https:\/\/unser-quartier.de\/stadt-bergheim\/2018\/06\/ehrenamt-macht-freude\/3217a7ec-1ad9-4d0f-9047-5973275026b5\/\" rel=\"attachment wp-att-23045\"><img data-recalc-dims=\"1\" loading=\"lazy\" decoding=\"async\" data-attachment-id=\"23045\" data-permalink=\"https:\/\/unser-quartier.de\/stadt-bergheim\/informationen\/untermenue-2\/gruene-damen-und-herren-2\/3217a7ec-1ad9-4d0f-9047-5973275026b5\/\" data-orig-file=\"https:\/\/i0.wp.com\/unser-quartier.de\/stadt-bergheim\/files\/2018\/06\/3217A7EC-1AD9-4D0F-9047-5973275026B5.jpeg?fit=1024%2C683&amp;ssl=1\" data-orig-size=\"1024,683\" data-comments-opened=\"0\" data-image-meta=\"{&quot;aperture&quot;:&quot;0&quot;,&quot;credit&quot;:&quot;&quot;,&quot;camera&quot;:&quot;&quot;,&quot;caption&quot;:&quot;&quot;,&quot;created_timestamp&quot;:&quot;0&quot;,&quot;copyright&quot;:&quot;&quot;,&quot;focal_length&quot;:&quot;0&quot;,&quot;iso&quot;:&quot;0&quot;,&quot;shutter_speed&quot;:&quot;0&quot;,&quot;title&quot;:&quot;&quot;,&quot;orientation&quot;:&quot;0&quot;}\" data-image-title=\"3217A7EC-1AD9-4D0F-9047-5973275026B5\" data-image-description=\"\" data-image-caption=\"\" data-medium-file=\"https:\/\/i0.wp.com\/unser-quartier.de\/stadt-bergheim\/files\/2018\/06\/3217A7EC-1AD9-4D0F-9047-5973275026B5.jpeg?fit=300%2C200&amp;ssl=1\" data-large-file=\"https:\/\/i0.wp.com\/unser-quartier.de\/stadt-bergheim\/files\/2018\/06\/3217A7EC-1AD9-4D0F-9047-5973275026B5.jpeg?fit=770%2C514&amp;ssl=1\" class=\"alignnone size-full wp-image-23045\" src=\"https:\/\/i0.wp.com\/unser-quartier.de\/stadt-bergheim\/files\/2018\/06\/3217A7EC-1AD9-4D0F-9047-5973275026B5.jpeg?resize=770%2C514&#038;ssl=1\" alt=\"\" width=\"770\" height=\"514\" srcset=\"https:\/\/i0.wp.com\/unser-quartier.de\/stadt-bergheim\/files\/2018\/06\/3217A7EC-1AD9-4D0F-9047-5973275026B5.jpeg?w=1024&amp;ssl=1 1024w, https:\/\/i0.wp.com\/unser-quartier.de\/stadt-bergheim\/files\/2018\/06\/3217A7EC-1AD9-4D0F-9047-5973275026B5.jpeg?resize=150%2C100&amp;ssl=1 150w, https:\/\/i0.wp.com\/unser-quartier.de\/stadt-bergheim\/files\/2018\/06\/3217A7EC-1AD9-4D0F-9047-5973275026B5.jpeg?resize=300%2C200&amp;ssl=1 300w, https:\/\/i0.wp.com\/unser-quartier.de\/stadt-bergheim\/files\/2018\/06\/3217A7EC-1AD9-4D0F-9047-5973275026B5.jpeg?resize=768%2C512&amp;ssl=1 768w\" sizes=\"auto, (max-width: 770px) 100vw, 770px\" \/><\/a><\/p>\n<p><span style=\"font-size: 20px\">T\u00e4glich, au\u00dfer mittwochs und am Wochenende, besuchen wir vormittags alle Patienten im Hause. Es ist ein Ehrenamt und die Arbeit macht uns allen sehr viel Freude. Wir sp\u00fcren die Wertsch\u00e4tzung und den Dank der Patienten. Auch das gesamte Krankenhaus wei\u00df unseren Einsatz sehr zu sch\u00e4tzen.<\/span><\/p>\n<p><span style=\"font-size: 20px\">Unser Ehrenamt sieht wie folgt aus: Wir bieten unseren Patienten pers\u00f6nliche und praktische Hilfe an, nicht im Pflegedienst, sondern stehen ihnen mit Rat und Tat zur Verf\u00fcgung. Die Aufgabenstellungen ergeben sich aus den Bed\u00fcrfnissen der Patienten (ihren krankheitsbedingten Einschr\u00e4nkungen und ihrer pers\u00f6nlichen Situation).<\/span><\/p>\n<p><strong><span style=\"font-size: 20px\">Unsere Hauptaufgaben sind es<\/span><\/strong><\/p>\n<ul>\n<li><span style=\"font-size: 20px\">Gespr\u00e4che zu f\u00fchren, gut zuzuh\u00f6ren und Zeit zu haben<\/span><\/li>\n<\/ul>\n<p><span style=\"font-size: 20px\">F\u00fcr diese Aufgaben besuchen wir regelm\u00e4\u00dfig Fort- und Weiterbildungsseminare beim Di\u00f6zesan Caritas-Verband.<\/span><\/p>\n<ul>\n<li><span style=\"font-size: 20px\">Wir machen kleinere Besorgungen f\u00fcr den Krankenhausaufenthalt. Diese Aufgabe wird gerne von \u00e4lteren oder alleinstehenden Patienten wahrgenommen.<\/span><\/li>\n<li><span style=\"font-size: 20px\">Wir begleiten Patienten innerhalb des Hauses, z.B. in den Garten, in die Kapelle, Cafeteria usw.<\/span><\/li>\n<li><span style=\"font-size: 20px\">Wir vermitteln Kontakte zum Sozialen Dienst oder Seelsorger.<\/span><\/li>\n<li><span style=\"font-size: 20px\">Wir bieten Hilfestellung beim Ausf\u00fcllen von Unterlagen und Formularen an.<\/span><\/li>\n<li><span style=\"font-size: 20px\">Wir verwalten unsere hauseigene Kleiderkammer. Auch das ist eine Bereicherung f\u00fcr unser Haus. Hier werden Patienten unter besonderen Umst\u00e4nden mit frischer W\u00e4sche versorgt<\/span><\/li>\n<\/ul>\n<p><span style=\"font-size: 20px\">Auch wir unterliegen, wie alle Mitarbeiter im Hause, der Schweigepflicht und leisten unsere Arbeit eigenverantwortlich in Absprache mit der Krankenhausverwaltung.<\/span><\/p>\n<p><span style=\"font-size: 20px\">Wir sind eine Gruppe, die gemeinsam aktiv ist, um Gutes zu bewirken, nach dem Motto:<\/span><\/p>\n<p><span style=\"font-size: 20px\"><strong>Gemeinsam sind wir stark.<\/strong><\/span><\/p>\n<p><span style=\"font-size: 20px\">Mit ganzem Herzen sind wir alle dabei und bekommen f\u00fcr unsere Arbeit viel Freude und Dankbarkeit von den Patienten zur\u00fcck. Das sp\u00fcren wir t\u00e4glich und jede Woche und das macht uns alle sehr gl\u00fccklich.<\/span><\/p>\n<p><span style=\"font-size: 20px\">Es ist einfach eine wunderbare Arbeit, die auch das Krankenhaus und alle Mitarbeiter zu sch\u00e4tzen wissen.<\/span><\/p>\n<p><span style=\"font-size: 20px\">Damit wir unsere Aufgaben bestens wahrnehmen k\u00f6nnen, brauchen wir Unterst\u00fctzung von Damen oder Herren, die sich gerne ehrenamtlich engagieren wollen und denen unsere Arbeit gefallen k\u00f6nnte.<\/span><\/p>\n<p><span style=\"font-size: 20px\">Wer die &#8220;Gr\u00fcnen Damen&#8221; unterst\u00fctzen will, sollte sich melden beim EFI-Team, beim Seniorenportal oder direkt bei Frau Trudi Knauer\u00a0<\/span><span style=\"font-size: 20px\">Leiterin der Gr\u00fcnen Damen und Herren, Tel. <a href=\"tel:02271%2087%20526\">02271 87 526<\/a> oder per Mail <a href=\"mailto:gruene-damen@maria-hilf-krankenhaus.de\">gruene-damen@maria-hilf-krankenhaus.de<\/a><\/span><\/p>\n<p>&nbsp;<\/p>\n<p>&nbsp;<\/p>\n","protected":false},"excerpt":{"rendered":"<p>&nbsp;<\/p>\n<p>Wir, die Gr\u00fcnen Damen und Herren, sind eine Gruppe von z.Zt. 12 Damen und einem Herrn. Seit 1983, also seit 35 Jahren, sind wir im Maria-Hilf-Krankenhaus t\u00e4tig.<\/p>\n<\/p>\n<p>T\u00e4glich, au\u00dfer mittwochs und am Wochenende, besuchen wir vormittags alle Patienten im Hause. Es ist ein Ehrenamt und die Arbeit macht uns allen sehr viel Freude. &hellip; <\/p>\n<p><a class=\"more-link btn\" href=\"https:\/\/unser-quartier.de\/stadt-bergheim\/informationen\/untermenue-2\/gruene-damen-und-herren-2\/\">Weiterlesen<\/a><\/p>\n","protected":false},"author":48,"featured_media":0,"parent":3332,"menu_order":1,"comment_status":"closed","ping_status":"closed","template":"","meta":{"_bbp_topic_count":0,"_bbp_reply_count":0,"_bbp_total_topic_count":0,"_bbp_total_reply_count":0,"_bbp_voice_count":0,"_bbp_anonymous_reply_count":0,"_bbp_topic_count_hidden":0,"_bbp_reply_count_hidden":0,"_bbp_forum_subforum_count":0,"jetpack_post_was_ever_published":false,"footnotes":""},"class_list":["post-23043","page","type-page","status-publish","hentry","nodate","item-wrap"],"jetpack_sharing_enabled":true,"jetpack_shortlink":"https:\/\/wp.me\/P3vhfJ-5ZF","jetpack_likes_enabled":true,"_links":{"self":[{"href":"https:\/\/unser-quartier.de\/stadt-bergheim\/wp-json\/wp\/v2\/pages\/23043","targetHints":{"allow":["GET"]}}],"collection":[{"href":"https:\/\/unser-quartier.de\/stadt-bergheim\/wp-json\/wp\/v2\/pages"}],"about":[{"href":"https:\/\/unser-quartier.de\/stadt-bergheim\/wp-json\/wp\/v2\/types\/page"}],"author":[{"embeddable":true,"href":"https:\/\/unser-quartier.de\/stadt-bergheim\/wp-json\/wp\/v2\/users\/48"}],"replies":[{"embeddable":true,"href":"https:\/\/unser-quartier.de\/stadt-bergheim\/wp-json\/wp\/v2\/comments?post=23043"}],"version-history":[{"count":0,"href":"https:\/\/unser-quartier.de\/stadt-bergheim\/wp-json\/wp\/v2\/pages\/23043\/revisions"}],"up":[{"embeddable":true,"href":"https:\/\/unser-quartier.de\/stadt-bergheim\/wp-json\/wp\/v2\/pages\/3332"}],"wp:attachment":[{"href":"https:\/\/unser-quartier.de\/stadt-bergheim\/wp-json\/wp\/v2\/media?parent=23043"}],"curies":[{"name":"wp","href":"https:\/\/api.w.org\/{rel}","templated":true}]}}