{"id":24799,"date":"2018-09-10T09:15:15","date_gmt":"2018-09-10T07:15:15","guid":{"rendered":"https:\/\/unser-quartier.de\/stadt-bergheim\/?page_id=24799"},"modified":"2018-09-16T10:08:12","modified_gmt":"2018-09-16T08:08:12","slug":"darc-deutscher-amateur-radio-club","status":"publish","type":"page","link":"https:\/\/unser-quartier.de\/stadt-bergheim\/darc-deutscher-amateur-radio-club\/","title":{"rendered":"DARC, Deutscher Amateur Radio Club"},"content":{"rendered":"<p><span style=\"font-family: arial,helvetica,sans-serif;font-size: 16px\">DARC, Deutscher Amateur Radio Club, Ortsverband Bergheim G20<\/span><\/p>\n<p><span style=\"font-family: arial,helvetica,sans-serif;font-size: 16px\">Auch f\u00fcr Senioren ist der Amateurfunk ein Interessantes Hobby. Neben der Technik spielt auch die Kommunikation mit Partnern auf der ganzen Welt eine gro\u00dfe Rolle. Um &#8220;On Air&#8221; gehen zu k\u00f6nnen, also auch Senden zu d\u00fcrfen, muss allerdings bei der Bundesnetzagentur eine Pr\u00fcfung abgelegt werden um ein Rufzeichen zugeteilt zu bekommen. Auf dem Weg dorthin sind wir nat\u00fcrlich behilflich. <\/span><\/p>\n<p>Wir treffen uns jeden ersten Freitag im Monat um 20:00 Uhr im Hotel Konert in Bergheim.<\/p>\n<p><span style=\"font-family: arial,helvetica,sans-serif;font-size: 16px\">Wer hat Lust auf Kommunikation von Bergheim in die weite Welt?<\/span><\/p>\n<p><span style=\"font-family: arial,helvetica,sans-serif;font-size: 16px\">F\u00fcr weitere Informationen steht\u00a0 Ihnen Franz &#8211; Dieter Wagner zur Verf\u00fcgung<\/span><\/p>\n<p><strong>E-Mail:<\/strong> <a href=\"mailto:DL5KCD@darc.de\">DL5KCD@darc.de<\/a><\/p>\n<p><b>Webseite:<\/b> <a href=\"http:\/\/ov-g20.de\/\" target=\"_blank\" rel=\"noopener\">http:\/\/ov-g20.de\/<\/a><\/p>\n<p>&nbsp;<\/p>\n","protected":false},"excerpt":{"rendered":"<p>DARC, Deutscher Amateur Radio Club, Ortsverband Bergheim G20<\/p>\n<p>Auch f\u00fcr Senioren ist der Amateurfunk ein Interessantes Hobby. Neben der Technik spielt auch die Kommunikation mit Partnern auf der ganzen Welt eine gro\u00dfe Rolle. Um &#8220;On Air&#8221; gehen zu k\u00f6nnen, also auch Senden zu d\u00fcrfen, muss allerdings bei der Bundesnetzagentur eine Pr\u00fcfung abgelegt werden um ein &hellip; <\/p>\n<p><a class=\"more-link btn\" href=\"https:\/\/unser-quartier.de\/stadt-bergheim\/darc-deutscher-amateur-radio-club\/\">Weiterlesen<\/a><\/p>\n","protected":false},"author":48,"featured_media":0,"parent":0,"menu_order":1,"comment_status":"closed","ping_status":"closed","template":"","meta":{"_bbp_topic_count":0,"_bbp_reply_count":0,"_bbp_total_topic_count":0,"_bbp_total_reply_count":0,"_bbp_voice_count":0,"_bbp_anonymous_reply_count":0,"_bbp_topic_count_hidden":0,"_bbp_reply_count_hidden":0,"_bbp_forum_subforum_count":0,"jetpack_post_was_ever_published":false,"footnotes":""},"class_list":["post-24799","page","type-page","status-publish","hentry","nodate","item-wrap"],"jetpack_sharing_enabled":true,"jetpack_shortlink":"https:\/\/wp.me\/P3vhfJ-6rZ","jetpack_likes_enabled":true,"_links":{"self":[{"href":"https:\/\/unser-quartier.de\/stadt-bergheim\/wp-json\/wp\/v2\/pages\/24799","targetHints":{"allow":["GET"]}}],"collection":[{"href":"https:\/\/unser-quartier.de\/stadt-bergheim\/wp-json\/wp\/v2\/pages"}],"about":[{"href":"https:\/\/unser-quartier.de\/stadt-bergheim\/wp-json\/wp\/v2\/types\/page"}],"author":[{"embeddable":true,"href":"https:\/\/unser-quartier.de\/stadt-bergheim\/wp-json\/wp\/v2\/users\/48"}],"replies":[{"embeddable":true,"href":"https:\/\/unser-quartier.de\/stadt-bergheim\/wp-json\/wp\/v2\/comments?post=24799"}],"version-history":[{"count":0,"href":"https:\/\/unser-quartier.de\/stadt-bergheim\/wp-json\/wp\/v2\/pages\/24799\/revisions"}],"wp:attachment":[{"href":"https:\/\/unser-quartier.de\/stadt-bergheim\/wp-json\/wp\/v2\/media?parent=24799"}],"curies":[{"name":"wp","href":"https:\/\/api.w.org\/{rel}","templated":true}]}}