{"id":26242,"date":"2018-12-03T22:30:19","date_gmt":"2018-12-03T21:30:19","guid":{"rendered":"https:\/\/unser-quartier.de\/stadt-bergheim\/?p=26242"},"modified":"2018-12-03T22:25:45","modified_gmt":"2018-12-03T21:25:45","slug":"tuerchen-4","status":"publish","type":"page","link":"https:\/\/unser-quartier.de\/stadt-bergheim\/tuerchen-4\/","title":{"rendered":"T\u00fcrchen 4"},"content":{"rendered":"<p><span style=\"font-size: 20px; font-family: arial, helvetica, sans-serif;\">Das vierte T\u00fcrchen \u00a0ist ge\u00f6ffnet &#8230;<\/span><\/p>\n<p><span style=\"font-size: 20px; font-family: arial, helvetica, sans-serif;\">Barbarazweig<\/span><\/p>\n<p><span style=\"font-size: 20px; font-family: arial, helvetica, sans-serif;\">Nach alter Sitte holen wir in jedem Jahr am 4. Dezember knospenreiche Kirsch-, aber auch Apfel-, Pflaumen-, Forsythien- oder Haselnusszweige ins Haus und stellen sie ins Wasser in der Hoffnung, dass sie in der Zimmerw\u00e4rme aufbl\u00fchen. Auf diese Weise bringen wir mit frischem Gr\u00fcn und zarten Bl\u00fcten etwas Farbe in die dunkle Winterzeit.<\/span><\/p>\n<p><span style=\"font-size: 20px; font-family: arial, helvetica, sans-serif;\"> Aber woher stammt dieser Brauch?<\/span><\/p>\n<p><span style=\"font-size: 20px; font-family: arial, helvetica, sans-serif;\">Etwa um etwa 300 soll die Tochter eines reichen Kaufmanns im Nordwesten der heutigen T\u00fcrkei gelebt und sich gegen den Willen ihres Vaters zum Christentum bekannt haben. Daraufhin wurde sie eingesperrt und zum Tode verurteilt.Auf ihrem Weg ins Gef\u00e4ngnis soll sich ein Kirschzweig in ihrem Kleid verfangen haben, den sie ins Wasser stellte und der am Tag ihrer Hinrichtung aufbl\u00fchte.<\/span><\/p>\n<p><span style=\"font-size: 20px; font-family: arial, helvetica, sans-serif;\">Einer anderen Version zufolge sollen die im kalten Winter verdorrten Zweige auf dem Grab des M\u00e4dchens genau am 24. Dezember gebl\u00fcht haben.<\/span><\/p>\n<p><span style=\"font-size: 20px; font-family: arial, helvetica, sans-serif;\">Wenn auch Sie am 4. Dezember Barbarazweige in Ihr Wohnzimmer holen wollen, w\u00e4re es ratsam, die Zweige vor dem Aufstellen zun\u00e4chst \u00fcber Nacht in lauwarmes Wasser zu legen. Auf jeden Fall sollten sie vorher schon einmal Frost abbekommen haben.<\/span><\/p>\n<p><span style=\"font-size: 20px; font-family: arial, helvetica, sans-serif;\">Als gutes Zeichen f\u00fcr die Zukunft gilt, wenn die Zweige p\u00fcnktlich zum Weihnachtsfest bl\u00fchen.<\/span><\/p>\n<p>&nbsp;<\/p>\n","protected":false},"excerpt":{"rendered":"<p>Das vierte T\u00fcrchen \u00a0ist ge\u00f6ffnet &#8230;<\/p>\n<p>Barbarazweig<\/p>\n<p>Nach alter Sitte holen wir in jedem Jahr am 4. Dezember knospenreiche Kirsch-, aber auch Apfel-, Pflaumen-, Forsythien- oder Haselnusszweige ins Haus und stellen sie ins Wasser in der Hoffnung, dass sie in der Zimmerw\u00e4rme aufbl\u00fchen. Auf diese Weise bringen wir mit frischem Gr\u00fcn und zarten Bl\u00fcten etwas &hellip; <\/p>\n<p><a class=\"more-link btn\" href=\"https:\/\/unser-quartier.de\/stadt-bergheim\/tuerchen-4\/\">Weiterlesen<\/a><\/p>\n","protected":false},"author":48,"featured_media":0,"parent":0,"menu_order":0,"comment_status":"closed","ping_status":"closed","template":"","meta":{"_bbp_topic_count":0,"_bbp_reply_count":0,"_bbp_total_topic_count":0,"_bbp_total_reply_count":0,"_bbp_voice_count":0,"_bbp_anonymous_reply_count":0,"_bbp_topic_count_hidden":0,"_bbp_reply_count_hidden":0,"_bbp_forum_subforum_count":0,"jetpack_post_was_ever_published":false,"footnotes":""},"class_list":["post-26242","page","type-page","status-publish","hentry","nodate","item-wrap"],"jetpack_sharing_enabled":true,"jetpack_shortlink":"https:\/\/wp.me\/P3vhfJ-6Pg","jetpack_likes_enabled":true,"_links":{"self":[{"href":"https:\/\/unser-quartier.de\/stadt-bergheim\/wp-json\/wp\/v2\/pages\/26242","targetHints":{"allow":["GET"]}}],"collection":[{"href":"https:\/\/unser-quartier.de\/stadt-bergheim\/wp-json\/wp\/v2\/pages"}],"about":[{"href":"https:\/\/unser-quartier.de\/stadt-bergheim\/wp-json\/wp\/v2\/types\/page"}],"author":[{"embeddable":true,"href":"https:\/\/unser-quartier.de\/stadt-bergheim\/wp-json\/wp\/v2\/users\/48"}],"replies":[{"embeddable":true,"href":"https:\/\/unser-quartier.de\/stadt-bergheim\/wp-json\/wp\/v2\/comments?post=26242"}],"version-history":[{"count":0,"href":"https:\/\/unser-quartier.de\/stadt-bergheim\/wp-json\/wp\/v2\/pages\/26242\/revisions"}],"wp:attachment":[{"href":"https:\/\/unser-quartier.de\/stadt-bergheim\/wp-json\/wp\/v2\/media?parent=26242"}],"curies":[{"name":"wp","href":"https:\/\/api.w.org\/{rel}","templated":true}]}}