{"id":26664,"date":"2018-12-06T21:00:16","date_gmt":"2018-12-06T20:00:16","guid":{"rendered":"https:\/\/unser-quartier.de\/stadt-bergheim\/?page_id=26664"},"modified":"2018-12-06T20:52:47","modified_gmt":"2018-12-06T19:52:47","slug":"tuerchen-7","status":"publish","type":"page","link":"https:\/\/unser-quartier.de\/stadt-bergheim\/tuerchen-7\/","title":{"rendered":"T\u00fcrchen 7"},"content":{"rendered":"<p style=\"text-align: center;\"><span style=\"font-size: 20px; font-family: arial, helvetica, sans-serif;\"><b>Das T\u00fcrchen 7 ist ge\u00f6ffnet<\/b><\/span><\/p>\n<p><span style=\"font-size: 20px; font-family: arial, helvetica, sans-serif;\"><a href=\"https:\/\/unser-quartier.de\/stadt-bergheim\/tuerchen-3\/advent3\/\" rel=\"attachment wp-att-26665\" class=\"broken_link\"><img data-recalc-dims=\"1\" loading=\"lazy\" decoding=\"async\" data-attachment-id=\"26665\" data-permalink=\"https:\/\/unser-quartier.de\/stadt-bergheim\/tuerchen-7\/advent3\/\" data-orig-file=\"https:\/\/i0.wp.com\/unser-quartier.de\/stadt-bergheim\/files\/2018\/11\/Advent3.jpg?fit=436%2C436&amp;ssl=1\" data-orig-size=\"436,436\" data-comments-opened=\"0\" data-image-meta=\"{&quot;aperture&quot;:&quot;0&quot;,&quot;credit&quot;:&quot;&quot;,&quot;camera&quot;:&quot;&quot;,&quot;caption&quot;:&quot;&quot;,&quot;created_timestamp&quot;:&quot;0&quot;,&quot;copyright&quot;:&quot;&quot;,&quot;focal_length&quot;:&quot;0&quot;,&quot;iso&quot;:&quot;0&quot;,&quot;shutter_speed&quot;:&quot;0&quot;,&quot;title&quot;:&quot;&quot;,&quot;orientation&quot;:&quot;0&quot;}\" data-image-title=\"Advent3\" data-image-description=\"\" data-image-caption=\"\" data-medium-file=\"https:\/\/i0.wp.com\/unser-quartier.de\/stadt-bergheim\/files\/2018\/11\/Advent3.jpg?fit=300%2C300&amp;ssl=1\" data-large-file=\"https:\/\/i0.wp.com\/unser-quartier.de\/stadt-bergheim\/files\/2018\/11\/Advent3.jpg?fit=436%2C436&amp;ssl=1\" class=\"size-medium wp-image-26665 alignleft\" src=\"https:\/\/i0.wp.com\/unser-quartier.de\/stadt-bergheim\/files\/2018\/11\/Advent3.jpg?resize=300%2C300&#038;ssl=1\" alt=\"\" width=\"300\" height=\"300\" srcset=\"https:\/\/i0.wp.com\/unser-quartier.de\/stadt-bergheim\/files\/2018\/11\/Advent3.jpg?resize=300%2C300&amp;ssl=1 300w, https:\/\/i0.wp.com\/unser-quartier.de\/stadt-bergheim\/files\/2018\/11\/Advent3.jpg?resize=150%2C150&amp;ssl=1 150w, https:\/\/i0.wp.com\/unser-quartier.de\/stadt-bergheim\/files\/2018\/11\/Advent3.jpg?w=436&amp;ssl=1 436w\" sizes=\"auto, (max-width: 300px) 100vw, 300px\" \/><\/a><\/span><\/p>\n<p><span style=\"font-size: 20px; font-family: arial, helvetica, sans-serif;\"><b><br \/>\nErste Hilfe f\u00fcr Weihnachtsmuffel<\/b><\/span><\/p>\n<p><span style=\"font-size: 20px; font-family: arial, helvetica, sans-serif;\"><b>Ein nicht ganz ernst gemeinter Ratgeber &#8230;<\/b><\/span><\/p>\n<p><span style=\"font-size: 20px; font-family: arial, helvetica, sans-serif;\">Weihnachten w\u00e4re so viel besser, wenn nicht \u00fcberall Rosinen drin w\u00e4ren.<\/span><\/p>\n<p><span style=\"font-size: 20px; font-family: arial, helvetica, sans-serif;\">Wenn Gl\u00fchwein und Kerzen Panikattacken verursachen und der Klang von Weihnachtsliedern unkontrolliertes Zittern ausl\u00f6st, ist dieses Buch die ultimative L\u00f6sung, um die \u201esch\u00f6nste Zeit des Jahres\u201c bestm\u00f6glich zu \u00fcberstehen.<\/span><\/p>\n<p><span style=\"font-size: 20px; font-family: arial, helvetica, sans-serif;\">Weihnachtsmuffel sind gar nicht so selten, die ersten werden meist Ende November gesichtet. Meist h\u00e4ngt das mit dem verst\u00e4rkten Aufkommen von Weihnachtsprodukten bereits lange vor der eigentlichen Adventszeit zusammen oder mit Weihnachtsliedern in Endlosschleife. Beherrschen sie auch die Kunst der Tarnung bis hin zur Perfektion, sind sie eindeutig erkennbar etwa durch unwillk\u00fcrliche Ausweichbewegungen bei Sichtung eines Weihnachtsbaums, dem krampfhaft geschlossenen Mund beim gemeinschaftlichen Singen von Weihnachtsliedern und auftretender Panik beim Gebrauch des Wortes \u201eGeschenk\u201c.<\/span><\/p>\n<p><span style=\"font-size: 20px; font-family: arial, helvetica, sans-serif;\">Anhand eines Tests kann jeder selbst herausfinden, ob er dazugeh\u00f6rt und sich verschiedenen Typen zuordnen: Dem Ausrei\u00dfer, dem Skeptiker oder dem fiesen Miesmacher. N\u00fctzliche Tipps, was man lieber lassen sollte, um Stress zu vermeiden, die besten Ausreden und ein hilfreiches Rezept f\u00fcr Feiertagshasser helfen da schon eher: Mit einer Flasche Whiskey im Teig geht Weihnachten einem gar nicht mehr so sehr auf\u2019s Pl\u00e4tzchen.<\/span><\/p>\n<p><span style=\"font-size: 20px; font-family: arial, helvetica, sans-serif;\"><a name=\"_GoBack\"><\/a>Von Andrea Flo\u00df<\/span><\/p>\n<p><span style=\"font-size: 20px; font-family: arial, helvetica, sans-serif;\">Nadine Jessler: Erste Hilfe f\u00fcr Weihnachtsmuffel. Coppenrath, 48 Seiten, 5 Euro.<\/span><\/p>\n<p>&nbsp;<\/p>\n","protected":false},"excerpt":{"rendered":"<p style=\"text-align: center;\">Das T\u00fcrchen 7 ist ge\u00f6ffnet<\/p>\n<\/p>\n<p> Erste Hilfe f\u00fcr Weihnachtsmuffel<\/p>\n<p>Ein nicht ganz ernst gemeinter Ratgeber &#8230;<\/p>\n<p>Weihnachten w\u00e4re so viel besser, wenn nicht \u00fcberall Rosinen drin w\u00e4ren.<\/p>\n<p>Wenn Gl\u00fchwein und Kerzen Panikattacken verursachen und der Klang von Weihnachtsliedern unkontrolliertes Zittern ausl\u00f6st, ist dieses Buch die ultimative L\u00f6sung, um die \u201esch\u00f6nste Zeit &hellip; <\/p>\n<p><a class=\"more-link btn\" href=\"https:\/\/unser-quartier.de\/stadt-bergheim\/tuerchen-7\/\">Weiterlesen<\/a><\/p>\n","protected":false},"author":48,"featured_media":0,"parent":0,"menu_order":0,"comment_status":"closed","ping_status":"closed","template":"","meta":{"_bbp_topic_count":0,"_bbp_reply_count":0,"_bbp_total_topic_count":0,"_bbp_total_reply_count":0,"_bbp_voice_count":0,"_bbp_anonymous_reply_count":0,"_bbp_topic_count_hidden":0,"_bbp_reply_count_hidden":0,"_bbp_forum_subforum_count":0,"jetpack_post_was_ever_published":false,"footnotes":""},"class_list":["post-26664","page","type-page","status-publish","hentry","nodate","item-wrap"],"jetpack_sharing_enabled":true,"jetpack_shortlink":"https:\/\/wp.me\/P3vhfJ-6W4","jetpack_likes_enabled":true,"_links":{"self":[{"href":"https:\/\/unser-quartier.de\/stadt-bergheim\/wp-json\/wp\/v2\/pages\/26664","targetHints":{"allow":["GET"]}}],"collection":[{"href":"https:\/\/unser-quartier.de\/stadt-bergheim\/wp-json\/wp\/v2\/pages"}],"about":[{"href":"https:\/\/unser-quartier.de\/stadt-bergheim\/wp-json\/wp\/v2\/types\/page"}],"author":[{"embeddable":true,"href":"https:\/\/unser-quartier.de\/stadt-bergheim\/wp-json\/wp\/v2\/users\/48"}],"replies":[{"embeddable":true,"href":"https:\/\/unser-quartier.de\/stadt-bergheim\/wp-json\/wp\/v2\/comments?post=26664"}],"version-history":[{"count":0,"href":"https:\/\/unser-quartier.de\/stadt-bergheim\/wp-json\/wp\/v2\/pages\/26664\/revisions"}],"wp:attachment":[{"href":"https:\/\/unser-quartier.de\/stadt-bergheim\/wp-json\/wp\/v2\/media?parent=26664"}],"curies":[{"name":"wp","href":"https:\/\/api.w.org\/{rel}","templated":true}]}}