{"id":26668,"date":"2018-12-04T22:45:03","date_gmt":"2018-12-04T21:45:03","guid":{"rendered":"https:\/\/unser-quartier.de\/stadt-bergheim\/?page_id=26668"},"modified":"2018-12-04T22:57:18","modified_gmt":"2018-12-04T21:57:18","slug":"tuerchen-5-2","status":"publish","type":"page","link":"https:\/\/unser-quartier.de\/stadt-bergheim\/tuerchen-5-2\/","title":{"rendered":"T\u00fcrchen 5"},"content":{"rendered":"<p style=\"text-align: center;\"><span style=\"font-size: 20px; font-family: arial, helvetica, sans-serif;\"><strong>T\u00fcrchen 5 ist ge\u00f6ffnet<\/strong><\/span><\/p>\n<p><a href=\"https:\/\/unser-quartier.de\/stadt-bergheim\/tuerchen-5-2\/advent5\/\" rel=\"attachment wp-att-26669\"><img data-recalc-dims=\"1\" loading=\"lazy\" decoding=\"async\" data-attachment-id=\"26669\" data-permalink=\"https:\/\/unser-quartier.de\/stadt-bergheim\/tuerchen-5-2\/advent5\/\" data-orig-file=\"https:\/\/i0.wp.com\/unser-quartier.de\/stadt-bergheim\/files\/2018\/11\/Advent5.jpg?fit=342%2C499&amp;ssl=1\" data-orig-size=\"342,499\" data-comments-opened=\"0\" data-image-meta=\"{&quot;aperture&quot;:&quot;0&quot;,&quot;credit&quot;:&quot;&quot;,&quot;camera&quot;:&quot;&quot;,&quot;caption&quot;:&quot;&quot;,&quot;created_timestamp&quot;:&quot;0&quot;,&quot;copyright&quot;:&quot;&quot;,&quot;focal_length&quot;:&quot;0&quot;,&quot;iso&quot;:&quot;0&quot;,&quot;shutter_speed&quot;:&quot;0&quot;,&quot;title&quot;:&quot;&quot;,&quot;orientation&quot;:&quot;0&quot;}\" data-image-title=\"Advent5\" data-image-description=\"\" data-image-caption=\"\" data-medium-file=\"https:\/\/i0.wp.com\/unser-quartier.de\/stadt-bergheim\/files\/2018\/11\/Advent5.jpg?fit=206%2C300&amp;ssl=1\" data-large-file=\"https:\/\/i0.wp.com\/unser-quartier.de\/stadt-bergheim\/files\/2018\/11\/Advent5.jpg?fit=342%2C499&amp;ssl=1\" class=\"size-medium wp-image-26669 alignleft\" src=\"https:\/\/i0.wp.com\/unser-quartier.de\/stadt-bergheim\/files\/2018\/11\/Advent5.jpg?resize=206%2C300&#038;ssl=1\" alt=\"\" width=\"206\" height=\"300\" srcset=\"https:\/\/i0.wp.com\/unser-quartier.de\/stadt-bergheim\/files\/2018\/11\/Advent5.jpg?resize=206%2C300&amp;ssl=1 206w, https:\/\/i0.wp.com\/unser-quartier.de\/stadt-bergheim\/files\/2018\/11\/Advent5.jpg?resize=103%2C150&amp;ssl=1 103w, https:\/\/i0.wp.com\/unser-quartier.de\/stadt-bergheim\/files\/2018\/11\/Advent5.jpg?w=342&amp;ssl=1 342w\" sizes=\"auto, (max-width: 206px) 100vw, 206px\" \/><\/a><\/p>\n<p><b><br \/>\n<span style=\"font-family: arial,helvetica,sans-serif; font-size: 20px;\">Josef, er hat schon Follower<\/span><\/b><\/p>\n<p><span style=\"font-family: arial,helvetica,sans-serif; font-size: 20px;\">#Weihnachtenwirdlustig! \u2013 Daf\u00fcr sorgen bekannte Autoren wie Stefan und Judith Pinnow, Martin Suter, K\u00e4the Lachmann und Ephraim Kishon mit witzigen Geschichten. Ob es um seltsame Geschenke, chaotische Festessen oder die Weihnachtsgeschichte in unterschiedlichen Varianten geht, in diesem Buch findet jeder was zum Schmunzeln. Die perfekte Lekt\u00fcre f\u00fcr ein fr\u00f6hliches Fest, nett illustriert von Thorsten Saleina.<\/span><\/p>\n<p>&nbsp;<\/p>\n<p>&nbsp;<\/p>\n<p><span style=\"font-family: arial,helvetica,sans-serif; font-size: 20px;\">Schon die Titel dieser kleinen B\u00fcchlein aus dem Coppenrath-Verlag machen Lust auf\u2018s Lesen: \u201eJosef, er hat schon Follower!\u201c \u201eMaria, das habe ich nicht bestellt!\u201c \u201eMaria, ist das heilig, oder kann das weg?\u201c \u201eJosef, es ist ein M\u00e4dchen!\u201c oder \u201eMaria, chill mal.<\/span><\/p>\n<p><span style=\"font-family: arial,helvetica,sans-serif; font-size: 20px;\">Der Krippenbesuch von den drei heiligen K\u00f6nigen hat in der Version f\u00fcr M\u00e4nner nicht mehr als eine halbe Seite, die Version f\u00fcr Frauen dagegen vier Seiten und jede Menge Klischees \u2013 sei\u2019s drum, Hauptsache viel Spa\u00df in der hochheiligen Nacht. Eine \u201eSMS vom Weihnachtsmann\u201c f\u00fchrt zu einem l\u00e4ngst \u00fcberf\u00e4lligen Fu\u00dfballspiel von Vater und Sohn \u2013 W\u00fcnsche erf\u00fcllen ist eigentlich ganz einfach, wenn man mal das Handy weglegt. Eine Essenseinladung in der Weihnachtszeit stellt die Veranstalterin vor eine fast unm\u00f6gliche Herausforderung \u2013 wie alle unter einen Hut bzw. an einen Tisch bekommen bei all den Allergien, Unvertr\u00e4glichkeiten, empfindlichen M\u00e4gen und Santaclausophobien &#8230; der ganz normale Weihnachtswahnsinn halt. Zum Lachen!<\/span><\/p>\n<p><span style=\"font-family: arial,helvetica,sans-serif; font-size: 20px;\">Von Andrea Flo\u00df<\/span><\/p>\n<p><span style=\"font-family: arial,helvetica,sans-serif;\"><b><span style=\"font-size: 20px;\">Thorsten Saleina: Josef, er hat schon Follower! Coppenrath, 96 Seiten, 5,95 Euro.<\/span> <\/b><\/span><\/p>\n","protected":false},"excerpt":{"rendered":"<p style=\"text-align: center;\"><strong>T\u00fcrchen 5 ist ge\u00f6ffnet<\/strong><\/p>\n<\/p>\n<p> Josef, er hat schon Follower<\/p>\n<p>#Weihnachtenwirdlustig! \u2013 Daf\u00fcr sorgen bekannte Autoren wie Stefan und Judith Pinnow, Martin Suter, K\u00e4the Lachmann und Ephraim Kishon mit witzigen Geschichten. Ob es um seltsame Geschenke, chaotische Festessen oder die Weihnachtsgeschichte in unterschiedlichen Varianten geht, in diesem Buch findet jeder was zum &hellip; <\/p>\n<p><a class=\"more-link btn\" href=\"https:\/\/unser-quartier.de\/stadt-bergheim\/tuerchen-5-2\/\">Weiterlesen<\/a><\/p>\n","protected":false},"author":48,"featured_media":0,"parent":0,"menu_order":0,"comment_status":"closed","ping_status":"closed","template":"","meta":{"_bbp_topic_count":0,"_bbp_reply_count":0,"_bbp_total_topic_count":0,"_bbp_total_reply_count":0,"_bbp_voice_count":0,"_bbp_anonymous_reply_count":0,"_bbp_topic_count_hidden":0,"_bbp_reply_count_hidden":0,"_bbp_forum_subforum_count":0,"jetpack_post_was_ever_published":false,"footnotes":""},"class_list":["post-26668","page","type-page","status-publish","hentry","nodate","item-wrap"],"jetpack_sharing_enabled":true,"jetpack_shortlink":"https:\/\/wp.me\/P3vhfJ-6W8","jetpack_likes_enabled":true,"_links":{"self":[{"href":"https:\/\/unser-quartier.de\/stadt-bergheim\/wp-json\/wp\/v2\/pages\/26668","targetHints":{"allow":["GET"]}}],"collection":[{"href":"https:\/\/unser-quartier.de\/stadt-bergheim\/wp-json\/wp\/v2\/pages"}],"about":[{"href":"https:\/\/unser-quartier.de\/stadt-bergheim\/wp-json\/wp\/v2\/types\/page"}],"author":[{"embeddable":true,"href":"https:\/\/unser-quartier.de\/stadt-bergheim\/wp-json\/wp\/v2\/users\/48"}],"replies":[{"embeddable":true,"href":"https:\/\/unser-quartier.de\/stadt-bergheim\/wp-json\/wp\/v2\/comments?post=26668"}],"version-history":[{"count":0,"href":"https:\/\/unser-quartier.de\/stadt-bergheim\/wp-json\/wp\/v2\/pages\/26668\/revisions"}],"wp:attachment":[{"href":"https:\/\/unser-quartier.de\/stadt-bergheim\/wp-json\/wp\/v2\/media?parent=26668"}],"curies":[{"name":"wp","href":"https:\/\/api.w.org\/{rel}","templated":true}]}}