{"id":26771,"date":"2018-12-12T21:15:26","date_gmt":"2018-12-12T20:15:26","guid":{"rendered":"https:\/\/unser-quartier.de\/stadt-bergheim\/?page_id=26771"},"modified":"2018-12-12T21:17:54","modified_gmt":"2018-12-12T20:17:54","slug":"tuerchen-13-2","status":"publish","type":"page","link":"https:\/\/unser-quartier.de\/stadt-bergheim\/tuerchen-13-2\/","title":{"rendered":"T\u00fcrchen 13"},"content":{"rendered":"<p><a href=\"https:\/\/unser-quartier.de\/stadt-bergheim\/tuerchen-13-2\/1cb8a189-2199-4d25-9698-f95aefd55389\/\" rel=\"attachment wp-att-26774\"><img data-recalc-dims=\"1\" loading=\"lazy\" decoding=\"async\" data-attachment-id=\"26774\" data-permalink=\"https:\/\/unser-quartier.de\/stadt-bergheim\/tuerchen-13-2\/1cb8a189-2199-4d25-9698-f95aefd55389\/\" data-orig-file=\"https:\/\/i0.wp.com\/unser-quartier.de\/stadt-bergheim\/files\/2018\/11\/1CB8A189-2199-4D25-9698-F95AEFD55389.jpeg?fit=1024%2C683&amp;ssl=1\" data-orig-size=\"1024,683\" data-comments-opened=\"0\" data-image-meta=\"{&quot;aperture&quot;:&quot;0&quot;,&quot;credit&quot;:&quot;&quot;,&quot;camera&quot;:&quot;&quot;,&quot;caption&quot;:&quot;&quot;,&quot;created_timestamp&quot;:&quot;0&quot;,&quot;copyright&quot;:&quot;&quot;,&quot;focal_length&quot;:&quot;0&quot;,&quot;iso&quot;:&quot;0&quot;,&quot;shutter_speed&quot;:&quot;0&quot;,&quot;title&quot;:&quot;&quot;,&quot;orientation&quot;:&quot;0&quot;}\" data-image-title=\"1CB8A189-2199-4D25-9698-F95AEFD55389\" data-image-description=\"\" data-image-caption=\"\" data-medium-file=\"https:\/\/i0.wp.com\/unser-quartier.de\/stadt-bergheim\/files\/2018\/11\/1CB8A189-2199-4D25-9698-F95AEFD55389.jpeg?fit=300%2C200&amp;ssl=1\" data-large-file=\"https:\/\/i0.wp.com\/unser-quartier.de\/stadt-bergheim\/files\/2018\/11\/1CB8A189-2199-4D25-9698-F95AEFD55389.jpeg?fit=770%2C514&amp;ssl=1\" class=\"alignnone size-medium wp-image-26774\" src=\"https:\/\/i0.wp.com\/unser-quartier.de\/stadt-bergheim\/files\/2018\/11\/1CB8A189-2199-4D25-9698-F95AEFD55389.jpeg?resize=300%2C200&#038;ssl=1\" alt=\"\" width=\"300\" height=\"200\" srcset=\"https:\/\/i0.wp.com\/unser-quartier.de\/stadt-bergheim\/files\/2018\/11\/1CB8A189-2199-4D25-9698-F95AEFD55389.jpeg?resize=300%2C200&amp;ssl=1 300w, https:\/\/i0.wp.com\/unser-quartier.de\/stadt-bergheim\/files\/2018\/11\/1CB8A189-2199-4D25-9698-F95AEFD55389.jpeg?resize=150%2C100&amp;ssl=1 150w, https:\/\/i0.wp.com\/unser-quartier.de\/stadt-bergheim\/files\/2018\/11\/1CB8A189-2199-4D25-9698-F95AEFD55389.jpeg?resize=768%2C512&amp;ssl=1 768w, https:\/\/i0.wp.com\/unser-quartier.de\/stadt-bergheim\/files\/2018\/11\/1CB8A189-2199-4D25-9698-F95AEFD55389.jpeg?w=1024&amp;ssl=1 1024w\" sizes=\"auto, (max-width: 300px) 100vw, 300px\" \/><\/a><\/p>\n<p><span style=\"font-size: 20px; font-family: arial, helvetica, sans-serif;\"><strong>Das T\u00fcrchen 13 ist ge\u00f6ffnet &#8230;<\/strong><\/span><\/p>\n<p><span style=\"font-size: 20px;\">\u00a0Lucia-Fest<\/span><\/p>\n<p><span style=\"font-size: 20px;\">Was sch\u00f6ne Weihnachtsbr\u00e4uche angeht, lohnt es sich einmal in andere L\u00e4nder zu schauen. Mir pers\u00f6nlich gef\u00e4llt das Lucia-Fest sehr gut, das in Schweden am 13. Dezember gefeiert wird und Licht in den dunklen Winter bringt.<\/span><\/p>\n<p><span style=\"font-size: 20px;\">Vor der Gregorianischen Kalenderreform war der 13. Dezember der k\u00fcrzeste Tag des Jahres und Wintersonnenwende. Traditionell tragen Lucia \u2013 meist die \u00e4lteste Tochter \u2013 und ihre Begleiterinnen lange wei\u00dfe Kleider mit einem roten Seidenband um die Taille und eine Krone mit Kerzen auf dem Kopf. Es gibt Lichter-Umz\u00fcge und es wird gesungen. Mit im Tross der Lichterk\u00f6nigin sind auch Sternenjungen, Pfefferkuchenm\u00e4nner und Heinzelm\u00e4nnchen mit Laternen. Auf den Tisch kommenSafran-Brot, Pfefferkuchen und Gl\u00f6gg, der schwedische Gl\u00fchwein. Auch in Norwegen, D\u00e4nemark und Finnland erfreut sich das Luciafest zunehmender Beliebtheit.<\/span><\/p>\n<p><span style=\"font-size: 20px;\">Wer die Lucia wird, wird bereits Wochen vorher in einem Wettbewerb im Fernsehen ermittelt. Aber auch jede Schule, jeder Kindergarten, jede Stadt und jeder Ort w\u00e4hlt seine eigene Lucia.<\/span><\/p>\n<p><span style=\"font-size: 20px;\">Der Ursprung liegt vermutlich in der Ehrung der Heiligen Lucie aus Syracus in Italien (um 283 bis 304). Ihr Name steht f\u00fcr &#8220;die Leuchtende&#8221; (lateinisch: lux). Sie soll einen Kerzenkranz auf dem Kopf getragen haben, damit sie die H\u00e4nde frei hatte, wenn sie heimlich Nahrung an die geflohenen Fr\u00fchchristen in den Katakomben verteilte. Daswei\u00dfe Gewand und das rote Band sind ein Verweis auf ihr Christentum, ihre geweihte Jungfr\u00e4ulichkeit und den Tod als M\u00e4rtyrerin.<\/span><\/p>\n<p><span style=\"font-size: 20px;\">Auch wenn die Kerzen aus Sicherheitsgr\u00fcnden heutzutage zunehmend elektrisch sind \u2013 was f\u00fcr ein wundersch\u00f6ner Brauch!<\/span><\/p>\n<p>&nbsp;<\/p>\n","protected":false},"excerpt":{"rendered":"<\/p>\n<p><strong>Das T\u00fcrchen 13 ist ge\u00f6ffnet &#8230;<\/strong><\/p>\n<p>\u00a0Lucia-Fest<\/p>\n<p>Was sch\u00f6ne Weihnachtsbr\u00e4uche angeht, lohnt es sich einmal in andere L\u00e4nder zu schauen. Mir pers\u00f6nlich gef\u00e4llt das Lucia-Fest sehr gut, das in Schweden am 13. Dezember gefeiert wird und Licht in den dunklen Winter bringt.<\/p>\n<p>Vor der Gregorianischen Kalenderreform war der 13. Dezember der k\u00fcrzeste Tag des &hellip; <\/p>\n<p><a class=\"more-link btn\" href=\"https:\/\/unser-quartier.de\/stadt-bergheim\/tuerchen-13-2\/\">Weiterlesen<\/a><\/p>\n","protected":false},"author":48,"featured_media":0,"parent":0,"menu_order":0,"comment_status":"closed","ping_status":"closed","template":"","meta":{"_bbp_topic_count":0,"_bbp_reply_count":0,"_bbp_total_topic_count":0,"_bbp_total_reply_count":0,"_bbp_voice_count":0,"_bbp_anonymous_reply_count":0,"_bbp_topic_count_hidden":0,"_bbp_reply_count_hidden":0,"_bbp_forum_subforum_count":0,"jetpack_post_was_ever_published":false,"footnotes":""},"class_list":["post-26771","page","type-page","status-publish","hentry","nodate","item-wrap"],"jetpack_sharing_enabled":true,"jetpack_shortlink":"https:\/\/wp.me\/P3vhfJ-6XN","jetpack_likes_enabled":true,"_links":{"self":[{"href":"https:\/\/unser-quartier.de\/stadt-bergheim\/wp-json\/wp\/v2\/pages\/26771","targetHints":{"allow":["GET"]}}],"collection":[{"href":"https:\/\/unser-quartier.de\/stadt-bergheim\/wp-json\/wp\/v2\/pages"}],"about":[{"href":"https:\/\/unser-quartier.de\/stadt-bergheim\/wp-json\/wp\/v2\/types\/page"}],"author":[{"embeddable":true,"href":"https:\/\/unser-quartier.de\/stadt-bergheim\/wp-json\/wp\/v2\/users\/48"}],"replies":[{"embeddable":true,"href":"https:\/\/unser-quartier.de\/stadt-bergheim\/wp-json\/wp\/v2\/comments?post=26771"}],"version-history":[{"count":0,"href":"https:\/\/unser-quartier.de\/stadt-bergheim\/wp-json\/wp\/v2\/pages\/26771\/revisions"}],"wp:attachment":[{"href":"https:\/\/unser-quartier.de\/stadt-bergheim\/wp-json\/wp\/v2\/media?parent=26771"}],"curies":[{"name":"wp","href":"https:\/\/api.w.org\/{rel}","templated":true}]}}

Türchen 13

<p><a href="https://unser-quartier.de/stadt-bergheim/tuerchen-13-2/1cb8a189-2199-4d25-9698-f95aefd55389/" rel="attachment wp-att-26774"><img data-recalc-dims="1" loading="lazy" decoding="async" data-attachment-id="26774" data-permalink="https://unser-quartier.de/stadt-bergheim/tuerchen-13-2/1cb8a189-2199-4d25-9698-f95aefd55389/" data-orig-file="https://i0.wp.com/unser-quartier.de/stadt-bergheim/files/2018/11/1CB8A189-2199-4D25-9698-F95AEFD55389.jpeg?fit=1024%2C683&amp;ssl=1" data-orig-size="1024,683" data-comments-opened="0" data-image-meta="{&quot;aperture&quot;:&quot;0&quot;,&quot;credit&quot;:&quot;&quot;,&quot;camera&quot;:&quot;&quot;,&quot;caption&quot;:&quot;&quot;,&quot;created_timestamp&quot;:&quot;0&quot;,&quot;copyright&quot;:&quot;&quot;,&quot;focal_length&quot;:&quot;0&quot;,&quot;iso&quot;:&quot;0&quot;,&quot;shutter_speed&quot;:&quot;0&quot;,&quot;title&quot;:&quot;&quot;,&quot;orientation&quot;:&quot;0&quot;}" data-image-title="1CB8A189-2199-4D25-9698-F95AEFD55389" data-image-description="" data-image-caption="" data-medium-file="https://i0.wp.com/unser-quartier.de/stadt-bergheim/files/2018/11/1CB8A189-2199-4D25-9698-F95AEFD55389.jpeg?fit=300%2C200&amp;ssl=1" data-large-file="https://i0.wp.com/unser-quartier.de/stadt-bergheim/files/2018/11/1CB8A189-2199-4D25-9698-F95AEFD55389.jpeg?fit=770%2C514&amp;ssl=1" class="alignnone size-medium wp-image-26774" src="https://i0.wp.com/unser-quartier.de/stadt-bergheim/files/2018/11/1CB8A189-2199-4D25-9698-F95AEFD55389.jpeg?resize=300%2C200&#038;ssl=1" alt="" width="300" height="200" srcset="https://i0.wp.com/unser-quartier.de/stadt-bergheim/files/2018/11/1CB8A189-2199-4D25-9698-F95AEFD55389.jpeg?resize=300%2C200&amp;ssl=1 300w, https://i0.wp.com/unser-quartier.de/stadt-bergheim/files/2018/11/1CB8A189-2199-4D25-9698-F95AEFD55389.jpeg?resize=150%2C100&amp;ssl=1 150w, https://i0.wp.com/unser-quartier.de/stadt-bergheim/files/2018/11/1CB8A189-2199-4D25-9698-F95AEFD55389.jpeg?resize=768%2C512&amp;ssl=1 768w, https://i0.wp.com/unser-quartier.de/stadt-bergheim/files/2018/11/1CB8A189-2199-4D25-9698-F95AEFD55389.jpeg?w=1024&amp;ssl=1 1024w" sizes="auto, (max-width: 300px) 100vw, 300px" /></a></p>
<p><span style="font-size: 20px; font-family: arial, helvetica, sans-serif;"><strong>Das Türchen 13 ist geöffnet &#8230;</strong></span></p>
<p><span style="font-size: 20px;"> Lucia-Fest</span></p>
<p><span style="font-size: 20px;">Was schöne Weihnachtsbräuche angeht, lohnt es sich einmal in andere Länder zu schauen. Mir persönlich gefällt das Lucia-Fest sehr gut, das in Schweden am 13. Dezember gefeiert wird und Licht in den dunklen Winter bringt.</span></p>
<p><span style="font-size: 20px;">Vor der Gregorianischen Kalenderreform war der 13. Dezember der kürzeste Tag des Jahres und Wintersonnenwende. Traditionell tragen Lucia – meist die älteste Tochter – und ihre Begleiterinnen lange weiße Kleider mit einem roten Seidenband um die Taille und eine Krone mit Kerzen auf dem Kopf. Es gibt Lichter-Umzüge und es wird gesungen. Mit im Tross der Lichterkönigin sind auch Sternenjungen, Pfefferkuchenmänner und Heinzelmännchen mit Laternen. Auf den Tisch kommenSafran-Brot, Pfefferkuchen und Glögg, der schwedische Glühwein. Auch in Norwegen, Dänemark und Finnland erfreut sich das Luciafest zunehmender Beliebtheit.</span></p>
<p><span style="font-size: 20px;">Wer die Lucia wird, wird bereits Wochen vorher in einem Wettbewerb im Fernsehen ermittelt. Aber auch jede Schule, jeder Kindergarten, jede Stadt und jeder Ort wählt seine eigene Lucia.</span></p>
<p><span style="font-size: 20px;">Der Ursprung liegt vermutlich in der Ehrung der Heiligen Lucie aus Syracus in Italien (um 283 bis 304). Ihr Name steht für &#8220;die Leuchtende&#8221; (lateinisch: lux). Sie soll einen Kerzenkranz auf dem Kopf getragen haben, damit sie die Hände frei hatte, wenn sie heimlich Nahrung an die geflohenen Frühchristen in den Katakomben verteilte. Dasweiße Gewand und das rote Band sind ein Verweis auf ihr Christentum, ihre geweihte Jungfräulichkeit und den Tod als Märtyrerin.</span></p>
<p><span style="font-size: 20px;">Auch wenn die Kerzen aus Sicherheitsgründen heutzutage zunehmend elektrisch sind – was für ein wunderschöner Brauch!</span></p>
<p>&nbsp;</p>

</p>
<p><strong>Das Türchen 13 ist geöffnet &#8230;</strong></p>
<p> Lucia-Fest</p>
<p>Was schöne Weihnachtsbräuche angeht, lohnt es sich einmal in andere Länder zu schauen. Mir persönlich gefällt das Lucia-Fest sehr gut, das in Schweden am 13. Dezember gefeiert wird und Licht in den dunklen Winter bringt.</p>
<p>Vor der Gregorianischen Kalenderreform war der 13. Dezember der kürzeste Tag des &hellip; </p>
<p><a class="more-link btn" href="https://unser-quartier.de/stadt-bergheim/tuerchen-13-2/">Weiterlesen</a></p>
