{"id":26785,"date":"2018-12-08T18:00:42","date_gmt":"2018-12-08T17:00:42","guid":{"rendered":"https:\/\/unser-quartier.de\/stadt-bergheim\/?page_id=26785"},"modified":"2018-12-08T18:22:02","modified_gmt":"2018-12-08T17:22:02","slug":"tuerchen-9","status":"publish","type":"page","link":"https:\/\/unser-quartier.de\/stadt-bergheim\/tuerchen-9\/","title":{"rendered":"T\u00fcrchen 9"},"content":{"rendered":"<p style=\"text-align: center;\"><span style=\"font-size: 20px; font-family: arial, helvetica, sans-serif;\">Das T\u00fcrchen 9 ist ge\u00f6ffnet &#8230;<\/span><\/p>\n<p><span style=\"font-size: 20px;\">Am zweiten Advent lesen wir\u00a0die wahre Geschichte<\/span><\/p>\n<p><img data-recalc-dims=\"1\" loading=\"lazy\" decoding=\"async\" data-attachment-id=\"27036\" data-permalink=\"https:\/\/unser-quartier.de\/stadt-bergheim\/tuerchen-9\/advent-1067180_960_720\/\" data-orig-file=\"https:\/\/i0.wp.com\/unser-quartier.de\/stadt-bergheim\/files\/2018\/12\/advent-1067180_960_720.jpg?fit=960%2C720&amp;ssl=1\" data-orig-size=\"960,720\" data-comments-opened=\"0\" data-image-meta=\"{&quot;aperture&quot;:&quot;5.6&quot;,&quot;credit&quot;:&quot;&quot;,&quot;camera&quot;:&quot;Canon EOS 5D Mark II&quot;,&quot;caption&quot;:&quot;&quot;,&quot;created_timestamp&quot;:&quot;0&quot;,&quot;copyright&quot;:&quot;&quot;,&quot;focal_length&quot;:&quot;135&quot;,&quot;iso&quot;:&quot;400&quot;,&quot;shutter_speed&quot;:&quot;0.016666666666667&quot;,&quot;title&quot;:&quot;&quot;,&quot;orientation&quot;:&quot;0&quot;}\" data-image-title=\"advent-1067180_960_720\" data-image-description=\"\" data-image-caption=\"\" data-medium-file=\"https:\/\/i0.wp.com\/unser-quartier.de\/stadt-bergheim\/files\/2018\/12\/advent-1067180_960_720.jpg?fit=300%2C225&amp;ssl=1\" data-large-file=\"https:\/\/i0.wp.com\/unser-quartier.de\/stadt-bergheim\/files\/2018\/12\/advent-1067180_960_720.jpg?fit=770%2C578&amp;ssl=1\" class=\"alignnone size-medium wp-image-27036\" src=\"https:\/\/i0.wp.com\/unser-quartier.de\/stadt-bergheim\/files\/2018\/12\/advent-1067180_960_720.jpg?resize=300%2C225&#038;ssl=1\" alt=\"\" width=\"300\" height=\"225\" srcset=\"https:\/\/i0.wp.com\/unser-quartier.de\/stadt-bergheim\/files\/2018\/12\/advent-1067180_960_720.jpg?resize=300%2C225&amp;ssl=1 300w, https:\/\/i0.wp.com\/unser-quartier.de\/stadt-bergheim\/files\/2018\/12\/advent-1067180_960_720.jpg?resize=150%2C113&amp;ssl=1 150w, https:\/\/i0.wp.com\/unser-quartier.de\/stadt-bergheim\/files\/2018\/12\/advent-1067180_960_720.jpg?resize=768%2C576&amp;ssl=1 768w, https:\/\/i0.wp.com\/unser-quartier.de\/stadt-bergheim\/files\/2018\/12\/advent-1067180_960_720.jpg?w=960&amp;ssl=1 960w\" sizes=\"auto, (max-width: 300px) 100vw, 300px\" \/><\/p>\n<p>&nbsp;<\/p>\n<p><span style=\"font-size: 20px;\">Jesus k\u00fctt op de Welt<\/span><\/p>\n<p><span style=\"font-size: 20px;\">Domols kom vum Kaiser Ajustus d\u00e4 Bef\u00e4hl, em janze r\u00f6mische Reich de L\u00fcck ze z\u00e4lle. Jede maat sich en singe Heimatort op de S\u00f6ck, f\u00fcr sich rejistriere ze lo\u00dfe. Weil d\u00e4 Josef us d<code>r Familisch vom David wor, moot h\u00e4 von Nazareth en Galil\u00e4a no Betlehem en Jud\u00e4a reise, weil dat die Stadt wor, us der sing Familisch satmme d\u00e4t. Sing Verlobte \u2013 dat Maria, dat jrad ne Panz erwade d\u00e4t \u2013 nohm h\u00e4 met. Kaum wore se ahnjekumme kom d\u00e4 Klein ald op de Welt. Weil en d<\/code>r janze Herberje keine Plaaz mie wor, l\u00e4te se dat klei Wickelditzje en de Fodekrepp vun d\u00e4m Stall, en d\u00e4m se ungerjekumme ware.<\/span><\/p>\n<p><span style=\"font-size: 20px;\">Et wore Hirte en d<code>r J\u00e4jend, die des Naaks drusse blieve, f\u00fcr de Herd ze bewache. Ene Engel vum H\u00e4r kom bei ihne v\u00fcrbei un laat ene jro\u00dfe Optrett met Lech un Bletz un Donner hin. De Hirte, die sujet noch nie jesinn hatte, kr\u00e4\u00e4te m\u00f6t d<\/code>r Angs ze donn. Doch d`r Engel saat: \u201eIhr brucht kein Angs zo han! Weil, ich br\u00e4nge \u00dcch jode Nachrichte, en jro\u00dfe Freud f\u00fcr all Minsche. En Betlehem ess h\u00fcck \u00dchre Retter jebore wode: \u201eChristus, d\u00e4 H\u00e4r. Wenn Ihr e Wickelditzje seht, dat en ener Foderkrepp litt, dann hatt Ihr ihn jefunge!\u201c<\/span><\/p>\n<p><span style=\"font-size: 20px;\">Op eimohl kom e janz Heer vun Engele dozo un reef: \u201eEhre f\u00fcr Jott em Himmel! Uno p d<code>r \u00c4d Fridde f\u00fcr die Minsche, die Jott leev h\u00e4tt!\u201c Wie die Engele wedde fott wore, d\u00e4te die Hirte beschlee\u00dfe, noh Betlehem ze jon un nohzelohre, wat do loss wor. Se maate sich tireck op d<\/code>r W\u00e4\u00e4ch un trofe Maria un Josef und at Wickelditzje en d`r Fodekrepp.<\/span><\/p>\n<p><span style=\"font-size: 20px;\">Wie sie dat soche d\u00e4te se vez\u00e4lle, wat se erl\u00e4\u00e4v ha nun vum Engel \u00f6ver d\u00e4 Panz jehoot hatte. Un jeder d\u00e4 dat hoot wor v\u00f6llich vun d`r S\u00f6ck. Dan jingen die Hirte widder zer\u00f6ck noh ihre Schofe un lobten Jott f\u00fcr alles wat se jehoot un jesinn hatte.<\/span><br \/>\n<span style=\"font-size: 20px;\">Alles wor esu, wie et verk\u00fcndet worde war. (Autor unbekannt)<\/span><\/p>\n<p>&nbsp;<\/p>\n<p><span style=\"font-size: 20px;\">Die Geburt Jesu<\/span><br \/>\n<span style=\"font-size: 20px;\">In jenen Tagen geschah es, dass vom Kaiser Augustus ein Befehl ausging, dass der gesamte Erdkreis aufgezeichnet werde. Diese erste Aufzeichnung geschah, als Quirinius Statthalter von Syrien war. Alle gingen hin, sich eintragen zu lassen, ein jeder in seine Stadt. Auch Joseph zog von Galil\u00e4a, aus der Stadt Nazareth, hinauf nach Jud\u00e4a in die Stadt Davids, die Bethlehem hei\u00dft \u2013 weil er aus dem Hause und Geschlechte Davids war, um sich eintragen zu lassen zusammen mit Maria, seiner Verlobten, die gesegneten Leibes war. W\u00e4hrend sie dort waren, geschah es, dass sich die Tage erf\u00fcllten, da sie geb\u00e4ren sollte, und sie gebar ihren erstgeborenen Sohn, h\u00fcllte ihn Windeln und legte ihn in eine Krippe, weil nicht Platz f\u00fcr sie war in der Herberge.<\/span><\/p>\n<p><span style=\"font-size: 20px;\">Offenbarung an die Hirten<\/span><\/p>\n<p><span style=\"font-size: 20px;\">In derselben Gegend waren Hirten auf freiem Felde und hielten Nachtwache bei ihrer Herde. Da trat ein Engel des Herrn zu ihnen, und es umstrahlte sie die Herrlichkeit des Herrn, und sie f\u00fcrchteten sich sehr. Der Engel aber sprach zu ihnen: \u201ef\u00fcrchtet euch nicht! denn seht ich verk\u00fcnde euch eine gro\u00dfe Freude, die dem ganzen Volke zuteilwerden soll: Euch wurde heute in der Stadt Davids ein Retter geboren, der ist Messias und Herr. Und dies soll euch zum Zeichen sein: Ihr werdet ein Kindlein finden, in Windeln eingeh\u00fcllt und in einer Krippe liegend!\u201c Und auf einmal erschien mit dem Engel eine gro\u00dfe Schar des himmlischen Heeres, die Gott priesen mit den Worten: \u201eEhre sei Gott in der H\u00f6he und auf Erden Frieden unter Menschen eines guten Willens!\u201c<\/span><\/p>\n<p><span style=\"font-size: 20px;\">Und es geschah, als die Engel von ihnen weg zum Himmel entschwanden, sagten die Hirten zueinander: \u201elasst uns hin\u00fcbergehen nach Bethlehem und schauen, was da geschehen ist, von dem der Herr uns Kunde gab!\u201c Und sie gingen eilends und fanden Maria und Joseph und das Kind, das in der Krippe lag. Als sie es sahen, berichteten sie von dem Wort, das ihnen \u00fcber dieses Kind gesagt worden war. Und alle, die es h\u00f6rten, wunderten sich \u00fcber das, was ihnen von den Hirten erz\u00e4hlt wurde. Maria behielt alle diese Worte und erwog sie in ihrem Herzen. Die Hirten aber kehrten zur\u00fcck und priesen und lobten Gott, f\u00fcr all das, was sie geh\u00f6rt und gesehen hatten, so wie es ihnen gesagt worden war. (Aus dem Lukasevangelium, Kapitel 2,1 \u2013 20)<\/span><\/p>\n<p><span style=\"font-size: 20px;\">\u00fcbersetzt von Andrea Flo\u00df<\/span><\/p>\n","protected":false},"excerpt":{"rendered":"<p style=\"text-align: center;\">Das T\u00fcrchen 9 ist ge\u00f6ffnet &#8230;<\/p>\n<p>Am zweiten Advent lesen wir\u00a0die wahre Geschichte<\/p>\n<\/p>\n<p>&nbsp;<\/p>\n<p>Jesus k\u00fctt op de Welt<\/p>\n<p>Domols kom vum Kaiser Ajustus d\u00e4 Bef\u00e4hl, em janze r\u00f6mische Reich de L\u00fcck ze z\u00e4lle. Jede maat sich en singe Heimatort op de S\u00f6ck, f\u00fcr sich rejistriere ze lo\u00dfe. Weil d\u00e4 Josef us &hellip; <\/p>\n<p><a class=\"more-link btn\" href=\"https:\/\/unser-quartier.de\/stadt-bergheim\/tuerchen-9\/\">Weiterlesen<\/a><\/p>\n","protected":false},"author":48,"featured_media":0,"parent":0,"menu_order":0,"comment_status":"closed","ping_status":"closed","template":"","meta":{"_bbp_topic_count":0,"_bbp_reply_count":0,"_bbp_total_topic_count":0,"_bbp_total_reply_count":0,"_bbp_voice_count":0,"_bbp_anonymous_reply_count":0,"_bbp_topic_count_hidden":0,"_bbp_reply_count_hidden":0,"_bbp_forum_subforum_count":0,"jetpack_post_was_ever_published":false,"footnotes":""},"class_list":["post-26785","page","type-page","status-publish","hentry","nodate","item-wrap"],"jetpack_sharing_enabled":true,"jetpack_shortlink":"https:\/\/wp.me\/P3vhfJ-6Y1","jetpack_likes_enabled":true,"_links":{"self":[{"href":"https:\/\/unser-quartier.de\/stadt-bergheim\/wp-json\/wp\/v2\/pages\/26785","targetHints":{"allow":["GET"]}}],"collection":[{"href":"https:\/\/unser-quartier.de\/stadt-bergheim\/wp-json\/wp\/v2\/pages"}],"about":[{"href":"https:\/\/unser-quartier.de\/stadt-bergheim\/wp-json\/wp\/v2\/types\/page"}],"author":[{"embeddable":true,"href":"https:\/\/unser-quartier.de\/stadt-bergheim\/wp-json\/wp\/v2\/users\/48"}],"replies":[{"embeddable":true,"href":"https:\/\/unser-quartier.de\/stadt-bergheim\/wp-json\/wp\/v2\/comments?post=26785"}],"version-history":[{"count":0,"href":"https:\/\/unser-quartier.de\/stadt-bergheim\/wp-json\/wp\/v2\/pages\/26785\/revisions"}],"wp:attachment":[{"href":"https:\/\/unser-quartier.de\/stadt-bergheim\/wp-json\/wp\/v2\/media?parent=26785"}],"curies":[{"name":"wp","href":"https:\/\/api.w.org\/{rel}","templated":true}]}}

Türchen 9

<p style="text-align: center;"><span style="font-size: 20px; font-family: arial, helvetica, sans-serif;">Das Türchen 9 ist geöffnet &#8230;</span></p>
<p><span style="font-size: 20px;">Am zweiten Advent lesen wir die wahre Geschichte</span></p>
<p><img data-recalc-dims="1" loading="lazy" decoding="async" data-attachment-id="27036" data-permalink="https://unser-quartier.de/stadt-bergheim/tuerchen-9/advent-1067180_960_720/" data-orig-file="https://i0.wp.com/unser-quartier.de/stadt-bergheim/files/2018/12/advent-1067180_960_720.jpg?fit=960%2C720&amp;ssl=1" data-orig-size="960,720" data-comments-opened="0" data-image-meta="{&quot;aperture&quot;:&quot;5.6&quot;,&quot;credit&quot;:&quot;&quot;,&quot;camera&quot;:&quot;Canon EOS 5D Mark II&quot;,&quot;caption&quot;:&quot;&quot;,&quot;created_timestamp&quot;:&quot;0&quot;,&quot;copyright&quot;:&quot;&quot;,&quot;focal_length&quot;:&quot;135&quot;,&quot;iso&quot;:&quot;400&quot;,&quot;shutter_speed&quot;:&quot;0.016666666666667&quot;,&quot;title&quot;:&quot;&quot;,&quot;orientation&quot;:&quot;0&quot;}" data-image-title="advent-1067180_960_720" data-image-description="" data-image-caption="" data-medium-file="https://i0.wp.com/unser-quartier.de/stadt-bergheim/files/2018/12/advent-1067180_960_720.jpg?fit=300%2C225&amp;ssl=1" data-large-file="https://i0.wp.com/unser-quartier.de/stadt-bergheim/files/2018/12/advent-1067180_960_720.jpg?fit=770%2C578&amp;ssl=1" class="alignnone size-medium wp-image-27036" src="https://i0.wp.com/unser-quartier.de/stadt-bergheim/files/2018/12/advent-1067180_960_720.jpg?resize=300%2C225&#038;ssl=1" alt="" width="300" height="225" srcset="https://i0.wp.com/unser-quartier.de/stadt-bergheim/files/2018/12/advent-1067180_960_720.jpg?resize=300%2C225&amp;ssl=1 300w, https://i0.wp.com/unser-quartier.de/stadt-bergheim/files/2018/12/advent-1067180_960_720.jpg?resize=150%2C113&amp;ssl=1 150w, https://i0.wp.com/unser-quartier.de/stadt-bergheim/files/2018/12/advent-1067180_960_720.jpg?resize=768%2C576&amp;ssl=1 768w, https://i0.wp.com/unser-quartier.de/stadt-bergheim/files/2018/12/advent-1067180_960_720.jpg?w=960&amp;ssl=1 960w" sizes="auto, (max-width: 300px) 100vw, 300px" /></p>
<p>&nbsp;</p>
<p><span style="font-size: 20px;">Jesus kütt op de Welt</span></p>
<p><span style="font-size: 20px;">Domols kom vum Kaiser Ajustus dä Befähl, em janze römische Reich de Lück ze zälle. Jede maat sich en singe Heimatort op de Söck, für sich rejistriere ze loße. Weil dä Josef us d<code>r Familisch vom David wor, moot hä von Nazareth en Galiläa no Betlehem en Judäa reise, weil dat die Stadt wor, us der sing Familisch satmme dät. Sing Verlobte – dat Maria, dat jrad ne Panz erwade dät – nohm hä met. Kaum wore se ahnjekumme kom dä Klein ald op de Welt. Weil en d</code>r janze Herberje keine Plaaz mie wor, läte se dat klei Wickelditzje en de Fodekrepp vun däm Stall, en däm se ungerjekumme ware.</span></p>
<p><span style="font-size: 20px;">Et wore Hirte en d<code>r Jäjend, die des Naaks drusse blieve, für de Herd ze bewache. Ene Engel vum Här kom bei ihne vürbei un laat ene jroße Optrett met Lech un Bletz un Donner hin. De Hirte, die sujet noch nie jesinn hatte, krääte möt d</code>r Angs ze donn. Doch d`r Engel saat: „Ihr brucht kein Angs zo han! Weil, ich bränge Üch jode Nachrichte, en jroße Freud für all Minsche. En Betlehem ess hück Ühre Retter jebore wode: „Christus, dä Här. Wenn Ihr e Wickelditzje seht, dat en ener Foderkrepp litt, dann hatt Ihr ihn jefunge!“</span></p>
<p><span style="font-size: 20px;">Op eimohl kom e janz Heer vun Engele dozo un reef: „Ehre für Jott em Himmel! Uno p d<code>r Äd Fridde für die Minsche, die Jott leev hätt!“ Wie die Engele wedde fott wore, däte die Hirte beschleeße, noh Betlehem ze jon un nohzelohre, wat do loss wor. Se maate sich tireck op d</code>r Wääch un trofe Maria un Josef und at Wickelditzje en d`r Fodekrepp.</span></p>
<p><span style="font-size: 20px;">Wie sie dat soche däte se vezälle, wat se erlääv ha nun vum Engel över dä Panz jehoot hatte. Un jeder dä dat hoot wor völlich vun d`r Söck. Dan jingen die Hirte widder zeröck noh ihre Schofe un lobten Jott für alles wat se jehoot un jesinn hatte.</span><br />
<span style="font-size: 20px;">Alles wor esu, wie et verkündet worde war. (Autor unbekannt)</span></p>
<p>&nbsp;</p>
<p><span style="font-size: 20px;">Die Geburt Jesu</span><br />
<span style="font-size: 20px;">In jenen Tagen geschah es, dass vom Kaiser Augustus ein Befehl ausging, dass der gesamte Erdkreis aufgezeichnet werde. Diese erste Aufzeichnung geschah, als Quirinius Statthalter von Syrien war. Alle gingen hin, sich eintragen zu lassen, ein jeder in seine Stadt. Auch Joseph zog von Galiläa, aus der Stadt Nazareth, hinauf nach Judäa in die Stadt Davids, die Bethlehem heißt – weil er aus dem Hause und Geschlechte Davids war, um sich eintragen zu lassen zusammen mit Maria, seiner Verlobten, die gesegneten Leibes war. Während sie dort waren, geschah es, dass sich die Tage erfüllten, da sie gebären sollte, und sie gebar ihren erstgeborenen Sohn, hüllte ihn Windeln und legte ihn in eine Krippe, weil nicht Platz für sie war in der Herberge.</span></p>
<p><span style="font-size: 20px;">Offenbarung an die Hirten</span></p>
<p><span style="font-size: 20px;">In derselben Gegend waren Hirten auf freiem Felde und hielten Nachtwache bei ihrer Herde. Da trat ein Engel des Herrn zu ihnen, und es umstrahlte sie die Herrlichkeit des Herrn, und sie fürchteten sich sehr. Der Engel aber sprach zu ihnen: „fürchtet euch nicht! denn seht ich verkünde euch eine große Freude, die dem ganzen Volke zuteilwerden soll: Euch wurde heute in der Stadt Davids ein Retter geboren, der ist Messias und Herr. Und dies soll euch zum Zeichen sein: Ihr werdet ein Kindlein finden, in Windeln eingehüllt und in einer Krippe liegend!“ Und auf einmal erschien mit dem Engel eine große Schar des himmlischen Heeres, die Gott priesen mit den Worten: „Ehre sei Gott in der Höhe und auf Erden Frieden unter Menschen eines guten Willens!“</span></p>
<p><span style="font-size: 20px;">Und es geschah, als die Engel von ihnen weg zum Himmel entschwanden, sagten die Hirten zueinander: „lasst uns hinübergehen nach Bethlehem und schauen, was da geschehen ist, von dem der Herr uns Kunde gab!“ Und sie gingen eilends und fanden Maria und Joseph und das Kind, das in der Krippe lag. Als sie es sahen, berichteten sie von dem Wort, das ihnen über dieses Kind gesagt worden war. Und alle, die es hörten, wunderten sich über das, was ihnen von den Hirten erzählt wurde. Maria behielt alle diese Worte und erwog sie in ihrem Herzen. Die Hirten aber kehrten zurück und priesen und lobten Gott, für all das, was sie gehört und gesehen hatten, so wie es ihnen gesagt worden war. (Aus dem Lukasevangelium, Kapitel 2,1 – 20)</span></p>
<p><span style="font-size: 20px;">übersetzt von Andrea Floß</span></p>

<p style="text-align: center;">Das Türchen 9 ist geöffnet &#8230;</p>
<p>Am zweiten Advent lesen wir die wahre Geschichte</p>
</p>
<p>&nbsp;</p>
<p>Jesus kütt op de Welt</p>
<p>Domols kom vum Kaiser Ajustus dä Befähl, em janze römische Reich de Lück ze zälle. Jede maat sich en singe Heimatort op de Söck, für sich rejistriere ze loße. Weil dä Josef us &hellip; </p>
<p><a class="more-link btn" href="https://unser-quartier.de/stadt-bergheim/tuerchen-9/">Weiterlesen</a></p>
