{"id":26812,"date":"2018-12-20T21:45:40","date_gmt":"2018-12-20T20:45:40","guid":{"rendered":"https:\/\/unser-quartier.de\/stadt-bergheim\/?page_id=26812"},"modified":"2018-12-20T21:58:31","modified_gmt":"2018-12-20T20:58:31","slug":"tuerchen-22","status":"publish","type":"page","link":"https:\/\/unser-quartier.de\/stadt-bergheim\/tuerchen-22\/","title":{"rendered":"T\u00fcrchen 22"},"content":{"rendered":"<p><strong><span style=\"font-family: arial, helvetica, sans-serif; font-size: 24px;\">Das T\u00fcrchen 22 ist ge\u00f6ffnet \u2026<\/span><\/strong><\/p>\n<p><a href=\"https:\/\/unser-quartier.de\/stadt-bergheim\/tuerchen-22\/818f32e1-5da1-414d-b487-ee92e2a07c36\/\" rel=\"attachment wp-att-26814\"><img data-recalc-dims=\"1\" loading=\"lazy\" decoding=\"async\" data-attachment-id=\"26814\" data-permalink=\"https:\/\/unser-quartier.de\/stadt-bergheim\/tuerchen-22\/818f32e1-5da1-414d-b487-ee92e2a07c36\/\" data-orig-file=\"https:\/\/i0.wp.com\/unser-quartier.de\/stadt-bergheim\/files\/2018\/11\/818F32E1-5DA1-414D-B487-EE92E2A07C36.jpeg?fit=510%2C340&amp;ssl=1\" data-orig-size=\"510,340\" data-comments-opened=\"0\" data-image-meta=\"{&quot;aperture&quot;:&quot;5.6&quot;,&quot;credit&quot;:&quot;&quot;,&quot;camera&quot;:&quot;Canon EOS 400D DIGITAL&quot;,&quot;caption&quot;:&quot;&quot;,&quot;created_timestamp&quot;:&quot;0&quot;,&quot;copyright&quot;:&quot;&quot;,&quot;focal_length&quot;:&quot;57&quot;,&quot;iso&quot;:&quot;400&quot;,&quot;shutter_speed&quot;:&quot;0.01&quot;,&quot;title&quot;:&quot;&quot;,&quot;orientation&quot;:&quot;0&quot;}\" data-image-title=\"818F32E1-5DA1-414D-B487-EE92E2A07C36\" data-image-description=\"\" data-image-caption=\"\" data-medium-file=\"https:\/\/i0.wp.com\/unser-quartier.de\/stadt-bergheim\/files\/2018\/11\/818F32E1-5DA1-414D-B487-EE92E2A07C36.jpeg?fit=300%2C200&amp;ssl=1\" data-large-file=\"https:\/\/i0.wp.com\/unser-quartier.de\/stadt-bergheim\/files\/2018\/11\/818F32E1-5DA1-414D-B487-EE92E2A07C36.jpeg?fit=510%2C340&amp;ssl=1\" class=\"alignnone size-medium wp-image-26814\" src=\"https:\/\/i0.wp.com\/unser-quartier.de\/stadt-bergheim\/files\/2018\/11\/818F32E1-5DA1-414D-B487-EE92E2A07C36-300x200.jpeg?resize=300%2C200&#038;ssl=1\" alt=\"\" width=\"300\" height=\"200\" srcset=\"https:\/\/i0.wp.com\/unser-quartier.de\/stadt-bergheim\/files\/2018\/11\/818F32E1-5DA1-414D-B487-EE92E2A07C36.jpeg?resize=300%2C200&amp;ssl=1 300w, https:\/\/i0.wp.com\/unser-quartier.de\/stadt-bergheim\/files\/2018\/11\/818F32E1-5DA1-414D-B487-EE92E2A07C36.jpeg?resize=150%2C100&amp;ssl=1 150w, https:\/\/i0.wp.com\/unser-quartier.de\/stadt-bergheim\/files\/2018\/11\/818F32E1-5DA1-414D-B487-EE92E2A07C36.jpeg?w=510&amp;ssl=1 510w\" sizes=\"auto, (max-width: 300px) 100vw, 300px\" \/><\/a><\/p>\n<p><strong><span style=\"font-size: 24px;\"><em>Erinnerungen&#8230;<\/em><\/span><\/strong><\/p>\n<p><span style=\"font-size: 24px;\">Der Morgen des 24 Dezember meiner Kindheit begann immer v\u00f6llig<\/span>\u00a0<span style=\"font-size: 24px;\">unspektakul\u00e4r.<\/span><br \/>\n<span style=\"font-size: 24px;\">Mein Vater hatte seine graue Wollweste an und pfiff vergn\u00fcgt ein Liedchen,<\/span>\u00a0<span style=\"font-size: 24px;\">wenn er die verstaubten Kisten mit Kugeln und Dekorationen vom Dachboden<\/span>\u00a0<span style=\"font-size: 24px;\">herunter holte. <\/span><span style=\"font-size: 24px;\">So begann Weihnachten f\u00fcr mich: An der Hand meines Vaters kauften wir einen <\/span><span style=\"font-size: 24px;\">Weihnachtsbaum. Nicht so gro\u00df sollte er sein, er wurde immer auf die Ecke<\/span>\u00a0<span style=\"font-size: 24px;\">des schweren Eichenschreibtischs im Wohnzimmer gestellt.<\/span><br \/>\n<span style=\"font-size: 24px;\">Warum wir immer, wirklich immer, erst 1-2 Std. vor Verkaufsschluss den Baum <\/span><span style=\"font-size: 24px;\">kauften wei\u00df ich nicht. Aber ich durfte ihn aussuchen, wobei die Auswahl zu <\/span><span style=\"font-size: 24px;\">diesem Zeitpunkt nur noch klein war. Meine Wahl fiel meistens auf eine<\/span>\u00a0<span style=\"font-size: 24px;\">bescheidene Fichte, ein d\u00fcnnes B\u00e4umchen, mit meist nur ein paar \u00c4sten die<\/span>\u00a0<span style=\"font-size: 24px;\">willk\u00fcrlich krumm und schief in alle Richtungen abstanden.<\/span>\u00a0<span style=\"font-size: 24px;\">Mein pubertierender Bruder stellte sp\u00f6ttisch in Abrede, dass wir den besten<\/span>\u00a0<span style=\"font-size: 24px;\">Baum gefunden hatten. Aber er wurde der Sch\u00f6nste, jedes Jahr. Mein Vater<\/span>\u00a0<span style=\"font-size: 24px;\">war ein Dekorationsgenie.<\/span><br \/>\n<span style=\"font-size: 24px;\">Den Engel mit dem Rauschehaar durfte ich auf die Spitze setzen und<\/span>\u00a0<span style=\"font-size: 24px;\">gemeinsam warfen wir silbernes Lametta mit ausholender Geste auf die <\/span><span style=\"font-size: 24px;\">Zweige, bis der Baum unter der metallenen Last fast erdr\u00fcckt wurde.<\/span>\u00a0<span style=\"font-size: 24px;\">Meine Mutter gab sich pl\u00f6tzlich geheimnisvoll, schickte uns aus dem Zimmer,<\/span>\u00a0<span style=\"font-size: 24px;\">gleich hinaus ins Freie. Wie sind mir diese Stunden in der einsetzenden <\/span><span style=\"font-size: 24px;\">D\u00e4mmerung noch in Erinnerung. Sehe uns gut gelaunt durch den Schnee <\/span><span style=\"font-size: 24px;\">stapfen, die alten Stra\u00dfenlaternen beleuchteten die Stadt, die pl\u00f6tzlich so <\/span><span style=\"font-size: 24px;\">still und festlich war.<\/span><br \/>\n<span style=\"font-size: 24px;\">Zuhause wartete meine Mutter in ihrem sch\u00f6nsten Kleid auf uns, k\u00f6stliche <\/span><span style=\"font-size: 24px;\">Ger\u00fcche wehten aus der K\u00fcche heraus. Das gl\u00e4serne Gl\u00f6ckchen l\u00e4utete und die\u00a0S<\/span><span style=\"font-size: 24px;\">chiebet\u00fcr zum dunklen Wohnzimmer wurde ge\u00f6ffnet. Da stand der<\/span>\u00a0<span style=\"font-size: 24px;\">Weihnachtsbaum, mit den brennenden Kerzen strahlte er schwelgerisch<\/span>\u00a0<span style=\"font-size: 24px;\">glitzernd. Unter ihm stapelten sich die bunt verpackten Geschenke.<\/span><span style=\"font-size: 24px;\">Der arg nadelnde Baum wurde immer kurz nach Sylvester auf die Stra\u00dfe<\/span>\u00a0<span style=\"font-size: 24px;\">gestellt, begleitet von dem jedes Jahr wiederkehrenden Witz meines Vater:<\/span>\u00a0<strong><span style=\"font-size: 24px;\">&#8220;Tannenbaum zu verkaufen, nur einmal dran gesungen&#8221;.<\/span><\/strong><br \/>\n<span style=\"font-size: 24px;\">.<\/span><br \/>\n<span style=\"font-size: 24px;\">von Reni Petersen<\/span><\/p>\n","protected":false},"excerpt":{"rendered":"<p><strong>Das T\u00fcrchen 22 ist ge\u00f6ffnet \u2026<\/strong><\/p>\n<\/p>\n<p><strong>Erinnerungen&#8230;<\/strong><\/p>\n<p>Der Morgen des 24 Dezember meiner Kindheit begann immer v\u00f6llig\u00a0unspektakul\u00e4r. Mein Vater hatte seine graue Wollweste an und pfiff vergn\u00fcgt ein Liedchen,\u00a0wenn er die verstaubten Kisten mit Kugeln und Dekorationen vom Dachboden\u00a0herunter holte. So begann Weihnachten f\u00fcr mich: An der Hand meines Vaters kauften wir einen Weihnachtsbaum. &hellip; <\/p>\n<p><a class=\"more-link btn\" href=\"https:\/\/unser-quartier.de\/stadt-bergheim\/tuerchen-22\/\">Weiterlesen<\/a><\/p>\n","protected":false},"author":48,"featured_media":0,"parent":0,"menu_order":0,"comment_status":"closed","ping_status":"closed","template":"","meta":{"_bbp_topic_count":0,"_bbp_reply_count":0,"_bbp_total_topic_count":0,"_bbp_total_reply_count":0,"_bbp_voice_count":0,"_bbp_anonymous_reply_count":0,"_bbp_topic_count_hidden":0,"_bbp_reply_count_hidden":0,"_bbp_forum_subforum_count":0,"jetpack_post_was_ever_published":false,"footnotes":""},"class_list":["post-26812","page","type-page","status-publish","hentry","nodate","item-wrap"],"jetpack_sharing_enabled":true,"jetpack_shortlink":"https:\/\/wp.me\/P3vhfJ-6Ys","jetpack_likes_enabled":true,"_links":{"self":[{"href":"https:\/\/unser-quartier.de\/stadt-bergheim\/wp-json\/wp\/v2\/pages\/26812","targetHints":{"allow":["GET"]}}],"collection":[{"href":"https:\/\/unser-quartier.de\/stadt-bergheim\/wp-json\/wp\/v2\/pages"}],"about":[{"href":"https:\/\/unser-quartier.de\/stadt-bergheim\/wp-json\/wp\/v2\/types\/page"}],"author":[{"embeddable":true,"href":"https:\/\/unser-quartier.de\/stadt-bergheim\/wp-json\/wp\/v2\/users\/48"}],"replies":[{"embeddable":true,"href":"https:\/\/unser-quartier.de\/stadt-bergheim\/wp-json\/wp\/v2\/comments?post=26812"}],"version-history":[{"count":0,"href":"https:\/\/unser-quartier.de\/stadt-bergheim\/wp-json\/wp\/v2\/pages\/26812\/revisions"}],"wp:attachment":[{"href":"https:\/\/unser-quartier.de\/stadt-bergheim\/wp-json\/wp\/v2\/media?parent=26812"}],"curies":[{"name":"wp","href":"https:\/\/api.w.org\/{rel}","templated":true}]}}

Türchen 22

<p><strong><span style="font-family: arial, helvetica, sans-serif; font-size: 24px;">Das Türchen 22 ist geöffnet …</span></strong></p>
<p><a href="https://unser-quartier.de/stadt-bergheim/tuerchen-22/818f32e1-5da1-414d-b487-ee92e2a07c36/" rel="attachment wp-att-26814"><img data-recalc-dims="1" loading="lazy" decoding="async" data-attachment-id="26814" data-permalink="https://unser-quartier.de/stadt-bergheim/tuerchen-22/818f32e1-5da1-414d-b487-ee92e2a07c36/" data-orig-file="https://i0.wp.com/unser-quartier.de/stadt-bergheim/files/2018/11/818F32E1-5DA1-414D-B487-EE92E2A07C36.jpeg?fit=510%2C340&amp;ssl=1" data-orig-size="510,340" data-comments-opened="0" data-image-meta="{&quot;aperture&quot;:&quot;5.6&quot;,&quot;credit&quot;:&quot;&quot;,&quot;camera&quot;:&quot;Canon EOS 400D DIGITAL&quot;,&quot;caption&quot;:&quot;&quot;,&quot;created_timestamp&quot;:&quot;0&quot;,&quot;copyright&quot;:&quot;&quot;,&quot;focal_length&quot;:&quot;57&quot;,&quot;iso&quot;:&quot;400&quot;,&quot;shutter_speed&quot;:&quot;0.01&quot;,&quot;title&quot;:&quot;&quot;,&quot;orientation&quot;:&quot;0&quot;}" data-image-title="818F32E1-5DA1-414D-B487-EE92E2A07C36" data-image-description="" data-image-caption="" data-medium-file="https://i0.wp.com/unser-quartier.de/stadt-bergheim/files/2018/11/818F32E1-5DA1-414D-B487-EE92E2A07C36.jpeg?fit=300%2C200&amp;ssl=1" data-large-file="https://i0.wp.com/unser-quartier.de/stadt-bergheim/files/2018/11/818F32E1-5DA1-414D-B487-EE92E2A07C36.jpeg?fit=510%2C340&amp;ssl=1" class="alignnone size-medium wp-image-26814" src="https://i0.wp.com/unser-quartier.de/stadt-bergheim/files/2018/11/818F32E1-5DA1-414D-B487-EE92E2A07C36-300x200.jpeg?resize=300%2C200&#038;ssl=1" alt="" width="300" height="200" srcset="https://i0.wp.com/unser-quartier.de/stadt-bergheim/files/2018/11/818F32E1-5DA1-414D-B487-EE92E2A07C36.jpeg?resize=300%2C200&amp;ssl=1 300w, https://i0.wp.com/unser-quartier.de/stadt-bergheim/files/2018/11/818F32E1-5DA1-414D-B487-EE92E2A07C36.jpeg?resize=150%2C100&amp;ssl=1 150w, https://i0.wp.com/unser-quartier.de/stadt-bergheim/files/2018/11/818F32E1-5DA1-414D-B487-EE92E2A07C36.jpeg?w=510&amp;ssl=1 510w" sizes="auto, (max-width: 300px) 100vw, 300px" /></a></p>
<p><strong><span style="font-size: 24px;"><em>Erinnerungen&#8230;</em></span></strong></p>
<p><span style="font-size: 24px;">Der Morgen des 24 Dezember meiner Kindheit begann immer völlig</span> <span style="font-size: 24px;">unspektakulär.</span><br />
<span style="font-size: 24px;">Mein Vater hatte seine graue Wollweste an und pfiff vergnügt ein Liedchen,</span> <span style="font-size: 24px;">wenn er die verstaubten Kisten mit Kugeln und Dekorationen vom Dachboden</span> <span style="font-size: 24px;">herunter holte. </span><span style="font-size: 24px;">So begann Weihnachten für mich: An der Hand meines Vaters kauften wir einen </span><span style="font-size: 24px;">Weihnachtsbaum. Nicht so groß sollte er sein, er wurde immer auf die Ecke</span> <span style="font-size: 24px;">des schweren Eichenschreibtischs im Wohnzimmer gestellt.</span><br />
<span style="font-size: 24px;">Warum wir immer, wirklich immer, erst 1-2 Std. vor Verkaufsschluss den Baum </span><span style="font-size: 24px;">kauften weiß ich nicht. Aber ich durfte ihn aussuchen, wobei die Auswahl zu </span><span style="font-size: 24px;">diesem Zeitpunkt nur noch klein war. Meine Wahl fiel meistens auf eine</span> <span style="font-size: 24px;">bescheidene Fichte, ein dünnes Bäumchen, mit meist nur ein paar Ästen die</span> <span style="font-size: 24px;">willkürlich krumm und schief in alle Richtungen abstanden.</span> <span style="font-size: 24px;">Mein pubertierender Bruder stellte spöttisch in Abrede, dass wir den besten</span> <span style="font-size: 24px;">Baum gefunden hatten. Aber er wurde der Schönste, jedes Jahr. Mein Vater</span> <span style="font-size: 24px;">war ein Dekorationsgenie.</span><br />
<span style="font-size: 24px;">Den Engel mit dem Rauschehaar durfte ich auf die Spitze setzen und</span> <span style="font-size: 24px;">gemeinsam warfen wir silbernes Lametta mit ausholender Geste auf die </span><span style="font-size: 24px;">Zweige, bis der Baum unter der metallenen Last fast erdrückt wurde.</span> <span style="font-size: 24px;">Meine Mutter gab sich plötzlich geheimnisvoll, schickte uns aus dem Zimmer,</span> <span style="font-size: 24px;">gleich hinaus ins Freie. Wie sind mir diese Stunden in der einsetzenden </span><span style="font-size: 24px;">Dämmerung noch in Erinnerung. Sehe uns gut gelaunt durch den Schnee </span><span style="font-size: 24px;">stapfen, die alten Straßenlaternen beleuchteten die Stadt, die plötzlich so </span><span style="font-size: 24px;">still und festlich war.</span><br />
<span style="font-size: 24px;">Zuhause wartete meine Mutter in ihrem schönsten Kleid auf uns, köstliche </span><span style="font-size: 24px;">Gerüche wehten aus der Küche heraus. Das gläserne Glöckchen läutete und die S</span><span style="font-size: 24px;">chiebetür zum dunklen Wohnzimmer wurde geöffnet. Da stand der</span> <span style="font-size: 24px;">Weihnachtsbaum, mit den brennenden Kerzen strahlte er schwelgerisch</span> <span style="font-size: 24px;">glitzernd. Unter ihm stapelten sich die bunt verpackten Geschenke.</span><span style="font-size: 24px;">Der arg nadelnde Baum wurde immer kurz nach Sylvester auf die Straße</span> <span style="font-size: 24px;">gestellt, begleitet von dem jedes Jahr wiederkehrenden Witz meines Vater:</span> <strong><span style="font-size: 24px;">&#8220;Tannenbaum zu verkaufen, nur einmal dran gesungen&#8221;.</span></strong><br />
<span style="font-size: 24px;">.</span><br />
<span style="font-size: 24px;">von Reni Petersen</span></p>

<p><strong>Das Türchen 22 ist geöffnet …</strong></p>
</p>
<p><strong>Erinnerungen&#8230;</strong></p>
<p>Der Morgen des 24 Dezember meiner Kindheit begann immer völlig unspektakulär. Mein Vater hatte seine graue Wollweste an und pfiff vergnügt ein Liedchen, wenn er die verstaubten Kisten mit Kugeln und Dekorationen vom Dachboden herunter holte. So begann Weihnachten für mich: An der Hand meines Vaters kauften wir einen Weihnachtsbaum. &hellip; </p>
<p><a class="more-link btn" href="https://unser-quartier.de/stadt-bergheim/tuerchen-22/">Weiterlesen</a></p>
