{"id":27078,"date":"2018-12-15T23:20:10","date_gmt":"2018-12-15T22:20:10","guid":{"rendered":"https:\/\/unser-quartier.de\/stadt-bergheim\/?page_id=27078"},"modified":"2018-12-15T23:28:05","modified_gmt":"2018-12-15T22:28:05","slug":"tuerchen-16","status":"publish","type":"page","link":"https:\/\/unser-quartier.de\/stadt-bergheim\/tuerchen-16\/","title":{"rendered":"T\u00fcrchen 16"},"content":{"rendered":"<p><span style=\"font-size: 16px;\"><img data-recalc-dims=\"1\" loading=\"lazy\" decoding=\"async\" data-attachment-id=\"27079\" data-permalink=\"https:\/\/unser-quartier.de\/stadt-bergheim\/tuerchen-16\/0a2bf277-ada2-4657-9ef2-3ad62247386e\/\" data-orig-file=\"https:\/\/i0.wp.com\/unser-quartier.de\/stadt-bergheim\/files\/2018\/12\/0A2BF277-ADA2-4657-9EF2-3AD62247386E.jpeg?fit=750%2C467&amp;ssl=1\" data-orig-size=\"750,467\" data-comments-opened=\"0\" data-image-meta=\"{&quot;aperture&quot;:&quot;0&quot;,&quot;credit&quot;:&quot;&quot;,&quot;camera&quot;:&quot;&quot;,&quot;caption&quot;:&quot;&quot;,&quot;created_timestamp&quot;:&quot;0&quot;,&quot;copyright&quot;:&quot;&quot;,&quot;focal_length&quot;:&quot;0&quot;,&quot;iso&quot;:&quot;0&quot;,&quot;shutter_speed&quot;:&quot;0&quot;,&quot;title&quot;:&quot;&quot;,&quot;orientation&quot;:&quot;1&quot;}\" data-image-title=\"0A2BF277-ADA2-4657-9EF2-3AD62247386E\" data-image-description=\"\" data-image-caption=\"\" data-medium-file=\"https:\/\/i0.wp.com\/unser-quartier.de\/stadt-bergheim\/files\/2018\/12\/0A2BF277-ADA2-4657-9EF2-3AD62247386E.jpeg?fit=300%2C187&amp;ssl=1\" data-large-file=\"https:\/\/i0.wp.com\/unser-quartier.de\/stadt-bergheim\/files\/2018\/12\/0A2BF277-ADA2-4657-9EF2-3AD62247386E.jpeg?fit=750%2C467&amp;ssl=1\" class=\"size-medium wp-image-27079 aligncenter\" src=\"https:\/\/i0.wp.com\/unser-quartier.de\/stadt-bergheim\/files\/2018\/12\/0A2BF277-ADA2-4657-9EF2-3AD62247386E.jpeg?resize=300%2C187&#038;ssl=1\" alt=\"\" width=\"300\" height=\"187\" srcset=\"https:\/\/i0.wp.com\/unser-quartier.de\/stadt-bergheim\/files\/2018\/12\/0A2BF277-ADA2-4657-9EF2-3AD62247386E.jpeg?resize=300%2C187&amp;ssl=1 300w, https:\/\/i0.wp.com\/unser-quartier.de\/stadt-bergheim\/files\/2018\/12\/0A2BF277-ADA2-4657-9EF2-3AD62247386E.jpeg?resize=150%2C93&amp;ssl=1 150w, https:\/\/i0.wp.com\/unser-quartier.de\/stadt-bergheim\/files\/2018\/12\/0A2BF277-ADA2-4657-9EF2-3AD62247386E.jpeg?w=750&amp;ssl=1 750w\" sizes=\"auto, (max-width: 300px) 100vw, 300px\" \/><\/span><\/p>\n<p style=\"text-align: center;\"><strong><span style=\"font-family: arial,helvetica,sans-serif; font-size: 20px;\">Das T\u00fcrchen 16 ist ge\u00f6ffnet &#8230;<\/span><\/strong><\/p>\n<p style=\"text-align: center;\"><strong><span style=\"color: #008000; font-family: arial,helvetica,sans-serif; font-size: 20px;\">Zum dritten Advent machen wir die dritte Kerze an und lesen ein Gedicht von<\/span><\/strong><\/p>\n<p style=\"text-align: center;\"><strong><span style=\"color: #008000; font-family: arial,helvetica,sans-serif; font-size: 20px;\">Johann Wolfgang von Goethe<\/span><\/strong><\/p>\n<p style=\"text-align: center;\">\n<p style=\"text-align: center;\"><span style=\"font-family: arial,helvetica,sans-serif; font-size: 20px;\">*B\u00e4ume leuchtend&#8230;*<\/span><span style=\"font-family: arial,helvetica,sans-serif; font-size: 20px;\">.<\/span><br \/>\n<span style=\"font-family: arial,helvetica,sans-serif; font-size: 20px;\">B\u00e4ume leuchtend, B\u00e4ume blendend,<br \/>\n<\/span><span style=\"font-family: arial,helvetica,sans-serif; font-size: 20px;\">\u00dcberall das S\u00fc\u00dfe spendend.<br \/>\n<\/span><span style=\"font-family: arial,helvetica,sans-serif; font-size: 20px;\">In dem Glanze sich bewegend,<br \/>\n<\/span><span style=\"font-family: arial,helvetica,sans-serif; font-size: 20px;\">\u00a0Alt und junges Herz erregend \u2013<br \/>\n<\/span><span style=\"font-family: arial,helvetica,sans-serif; font-size: 20px;\">Solch ein Fest ist uns bescheret.<\/span><br \/>\n<span style=\"font-family: arial,helvetica,sans-serif; font-size: 20px;\">Mancher Gaben Schmuck verehret;<\/span><br \/>\n<span style=\"font-family: arial,helvetica,sans-serif; font-size: 20px;\">Staunend schaun wir auf und nieder,\u00a0Hin und Her und immer wieder.<\/span><br \/>\n<span style=\"font-family: arial,helvetica,sans-serif; font-size: 20px;\">Aber, F\u00fcrst, wenn dir\u2019s begegnet<\/span><br \/>\n<span style=\"font-family: arial,helvetica,sans-serif; font-size: 20px;\">Und ein Abend so dich segnet,<\/span><br \/>\n<span style=\"font-family: arial,helvetica,sans-serif; font-size: 20px;\">Dass als Lichter, dass als Flammen<\/span><br \/>\n<span style=\"font-family: arial,helvetica,sans-serif; font-size: 20px;\">Von dir gl\u00e4nzten all zusammen<\/span><br \/>\n<span style=\"font-family: arial,helvetica,sans-serif; font-size: 20px;\">Alles, was du ausgerichtet,<\/span><br \/>\n<span style=\"font-family: arial,helvetica,sans-serif; font-size: 20px;\">Alle, die sich dir verpflichtet:<\/span><br \/>\n<span style=\"font-family: arial,helvetica,sans-serif; font-size: 20px;\">Mit erh\u00f6hten Geistesblicken<\/span><br \/>\n<span style=\"font-family: arial,helvetica,sans-serif; font-size: 20px;\">F\u00fchltest herrliches Entz\u00fccken.<\/span><br \/>\n<span style=\"font-family: arial,helvetica,sans-serif; font-size: 20px;\">.<\/span><br \/>\n<span style=\"font-family: arial, helvetica, sans-serif; font-size: 20px;\">(Johann Wolfgang von Goethe)<\/span><\/p>\n<p><span style=\"font-size: 16px;\"><img data-recalc-dims=\"1\" loading=\"lazy\" decoding=\"async\" data-attachment-id=\"27080\" data-permalink=\"https:\/\/unser-quartier.de\/stadt-bergheim\/tuerchen-16\/eb4f686a-7ff1-4e4e-bab6-647fa6b60861\/\" data-orig-file=\"https:\/\/i0.wp.com\/unser-quartier.de\/stadt-bergheim\/files\/2018\/12\/EB4F686A-7FF1-4E4E-BAB6-647FA6B60861.jpeg?fit=1024%2C640&amp;ssl=1\" data-orig-size=\"1024,640\" data-comments-opened=\"0\" data-image-meta=\"{&quot;aperture&quot;:&quot;0&quot;,&quot;credit&quot;:&quot;&quot;,&quot;camera&quot;:&quot;&quot;,&quot;caption&quot;:&quot;&quot;,&quot;created_timestamp&quot;:&quot;0&quot;,&quot;copyright&quot;:&quot;&quot;,&quot;focal_length&quot;:&quot;0&quot;,&quot;iso&quot;:&quot;0&quot;,&quot;shutter_speed&quot;:&quot;0&quot;,&quot;title&quot;:&quot;&quot;,&quot;orientation&quot;:&quot;0&quot;}\" data-image-title=\"EB4F686A-7FF1-4E4E-BAB6-647FA6B60861\" data-image-description=\"\" data-image-caption=\"\" data-medium-file=\"https:\/\/i0.wp.com\/unser-quartier.de\/stadt-bergheim\/files\/2018\/12\/EB4F686A-7FF1-4E4E-BAB6-647FA6B60861.jpeg?fit=300%2C188&amp;ssl=1\" data-large-file=\"https:\/\/i0.wp.com\/unser-quartier.de\/stadt-bergheim\/files\/2018\/12\/EB4F686A-7FF1-4E4E-BAB6-647FA6B60861.jpeg?fit=770%2C481&amp;ssl=1\" class=\"size-medium wp-image-27080 aligncenter\" src=\"https:\/\/i0.wp.com\/unser-quartier.de\/stadt-bergheim\/files\/2018\/12\/EB4F686A-7FF1-4E4E-BAB6-647FA6B60861.jpeg?resize=300%2C188&#038;ssl=1\" alt=\"\" width=\"300\" height=\"188\" srcset=\"https:\/\/i0.wp.com\/unser-quartier.de\/stadt-bergheim\/files\/2018\/12\/EB4F686A-7FF1-4E4E-BAB6-647FA6B60861.jpeg?resize=300%2C188&amp;ssl=1 300w, https:\/\/i0.wp.com\/unser-quartier.de\/stadt-bergheim\/files\/2018\/12\/EB4F686A-7FF1-4E4E-BAB6-647FA6B60861.jpeg?resize=150%2C94&amp;ssl=1 150w, https:\/\/i0.wp.com\/unser-quartier.de\/stadt-bergheim\/files\/2018\/12\/EB4F686A-7FF1-4E4E-BAB6-647FA6B60861.jpeg?resize=768%2C480&amp;ssl=1 768w, https:\/\/i0.wp.com\/unser-quartier.de\/stadt-bergheim\/files\/2018\/12\/EB4F686A-7FF1-4E4E-BAB6-647FA6B60861.jpeg?w=1024&amp;ssl=1 1024w\" sizes=\"auto, (max-width: 300px) 100vw, 300px\" \/><\/span><\/p>\n","protected":false},"excerpt":{"rendered":"<\/p>\n<p style=\"text-align: center;\"><strong>Das T\u00fcrchen 16 ist ge\u00f6ffnet &#8230;<\/strong><\/p>\n<p style=\"text-align: center;\"><strong>Zum dritten Advent machen wir die dritte Kerze an und lesen ein Gedicht von<\/strong><\/p>\n<p style=\"text-align: center;\"><strong>Johann Wolfgang von Goethe<\/strong><\/p>\n<p style=\"text-align: center;\">\n<p style=\"text-align: center;\">*B\u00e4ume leuchtend&#8230;*. B\u00e4ume leuchtend, B\u00e4ume blendend, \u00dcberall das S\u00fc\u00dfe spendend. In dem Glanze sich bewegend, \u00a0Alt und junges Herz &hellip; <\/p>\n<p><a class=\"more-link btn\" href=\"https:\/\/unser-quartier.de\/stadt-bergheim\/tuerchen-16\/\">Weiterlesen<\/a><\/p>\n","protected":false},"author":48,"featured_media":27079,"parent":0,"menu_order":0,"comment_status":"closed","ping_status":"closed","template":"","meta":{"_bbp_topic_count":0,"_bbp_reply_count":0,"_bbp_total_topic_count":0,"_bbp_total_reply_count":0,"_bbp_voice_count":0,"_bbp_anonymous_reply_count":0,"_bbp_topic_count_hidden":0,"_bbp_reply_count_hidden":0,"_bbp_forum_subforum_count":0,"jetpack_post_was_ever_published":false,"footnotes":""},"class_list":["post-27078","page","type-page","status-publish","has-post-thumbnail","hentry","nodate","item-wrap"],"jetpack_sharing_enabled":true,"jetpack_shortlink":"https:\/\/wp.me\/P3vhfJ-72K","jetpack_likes_enabled":true,"_links":{"self":[{"href":"https:\/\/unser-quartier.de\/stadt-bergheim\/wp-json\/wp\/v2\/pages\/27078","targetHints":{"allow":["GET"]}}],"collection":[{"href":"https:\/\/unser-quartier.de\/stadt-bergheim\/wp-json\/wp\/v2\/pages"}],"about":[{"href":"https:\/\/unser-quartier.de\/stadt-bergheim\/wp-json\/wp\/v2\/types\/page"}],"author":[{"embeddable":true,"href":"https:\/\/unser-quartier.de\/stadt-bergheim\/wp-json\/wp\/v2\/users\/48"}],"replies":[{"embeddable":true,"href":"https:\/\/unser-quartier.de\/stadt-bergheim\/wp-json\/wp\/v2\/comments?post=27078"}],"version-history":[{"count":0,"href":"https:\/\/unser-quartier.de\/stadt-bergheim\/wp-json\/wp\/v2\/pages\/27078\/revisions"}],"wp:featuredmedia":[{"embeddable":true,"href":"https:\/\/unser-quartier.de\/stadt-bergheim\/wp-json\/wp\/v2\/media\/27079"}],"wp:attachment":[{"href":"https:\/\/unser-quartier.de\/stadt-bergheim\/wp-json\/wp\/v2\/media?parent=27078"}],"curies":[{"name":"wp","href":"https:\/\/api.w.org\/{rel}","templated":true}]}}

Türchen 16

<p><span style="font-size: 16px;"><img data-recalc-dims="1" loading="lazy" decoding="async" data-attachment-id="27079" data-permalink="https://unser-quartier.de/stadt-bergheim/tuerchen-16/0a2bf277-ada2-4657-9ef2-3ad62247386e/" data-orig-file="https://i0.wp.com/unser-quartier.de/stadt-bergheim/files/2018/12/0A2BF277-ADA2-4657-9EF2-3AD62247386E.jpeg?fit=750%2C467&amp;ssl=1" data-orig-size="750,467" data-comments-opened="0" data-image-meta="{&quot;aperture&quot;:&quot;0&quot;,&quot;credit&quot;:&quot;&quot;,&quot;camera&quot;:&quot;&quot;,&quot;caption&quot;:&quot;&quot;,&quot;created_timestamp&quot;:&quot;0&quot;,&quot;copyright&quot;:&quot;&quot;,&quot;focal_length&quot;:&quot;0&quot;,&quot;iso&quot;:&quot;0&quot;,&quot;shutter_speed&quot;:&quot;0&quot;,&quot;title&quot;:&quot;&quot;,&quot;orientation&quot;:&quot;1&quot;}" data-image-title="0A2BF277-ADA2-4657-9EF2-3AD62247386E" data-image-description="" data-image-caption="" data-medium-file="https://i0.wp.com/unser-quartier.de/stadt-bergheim/files/2018/12/0A2BF277-ADA2-4657-9EF2-3AD62247386E.jpeg?fit=300%2C187&amp;ssl=1" data-large-file="https://i0.wp.com/unser-quartier.de/stadt-bergheim/files/2018/12/0A2BF277-ADA2-4657-9EF2-3AD62247386E.jpeg?fit=750%2C467&amp;ssl=1" class="size-medium wp-image-27079 aligncenter" src="https://i0.wp.com/unser-quartier.de/stadt-bergheim/files/2018/12/0A2BF277-ADA2-4657-9EF2-3AD62247386E.jpeg?resize=300%2C187&#038;ssl=1" alt="" width="300" height="187" srcset="https://i0.wp.com/unser-quartier.de/stadt-bergheim/files/2018/12/0A2BF277-ADA2-4657-9EF2-3AD62247386E.jpeg?resize=300%2C187&amp;ssl=1 300w, https://i0.wp.com/unser-quartier.de/stadt-bergheim/files/2018/12/0A2BF277-ADA2-4657-9EF2-3AD62247386E.jpeg?resize=150%2C93&amp;ssl=1 150w, https://i0.wp.com/unser-quartier.de/stadt-bergheim/files/2018/12/0A2BF277-ADA2-4657-9EF2-3AD62247386E.jpeg?w=750&amp;ssl=1 750w" sizes="auto, (max-width: 300px) 100vw, 300px" /></span></p>
<p style="text-align: center;"><strong><span style="font-family: arial,helvetica,sans-serif; font-size: 20px;">Das Türchen 16 ist geöffnet &#8230;</span></strong></p>
<p style="text-align: center;"><strong><span style="color: #008000; font-family: arial,helvetica,sans-serif; font-size: 20px;">Zum dritten Advent machen wir die dritte Kerze an und lesen ein Gedicht von</span></strong></p>
<p style="text-align: center;"><strong><span style="color: #008000; font-family: arial,helvetica,sans-serif; font-size: 20px;">Johann Wolfgang von Goethe</span></strong></p>
<p style="text-align: center;">
<p style="text-align: center;"><span style="font-family: arial,helvetica,sans-serif; font-size: 20px;">*Bäume leuchtend&#8230;*</span><span style="font-family: arial,helvetica,sans-serif; font-size: 20px;">.</span><br />
<span style="font-family: arial,helvetica,sans-serif; font-size: 20px;">Bäume leuchtend, Bäume blendend,<br />
</span><span style="font-family: arial,helvetica,sans-serif; font-size: 20px;">Überall das Süße spendend.<br />
</span><span style="font-family: arial,helvetica,sans-serif; font-size: 20px;">In dem Glanze sich bewegend,<br />
</span><span style="font-family: arial,helvetica,sans-serif; font-size: 20px;"> Alt und junges Herz erregend –<br />
</span><span style="font-family: arial,helvetica,sans-serif; font-size: 20px;">Solch ein Fest ist uns bescheret.</span><br />
<span style="font-family: arial,helvetica,sans-serif; font-size: 20px;">Mancher Gaben Schmuck verehret;</span><br />
<span style="font-family: arial,helvetica,sans-serif; font-size: 20px;">Staunend schaun wir auf und nieder, Hin und Her und immer wieder.</span><br />
<span style="font-family: arial,helvetica,sans-serif; font-size: 20px;">Aber, Fürst, wenn dir’s begegnet</span><br />
<span style="font-family: arial,helvetica,sans-serif; font-size: 20px;">Und ein Abend so dich segnet,</span><br />
<span style="font-family: arial,helvetica,sans-serif; font-size: 20px;">Dass als Lichter, dass als Flammen</span><br />
<span style="font-family: arial,helvetica,sans-serif; font-size: 20px;">Von dir glänzten all zusammen</span><br />
<span style="font-family: arial,helvetica,sans-serif; font-size: 20px;">Alles, was du ausgerichtet,</span><br />
<span style="font-family: arial,helvetica,sans-serif; font-size: 20px;">Alle, die sich dir verpflichtet:</span><br />
<span style="font-family: arial,helvetica,sans-serif; font-size: 20px;">Mit erhöhten Geistesblicken</span><br />
<span style="font-family: arial,helvetica,sans-serif; font-size: 20px;">Fühltest herrliches Entzücken.</span><br />
<span style="font-family: arial,helvetica,sans-serif; font-size: 20px;">.</span><br />
<span style="font-family: arial, helvetica, sans-serif; font-size: 20px;">(Johann Wolfgang von Goethe)</span></p>
<p><span style="font-size: 16px;"><img data-recalc-dims="1" loading="lazy" decoding="async" data-attachment-id="27080" data-permalink="https://unser-quartier.de/stadt-bergheim/tuerchen-16/eb4f686a-7ff1-4e4e-bab6-647fa6b60861/" data-orig-file="https://i0.wp.com/unser-quartier.de/stadt-bergheim/files/2018/12/EB4F686A-7FF1-4E4E-BAB6-647FA6B60861.jpeg?fit=1024%2C640&amp;ssl=1" data-orig-size="1024,640" data-comments-opened="0" data-image-meta="{&quot;aperture&quot;:&quot;0&quot;,&quot;credit&quot;:&quot;&quot;,&quot;camera&quot;:&quot;&quot;,&quot;caption&quot;:&quot;&quot;,&quot;created_timestamp&quot;:&quot;0&quot;,&quot;copyright&quot;:&quot;&quot;,&quot;focal_length&quot;:&quot;0&quot;,&quot;iso&quot;:&quot;0&quot;,&quot;shutter_speed&quot;:&quot;0&quot;,&quot;title&quot;:&quot;&quot;,&quot;orientation&quot;:&quot;0&quot;}" data-image-title="EB4F686A-7FF1-4E4E-BAB6-647FA6B60861" data-image-description="" data-image-caption="" data-medium-file="https://i0.wp.com/unser-quartier.de/stadt-bergheim/files/2018/12/EB4F686A-7FF1-4E4E-BAB6-647FA6B60861.jpeg?fit=300%2C188&amp;ssl=1" data-large-file="https://i0.wp.com/unser-quartier.de/stadt-bergheim/files/2018/12/EB4F686A-7FF1-4E4E-BAB6-647FA6B60861.jpeg?fit=770%2C481&amp;ssl=1" class="size-medium wp-image-27080 aligncenter" src="https://i0.wp.com/unser-quartier.de/stadt-bergheim/files/2018/12/EB4F686A-7FF1-4E4E-BAB6-647FA6B60861.jpeg?resize=300%2C188&#038;ssl=1" alt="" width="300" height="188" srcset="https://i0.wp.com/unser-quartier.de/stadt-bergheim/files/2018/12/EB4F686A-7FF1-4E4E-BAB6-647FA6B60861.jpeg?resize=300%2C188&amp;ssl=1 300w, https://i0.wp.com/unser-quartier.de/stadt-bergheim/files/2018/12/EB4F686A-7FF1-4E4E-BAB6-647FA6B60861.jpeg?resize=150%2C94&amp;ssl=1 150w, https://i0.wp.com/unser-quartier.de/stadt-bergheim/files/2018/12/EB4F686A-7FF1-4E4E-BAB6-647FA6B60861.jpeg?resize=768%2C480&amp;ssl=1 768w, https://i0.wp.com/unser-quartier.de/stadt-bergheim/files/2018/12/EB4F686A-7FF1-4E4E-BAB6-647FA6B60861.jpeg?w=1024&amp;ssl=1 1024w" sizes="auto, (max-width: 300px) 100vw, 300px" /></span></p>

</p>
<p style="text-align: center;"><strong>Das Türchen 16 ist geöffnet &#8230;</strong></p>
<p style="text-align: center;"><strong>Zum dritten Advent machen wir die dritte Kerze an und lesen ein Gedicht von</strong></p>
<p style="text-align: center;"><strong>Johann Wolfgang von Goethe</strong></p>
<p style="text-align: center;">
<p style="text-align: center;">*Bäume leuchtend&#8230;*. Bäume leuchtend, Bäume blendend, Überall das Süße spendend. In dem Glanze sich bewegend,  Alt und junges Herz &hellip; </p>
<p><a class="more-link btn" href="https://unser-quartier.de/stadt-bergheim/tuerchen-16/">Weiterlesen</a></p>
