{"id":27112,"date":"2018-12-16T20:45:33","date_gmt":"2018-12-16T19:45:33","guid":{"rendered":"https:\/\/unser-quartier.de\/stadt-bergheim\/?page_id=27112"},"modified":"2018-12-16T21:28:52","modified_gmt":"2018-12-16T20:28:52","slug":"tuerchen-17","status":"publish","type":"page","link":"https:\/\/unser-quartier.de\/stadt-bergheim\/tuerchen-17\/","title":{"rendered":"T\u00fcrchen 17"},"content":{"rendered":"<p><span style=\"font-size: 20px; font-family: arial, helvetica, sans-serif;\">Das T\u00fcrchen 17 ist ge\u00f6ffnet &#8230;<\/span><\/p>\n<p><span style=\"font-size: 20px; font-family: arial, helvetica, sans-serif;\"><img data-recalc-dims=\"1\" loading=\"lazy\" decoding=\"async\" data-attachment-id=\"27114\" data-permalink=\"https:\/\/unser-quartier.de\/stadt-bergheim\/tuerchen-17\/161a1b43-7de2-4e89-ab43-2497bb566167\/\" data-orig-file=\"https:\/\/i0.wp.com\/unser-quartier.de\/stadt-bergheim\/files\/2018\/12\/161A1B43-7DE2-4E89-AB43-2497BB566167.jpeg?fit=500%2C400&amp;ssl=1\" data-orig-size=\"500,400\" data-comments-opened=\"0\" data-image-meta=\"{&quot;aperture&quot;:&quot;0&quot;,&quot;credit&quot;:&quot;&quot;,&quot;camera&quot;:&quot;&quot;,&quot;caption&quot;:&quot;&quot;,&quot;created_timestamp&quot;:&quot;0&quot;,&quot;copyright&quot;:&quot;&quot;,&quot;focal_length&quot;:&quot;0&quot;,&quot;iso&quot;:&quot;0&quot;,&quot;shutter_speed&quot;:&quot;0&quot;,&quot;title&quot;:&quot;&quot;,&quot;orientation&quot;:&quot;0&quot;}\" data-image-title=\"161A1B43-7DE2-4E89-AB43-2497BB566167\" data-image-description=\"\" data-image-caption=\"\" data-medium-file=\"https:\/\/i0.wp.com\/unser-quartier.de\/stadt-bergheim\/files\/2018\/12\/161A1B43-7DE2-4E89-AB43-2497BB566167.jpeg?fit=300%2C240&amp;ssl=1\" data-large-file=\"https:\/\/i0.wp.com\/unser-quartier.de\/stadt-bergheim\/files\/2018\/12\/161A1B43-7DE2-4E89-AB43-2497BB566167.jpeg?fit=500%2C400&amp;ssl=1\" class=\"size-medium wp-image-27114 alignnone\" src=\"https:\/\/i0.wp.com\/unser-quartier.de\/stadt-bergheim\/files\/2018\/12\/161A1B43-7DE2-4E89-AB43-2497BB566167.jpeg?resize=300%2C240&#038;ssl=1\" alt=\"\" width=\"300\" height=\"240\" srcset=\"https:\/\/i0.wp.com\/unser-quartier.de\/stadt-bergheim\/files\/2018\/12\/161A1B43-7DE2-4E89-AB43-2497BB566167.jpeg?resize=300%2C240&amp;ssl=1 300w, https:\/\/i0.wp.com\/unser-quartier.de\/stadt-bergheim\/files\/2018\/12\/161A1B43-7DE2-4E89-AB43-2497BB566167.jpeg?resize=150%2C120&amp;ssl=1 150w, https:\/\/i0.wp.com\/unser-quartier.de\/stadt-bergheim\/files\/2018\/12\/161A1B43-7DE2-4E89-AB43-2497BB566167.jpeg?w=500&amp;ssl=1 500w\" sizes=\"auto, (max-width: 300px) 100vw, 300px\" \/><\/span><\/p>\n<p><span style=\"font-size: 20px; font-family: arial, helvetica, sans-serif;\">Hinter diesem T\u00fcrchen haben wir ein bisschen Entspannung versteckt: \u201eYoga f\u00fcr Weihnachtsm\u00e4nner\u201c (- und frauen nat\u00fcrlich!). Der Cartoonist Peter Gaymann (der mit den H\u00fchnern&#8230;) ist immer f\u00fcr einen Lacher gut. Mit diesen leicht abgewandelten \u00dcbungen aus dem Yoga bringen wir Sie gern ein bisschen runter, sei es denn auf die Turn-Matte. Bewegung h\u00e4lt fit und bei Laune, das k\u00f6nnen wir alle jetzt gebrauchen. Noch 8 Tage bis Weihnachten!!<\/span><\/p>\n<p>&nbsp;<\/p>\n","protected":false},"excerpt":{"rendered":"<p>Das T\u00fcrchen 17 ist ge\u00f6ffnet &#8230;<\/p>\n<\/p>\n<p>Hinter diesem T\u00fcrchen haben wir ein bisschen Entspannung versteckt: \u201eYoga f\u00fcr Weihnachtsm\u00e4nner\u201c (- und frauen nat\u00fcrlich!). Der Cartoonist Peter Gaymann (der mit den H\u00fchnern&#8230;) ist immer f\u00fcr einen Lacher gut. Mit diesen leicht abgewandelten \u00dcbungen aus dem Yoga bringen wir Sie gern ein bisschen runter, sei es denn &hellip; <\/p>\n<p><a class=\"more-link btn\" href=\"https:\/\/unser-quartier.de\/stadt-bergheim\/tuerchen-17\/\">Weiterlesen<\/a><\/p>\n","protected":false},"author":48,"featured_media":0,"parent":0,"menu_order":0,"comment_status":"closed","ping_status":"closed","template":"","meta":{"_bbp_topic_count":0,"_bbp_reply_count":0,"_bbp_total_topic_count":0,"_bbp_total_reply_count":0,"_bbp_voice_count":0,"_bbp_anonymous_reply_count":0,"_bbp_topic_count_hidden":0,"_bbp_reply_count_hidden":0,"_bbp_forum_subforum_count":0,"jetpack_post_was_ever_published":false,"footnotes":""},"class_list":["post-27112","page","type-page","status-publish","hentry","nodate","item-wrap"],"jetpack_sharing_enabled":true,"jetpack_shortlink":"https:\/\/wp.me\/P3vhfJ-73i","jetpack_likes_enabled":true,"_links":{"self":[{"href":"https:\/\/unser-quartier.de\/stadt-bergheim\/wp-json\/wp\/v2\/pages\/27112","targetHints":{"allow":["GET"]}}],"collection":[{"href":"https:\/\/unser-quartier.de\/stadt-bergheim\/wp-json\/wp\/v2\/pages"}],"about":[{"href":"https:\/\/unser-quartier.de\/stadt-bergheim\/wp-json\/wp\/v2\/types\/page"}],"author":[{"embeddable":true,"href":"https:\/\/unser-quartier.de\/stadt-bergheim\/wp-json\/wp\/v2\/users\/48"}],"replies":[{"embeddable":true,"href":"https:\/\/unser-quartier.de\/stadt-bergheim\/wp-json\/wp\/v2\/comments?post=27112"}],"version-history":[{"count":0,"href":"https:\/\/unser-quartier.de\/stadt-bergheim\/wp-json\/wp\/v2\/pages\/27112\/revisions"}],"wp:attachment":[{"href":"https:\/\/unser-quartier.de\/stadt-bergheim\/wp-json\/wp\/v2\/media?parent=27112"}],"curies":[{"name":"wp","href":"https:\/\/api.w.org\/{rel}","templated":true}]}}

Türchen 17

<p><span style="font-size: 20px; font-family: arial, helvetica, sans-serif;">Das Türchen 17 ist geöffnet &#8230;</span></p>
<p><span style="font-size: 20px; font-family: arial, helvetica, sans-serif;"><img data-recalc-dims="1" loading="lazy" decoding="async" data-attachment-id="27114" data-permalink="https://unser-quartier.de/stadt-bergheim/tuerchen-17/161a1b43-7de2-4e89-ab43-2497bb566167/" data-orig-file="https://i0.wp.com/unser-quartier.de/stadt-bergheim/files/2018/12/161A1B43-7DE2-4E89-AB43-2497BB566167.jpeg?fit=500%2C400&amp;ssl=1" data-orig-size="500,400" data-comments-opened="0" data-image-meta="{&quot;aperture&quot;:&quot;0&quot;,&quot;credit&quot;:&quot;&quot;,&quot;camera&quot;:&quot;&quot;,&quot;caption&quot;:&quot;&quot;,&quot;created_timestamp&quot;:&quot;0&quot;,&quot;copyright&quot;:&quot;&quot;,&quot;focal_length&quot;:&quot;0&quot;,&quot;iso&quot;:&quot;0&quot;,&quot;shutter_speed&quot;:&quot;0&quot;,&quot;title&quot;:&quot;&quot;,&quot;orientation&quot;:&quot;0&quot;}" data-image-title="161A1B43-7DE2-4E89-AB43-2497BB566167" data-image-description="" data-image-caption="" data-medium-file="https://i0.wp.com/unser-quartier.de/stadt-bergheim/files/2018/12/161A1B43-7DE2-4E89-AB43-2497BB566167.jpeg?fit=300%2C240&amp;ssl=1" data-large-file="https://i0.wp.com/unser-quartier.de/stadt-bergheim/files/2018/12/161A1B43-7DE2-4E89-AB43-2497BB566167.jpeg?fit=500%2C400&amp;ssl=1" class="size-medium wp-image-27114 alignnone" src="https://i0.wp.com/unser-quartier.de/stadt-bergheim/files/2018/12/161A1B43-7DE2-4E89-AB43-2497BB566167.jpeg?resize=300%2C240&#038;ssl=1" alt="" width="300" height="240" srcset="https://i0.wp.com/unser-quartier.de/stadt-bergheim/files/2018/12/161A1B43-7DE2-4E89-AB43-2497BB566167.jpeg?resize=300%2C240&amp;ssl=1 300w, https://i0.wp.com/unser-quartier.de/stadt-bergheim/files/2018/12/161A1B43-7DE2-4E89-AB43-2497BB566167.jpeg?resize=150%2C120&amp;ssl=1 150w, https://i0.wp.com/unser-quartier.de/stadt-bergheim/files/2018/12/161A1B43-7DE2-4E89-AB43-2497BB566167.jpeg?w=500&amp;ssl=1 500w" sizes="auto, (max-width: 300px) 100vw, 300px" /></span></p>
<p><span style="font-size: 20px; font-family: arial, helvetica, sans-serif;">Hinter diesem Türchen haben wir ein bisschen Entspannung versteckt: „Yoga für Weihnachtsmänner“ (- und frauen natürlich!). Der Cartoonist Peter Gaymann (der mit den Hühnern&#8230;) ist immer für einen Lacher gut. Mit diesen leicht abgewandelten Übungen aus dem Yoga bringen wir Sie gern ein bisschen runter, sei es denn auf die Turn-Matte. Bewegung hält fit und bei Laune, das können wir alle jetzt gebrauchen. Noch 8 Tage bis Weihnachten!!</span></p>
<p>&nbsp;</p>

<p>Das Türchen 17 ist geöffnet &#8230;</p>
</p>
<p>Hinter diesem Türchen haben wir ein bisschen Entspannung versteckt: „Yoga für Weihnachtsmänner“ (- und frauen natürlich!). Der Cartoonist Peter Gaymann (der mit den Hühnern&#8230;) ist immer für einen Lacher gut. Mit diesen leicht abgewandelten Übungen aus dem Yoga bringen wir Sie gern ein bisschen runter, sei es denn &hellip; </p>
<p><a class="more-link btn" href="https://unser-quartier.de/stadt-bergheim/tuerchen-17/">Weiterlesen</a></p>
