{"id":27119,"date":"2018-12-18T00:01:27","date_gmt":"2018-12-17T23:01:27","guid":{"rendered":"https:\/\/unser-quartier.de\/stadt-bergheim\/?page_id=27119"},"modified":"2018-12-13T17:46:07","modified_gmt":"2018-12-13T16:46:07","slug":"tuerchen-18","status":"publish","type":"page","link":"https:\/\/unser-quartier.de\/stadt-bergheim\/tuerchen-18\/","title":{"rendered":"T\u00fcrchen 18"},"content":{"rendered":"<p style=\"text-align: center;\"><span style=\"font-size: 20px; font-family: arial, helvetica, sans-serif;\">Das T\u00fcrchen 18 ist ge\u00f6ffnet &#8230;<\/span><\/p>\n<p><img data-recalc-dims=\"1\" loading=\"lazy\" decoding=\"async\" data-attachment-id=\"27120\" data-permalink=\"https:\/\/unser-quartier.de\/stadt-bergheim\/tuerchen-18\/schneeflocken-2\/\" data-orig-file=\"https:\/\/i0.wp.com\/unser-quartier.de\/stadt-bergheim\/files\/2018\/12\/Schneeflocken.jpg?fit=510%2C340&amp;ssl=1\" data-orig-size=\"510,340\" data-comments-opened=\"0\" data-image-meta=\"{&quot;aperture&quot;:&quot;0&quot;,&quot;credit&quot;:&quot;&quot;,&quot;camera&quot;:&quot;&quot;,&quot;caption&quot;:&quot;&quot;,&quot;created_timestamp&quot;:&quot;0&quot;,&quot;copyright&quot;:&quot;&quot;,&quot;focal_length&quot;:&quot;0&quot;,&quot;iso&quot;:&quot;0&quot;,&quot;shutter_speed&quot;:&quot;0&quot;,&quot;title&quot;:&quot;&quot;,&quot;orientation&quot;:&quot;0&quot;}\" data-image-title=\"Schneeflocken\" data-image-description=\"\" data-image-caption=\"\" data-medium-file=\"https:\/\/i0.wp.com\/unser-quartier.de\/stadt-bergheim\/files\/2018\/12\/Schneeflocken.jpg?fit=300%2C200&amp;ssl=1\" data-large-file=\"https:\/\/i0.wp.com\/unser-quartier.de\/stadt-bergheim\/files\/2018\/12\/Schneeflocken.jpg?fit=510%2C340&amp;ssl=1\" class=\"wp-image-27120 size-full aligncenter\" src=\"https:\/\/i0.wp.com\/unser-quartier.de\/stadt-bergheim\/files\/2018\/12\/Schneeflocken.jpg?resize=510%2C340&#038;ssl=1\" alt=\"\" width=\"510\" height=\"340\" srcset=\"https:\/\/i0.wp.com\/unser-quartier.de\/stadt-bergheim\/files\/2018\/12\/Schneeflocken.jpg?w=510&amp;ssl=1 510w, https:\/\/i0.wp.com\/unser-quartier.de\/stadt-bergheim\/files\/2018\/12\/Schneeflocken.jpg?resize=150%2C100&amp;ssl=1 150w, https:\/\/i0.wp.com\/unser-quartier.de\/stadt-bergheim\/files\/2018\/12\/Schneeflocken.jpg?resize=300%2C200&amp;ssl=1 300w\" sizes=\"auto, (max-width: 510px) 100vw, 510px\" \/><\/p>\n<div>\n<div class=\"gmail_default\" style=\"text-align: center;\"><span style=\"font-size: 20px; font-family: arial, helvetica, sans-serif;\"><b>Das w\u00e4re sch\u00f6n&#8230;<\/b><\/span><\/div>\n<div class=\"gmail_default\" style=\"text-align: center;\"><span style=\"font-size: 20px; font-family: arial, helvetica, sans-serif;\"><b>.<\/b><\/span><\/div>\n<div class=\"gmail_default\" style=\"text-align: center;\"><span style=\"font-size: 20px; font-family: arial, helvetica, sans-serif;\">Schneefl\u00f6ckchen, Wei\u00dfr\u00f6ckchen,<\/span><\/div>\n<div class=\"gmail_default\" style=\"text-align: center;\"><span style=\"font-size: 20px; font-family: arial, helvetica, sans-serif;\">wann kommst du geschneit;<\/span><\/div>\n<div class=\"gmail_default\" style=\"text-align: center;\"><span style=\"font-size: 20px; font-family: arial, helvetica, sans-serif;\">Du wohnst in den Wolken,<\/span><\/div>\n<div class=\"gmail_default\" style=\"text-align: center;\"><span style=\"font-size: 20px; font-family: arial, helvetica, sans-serif;\">dein Weg ist so weit.<\/span><\/div>\n<div class=\"gmail_default\" style=\"text-align: center;\"><span style=\"font-size: 20px; font-family: arial, helvetica, sans-serif;\">Komm setz dich ans Fenster,<\/span><\/div>\n<div class=\"gmail_default\" style=\"text-align: center;\"><span style=\"font-size: 20px; font-family: arial, helvetica, sans-serif;\">du lieblicher Stern;<\/span><\/div>\n<div class=\"gmail_default\" style=\"text-align: center;\"><span style=\"font-size: 20px; font-family: arial, helvetica, sans-serif;\">malst Blumen und Bl\u00e4tter,<\/span><\/div>\n<div class=\"gmail_default\" style=\"text-align: center;\"><span style=\"font-size: 20px; font-family: arial, helvetica, sans-serif;\">wir haben dich gern.<\/span><\/div>\n<div class=\"gmail_default\" style=\"text-align: center;\"><span style=\"font-size: 20px; font-family: arial, helvetica, sans-serif;\">Schneefl\u00f6ckchen, du deckst uns<\/span><\/div>\n<div class=\"gmail_default\" style=\"text-align: center;\"><span style=\"font-size: 20px; font-family: arial, helvetica, sans-serif;\">die\u00a0Bl\u00fcmelein\u00a0zu,<\/span><\/div>\n<div class=\"gmail_default\" style=\"text-align: center;\"><span style=\"font-size: 20px; font-family: arial, helvetica, sans-serif;\">dann schlafen sie sicher<\/span><\/div>\n<div class=\"gmail_default\" style=\"text-align: center;\"><span style=\"font-size: 20px; font-family: arial, helvetica, sans-serif;\">in himmlischer Ruh\u2018.<\/span><\/div>\n<div class=\"gmail_default\" style=\"text-align: center;\"><span style=\"font-size: 20px; font-family: arial, helvetica, sans-serif;\">Schneefl\u00f6ckchen, Wei\u00dfr\u00f6ckchen,<\/span><\/div>\n<div class=\"gmail_default\" style=\"text-align: center;\"><span style=\"font-size: 20px; font-family: arial, helvetica, sans-serif;\">komm zu uns ins Tal,<\/span><\/div>\n<div class=\"gmail_default\" style=\"text-align: center;\"><span style=\"font-size: 20px; font-family: arial, helvetica, sans-serif;\">dann\u00a0bau\u2019n\u00a0wir \u2019nen Schneemann<\/span><\/div>\n<div class=\"gmail_default\" style=\"text-align: center;\"><span style=\"font-size: 20px; font-family: arial, helvetica, sans-serif;\">und werfen den Ball.<\/span><\/div>\n<div style=\"text-align: center;\"><\/div>\n<div class=\"gmail_default\" style=\"text-align: center;\"><span style=\"font-size: 20px; font-family: arial, helvetica, sans-serif;\">(Volksweise)<\/span><\/div>\n<\/div>\n","protected":false},"excerpt":{"rendered":"<p style=\"text-align: center;\">Das T\u00fcrchen 18 ist ge\u00f6ffnet &#8230;<\/p>\n<\/p>\n<p> Das w\u00e4re sch\u00f6n&#8230; . Schneefl\u00f6ckchen, Wei\u00dfr\u00f6ckchen, wann kommst du geschneit; Du wohnst in den Wolken, dein Weg ist so weit. Komm setz dich ans Fenster, du lieblicher Stern; malst Blumen und Bl\u00e4tter, wir haben dich gern. Schneefl\u00f6ckchen, du deckst uns die\u00a0Bl\u00fcmelein\u00a0zu, dann schlafen sie sicher in &hellip; <\/p>\n<p><a class=\"more-link btn\" href=\"https:\/\/unser-quartier.de\/stadt-bergheim\/tuerchen-18\/\">Weiterlesen<\/a><\/p>\n","protected":false},"author":48,"featured_media":27120,"parent":0,"menu_order":0,"comment_status":"closed","ping_status":"closed","template":"","meta":{"_bbp_topic_count":0,"_bbp_reply_count":0,"_bbp_total_topic_count":0,"_bbp_total_reply_count":0,"_bbp_voice_count":0,"_bbp_anonymous_reply_count":0,"_bbp_topic_count_hidden":0,"_bbp_reply_count_hidden":0,"_bbp_forum_subforum_count":0,"jetpack_post_was_ever_published":false,"footnotes":""},"class_list":["post-27119","page","type-page","status-publish","has-post-thumbnail","hentry","nodate","item-wrap"],"jetpack_sharing_enabled":true,"jetpack_shortlink":"https:\/\/wp.me\/P3vhfJ-73p","jetpack_likes_enabled":true,"_links":{"self":[{"href":"https:\/\/unser-quartier.de\/stadt-bergheim\/wp-json\/wp\/v2\/pages\/27119","targetHints":{"allow":["GET"]}}],"collection":[{"href":"https:\/\/unser-quartier.de\/stadt-bergheim\/wp-json\/wp\/v2\/pages"}],"about":[{"href":"https:\/\/unser-quartier.de\/stadt-bergheim\/wp-json\/wp\/v2\/types\/page"}],"author":[{"embeddable":true,"href":"https:\/\/unser-quartier.de\/stadt-bergheim\/wp-json\/wp\/v2\/users\/48"}],"replies":[{"embeddable":true,"href":"https:\/\/unser-quartier.de\/stadt-bergheim\/wp-json\/wp\/v2\/comments?post=27119"}],"version-history":[{"count":0,"href":"https:\/\/unser-quartier.de\/stadt-bergheim\/wp-json\/wp\/v2\/pages\/27119\/revisions"}],"wp:featuredmedia":[{"embeddable":true,"href":"https:\/\/unser-quartier.de\/stadt-bergheim\/wp-json\/wp\/v2\/media\/27120"}],"wp:attachment":[{"href":"https:\/\/unser-quartier.de\/stadt-bergheim\/wp-json\/wp\/v2\/media?parent=27119"}],"curies":[{"name":"wp","href":"https:\/\/api.w.org\/{rel}","templated":true}]}}

Türchen 18

<p style="text-align: center;"><span style="font-size: 20px; font-family: arial, helvetica, sans-serif;">Das Türchen 18 ist geöffnet &#8230;</span></p>
<p><img data-recalc-dims="1" loading="lazy" decoding="async" data-attachment-id="27120" data-permalink="https://unser-quartier.de/stadt-bergheim/tuerchen-18/schneeflocken-2/" data-orig-file="https://i0.wp.com/unser-quartier.de/stadt-bergheim/files/2018/12/Schneeflocken.jpg?fit=510%2C340&amp;ssl=1" data-orig-size="510,340" data-comments-opened="0" data-image-meta="{&quot;aperture&quot;:&quot;0&quot;,&quot;credit&quot;:&quot;&quot;,&quot;camera&quot;:&quot;&quot;,&quot;caption&quot;:&quot;&quot;,&quot;created_timestamp&quot;:&quot;0&quot;,&quot;copyright&quot;:&quot;&quot;,&quot;focal_length&quot;:&quot;0&quot;,&quot;iso&quot;:&quot;0&quot;,&quot;shutter_speed&quot;:&quot;0&quot;,&quot;title&quot;:&quot;&quot;,&quot;orientation&quot;:&quot;0&quot;}" data-image-title="Schneeflocken" data-image-description="" data-image-caption="" data-medium-file="https://i0.wp.com/unser-quartier.de/stadt-bergheim/files/2018/12/Schneeflocken.jpg?fit=300%2C200&amp;ssl=1" data-large-file="https://i0.wp.com/unser-quartier.de/stadt-bergheim/files/2018/12/Schneeflocken.jpg?fit=510%2C340&amp;ssl=1" class="wp-image-27120 size-full aligncenter" src="https://i0.wp.com/unser-quartier.de/stadt-bergheim/files/2018/12/Schneeflocken.jpg?resize=510%2C340&#038;ssl=1" alt="" width="510" height="340" srcset="https://i0.wp.com/unser-quartier.de/stadt-bergheim/files/2018/12/Schneeflocken.jpg?w=510&amp;ssl=1 510w, https://i0.wp.com/unser-quartier.de/stadt-bergheim/files/2018/12/Schneeflocken.jpg?resize=150%2C100&amp;ssl=1 150w, https://i0.wp.com/unser-quartier.de/stadt-bergheim/files/2018/12/Schneeflocken.jpg?resize=300%2C200&amp;ssl=1 300w" sizes="auto, (max-width: 510px) 100vw, 510px" /></p>
<div>
<div class="gmail_default" style="text-align: center;"><span style="font-size: 20px; font-family: arial, helvetica, sans-serif;"><b>Das wäre schön&#8230;</b></span></div>
<div class="gmail_default" style="text-align: center;"><span style="font-size: 20px; font-family: arial, helvetica, sans-serif;"><b>.</b></span></div>
<div class="gmail_default" style="text-align: center;"><span style="font-size: 20px; font-family: arial, helvetica, sans-serif;">Schneeflöckchen, Weißröckchen,</span></div>
<div class="gmail_default" style="text-align: center;"><span style="font-size: 20px; font-family: arial, helvetica, sans-serif;">wann kommst du geschneit;</span></div>
<div class="gmail_default" style="text-align: center;"><span style="font-size: 20px; font-family: arial, helvetica, sans-serif;">Du wohnst in den Wolken,</span></div>
<div class="gmail_default" style="text-align: center;"><span style="font-size: 20px; font-family: arial, helvetica, sans-serif;">dein Weg ist so weit.</span></div>
<div class="gmail_default" style="text-align: center;"><span style="font-size: 20px; font-family: arial, helvetica, sans-serif;">Komm setz dich ans Fenster,</span></div>
<div class="gmail_default" style="text-align: center;"><span style="font-size: 20px; font-family: arial, helvetica, sans-serif;">du lieblicher Stern;</span></div>
<div class="gmail_default" style="text-align: center;"><span style="font-size: 20px; font-family: arial, helvetica, sans-serif;">malst Blumen und Blätter,</span></div>
<div class="gmail_default" style="text-align: center;"><span style="font-size: 20px; font-family: arial, helvetica, sans-serif;">wir haben dich gern.</span></div>
<div class="gmail_default" style="text-align: center;"><span style="font-size: 20px; font-family: arial, helvetica, sans-serif;">Schneeflöckchen, du deckst uns</span></div>
<div class="gmail_default" style="text-align: center;"><span style="font-size: 20px; font-family: arial, helvetica, sans-serif;">die Blümelein zu,</span></div>
<div class="gmail_default" style="text-align: center;"><span style="font-size: 20px; font-family: arial, helvetica, sans-serif;">dann schlafen sie sicher</span></div>
<div class="gmail_default" style="text-align: center;"><span style="font-size: 20px; font-family: arial, helvetica, sans-serif;">in himmlischer Ruh‘.</span></div>
<div class="gmail_default" style="text-align: center;"><span style="font-size: 20px; font-family: arial, helvetica, sans-serif;">Schneeflöckchen, Weißröckchen,</span></div>
<div class="gmail_default" style="text-align: center;"><span style="font-size: 20px; font-family: arial, helvetica, sans-serif;">komm zu uns ins Tal,</span></div>
<div class="gmail_default" style="text-align: center;"><span style="font-size: 20px; font-family: arial, helvetica, sans-serif;">dann bau’n wir ’nen Schneemann</span></div>
<div class="gmail_default" style="text-align: center;"><span style="font-size: 20px; font-family: arial, helvetica, sans-serif;">und werfen den Ball.</span></div>
<div style="text-align: center;"></div>
<div class="gmail_default" style="text-align: center;"><span style="font-size: 20px; font-family: arial, helvetica, sans-serif;">(Volksweise)</span></div>
</div>

<p style="text-align: center;">Das Türchen 18 ist geöffnet &#8230;</p>
</p>
<p> Das wäre schön&#8230; . Schneeflöckchen, Weißröckchen, wann kommst du geschneit; Du wohnst in den Wolken, dein Weg ist so weit. Komm setz dich ans Fenster, du lieblicher Stern; malst Blumen und Blätter, wir haben dich gern. Schneeflöckchen, du deckst uns die Blümelein zu, dann schlafen sie sicher in &hellip; </p>
<p><a class="more-link btn" href="https://unser-quartier.de/stadt-bergheim/tuerchen-18/">Weiterlesen</a></p>
