{"id":28,"date":"2012-05-05T13:15:48","date_gmt":"2012-05-05T11:15:48","guid":{"rendered":"http:\/\/unser-quartier.de\/tmp-musterblog\/?page_id=28"},"modified":"2019-08-09T18:33:00","modified_gmt":"2019-08-09T16:33:00","slug":"startseite","status":"publish","type":"page","link":"https:\/\/unser-quartier.de\/stadt-bergheim\/","title":{"rendered":"Home"},"content":{"rendered":"<div id=\"pl-28\" class=\"panel-layout\">\n<div id=\"pg-28-0\" class=\"panel-grid panel-no-style\">\n<div id=\"pgc-28-0-0\" class=\"panel-grid-cell\">\n<div id=\"panel-28-0-0-0\" class=\"so-panel widget widget_siteorigin-panels-postloop panel-first-child panel-last-child\"><span style=\"font-family: arial,helvetica,sans-serif;font-size: 20px\"><strong><span style=\"color: #000080\">Seniorenportal Bergheim<\/span>\u00a0<\/strong><\/span><strong><span style=\"font-family: arial,helvetica,sans-serif;font-size: 20px\">\u00a0<\/span>(<\/strong><strong>Gemeinsam geht\u2019s besser)<br \/>\n<\/strong><strong>Hier sind Sie richtig, wenn Sie etwas zum Thema \u00c4lterwerden suchen. Unser Onlineteam sammelt f\u00fcr Sie <a href=\"https:\/\/unser-quartier.de\/stadt-bergheim\/aktuelles-2\/\">Aktuelles<\/a> und <a href=\"https:\/\/unser-quartier.de\/stadt-bergheim\/veranstaltungen\/\">Veranstaltungstipps<\/a>, praktische Informationen zu <a href=\"https:\/\/unser-quartier.de\/stadt-bergheim\/category\/allgemein\/\">Themen <\/a>wie Wohnen, Gesundheit, Freizeit und freiwilliges Engagement. Unser breites Netzwerk an Partnern finden Sie unter <a href=\"https:\/\/unser-quartier.de\/stadt-bergheim\/informationen\/\">Akteure in BM<\/a>\u00a0und n\u00fctzliche Infos zum Nachschlagen in unserer <a href=\"https:\/\/unser-quartier.de\/stadt-bergheim\/infothek\/\">Infothek<\/a>.<\/strong>\u00a0<strong>Nutzen Sie die vielf\u00e4ltigen M\u00f6glichkeiten und machen Sie selbst mit! <\/strong><\/div>\n<div class=\"so-panel widget widget_siteorigin-panels-postloop panel-first-child panel-last-child\"><strong>Ihr Online-Team<br \/>\n<\/strong><\/div>\n<\/div>\n<\/div>\n<div id=\"pg-28-1\" class=\"panel-grid panel-no-style\">\n<div id=\"pgc-28-1-0\" class=\"panel-grid-cell\">\n<div id=\"panel-28-1-0-0\" class=\"so-panel widget widget_sow-editor panel-first-child panel-last-child\">\n<div class=\"so-widget-sow-editor so-widget-sow-editor-base\">\n<div class=\"siteorigin-widget-tinymce textwidget\">\n<div>.<\/div>\n<div class=\"alignnone\"><strong><a href=\"https:\/\/unser-quartier.de\/stadt-bergheim\/datenschutzerklaerung\/\">Hier geht es zur Datenschutzerkl\u00e4rung<\/a><br \/>\n<\/strong><\/div>\n<div>.<\/div>\n<div>Ab hier jetzt Beitr\u00e4ge &#8230;<br \/>\n.<br \/>\n<button id=\"listenButton1\" class=\"responsivevoice-button\" type=\"button\" value=\"Play\" title=\"ResponsiveVoice Tap to Start\/Stop Speech\"><span>&#128266; Home-Seite und Beitr\u00e4ge vorlesen lassen<\/span><\/button>\n        <script>\n            listenButton1.onclick = function(){\n                if(responsiveVoice.isPlaying()){\n                    responsiveVoice.cancel();\n                }else{\n                    responsiveVoice.speak(\"Seniorenportal Bergheim\u00a0\u00a0(Gemeinsam geht\u2019s besser) Hier sind Sie richtig, wenn Sie etwas zum Thema \u00c4lterwerden suchen. Unser Onlineteam sammelt f\u00fcr Sie Aktuelles und Veranstaltungstipps, praktische Informationen zu Themen wie Wohnen, Gesundheit, Freizeit und freiwilliges Engagement. Unser breites Netzwerk an Partnern finden Sie unter Akteure in BM\u00a0und n\u00fctzliche Infos zum Nachschlagen in unserer Infothek.\u00a0Nutzen Sie die vielf\u00e4ltigen M\u00f6glichkeiten und machen Sie selbst mit! Ihr Online-Team . Hier geht es zur Datenschutzerkl\u00e4rung . Ab hier jetzt Beitr\u00e4ge ... .\", \"Deutsch Female\");\n                }\n            };\n        <\/script>\n    <\/div>\n<\/div>\n<\/div>\n<\/div>\n<\/div>\n<\/div>\n<\/div>\n","protected":false},"excerpt":{"rendered":"<p><strong>Seniorenportal Bergheim\u00a0<\/strong><strong>\u00a0(<\/strong><strong>Gemeinsam geht\u2019s besser) <\/strong><strong>Hier sind Sie richtig, wenn Sie etwas zum Thema \u00c4lterwerden suchen. Unser Onlineteam sammelt f\u00fcr Sie Aktuelles und Veranstaltungstipps, praktische Informationen zu Themen wie Wohnen, Gesundheit, Freizeit und freiwilliges Engagement. Unser breites Netzwerk an Partnern finden Sie unter Akteure in BM\u00a0und n\u00fctzliche Infos zum Nachschlagen in unserer Infothek.<\/strong>\u00a0<strong>Nutzen Sie die vielf\u00e4ltigen &hellip; <\/p>\n<p><a class=\"more-link btn\" href=\"https:\/\/unser-quartier.de\/stadt-bergheim\/\">Weiterlesen<\/a><\/p>\n<p><\/strong><\/p>\n","protected":false},"author":48,"featured_media":0,"parent":0,"menu_order":7,"comment_status":"closed","ping_status":"closed","template":"","meta":{"_bbp_topic_count":0,"_bbp_reply_count":0,"_bbp_total_topic_count":0,"_bbp_total_reply_count":0,"_bbp_voice_count":0,"_bbp_anonymous_reply_count":0,"_bbp_topic_count_hidden":0,"_bbp_reply_count_hidden":0,"_bbp_forum_subforum_count":0,"jetpack_post_was_ever_published":false,"footnotes":""},"class_list":["post-28","page","type-page","status-publish","hentry","nodate","item-wrap"],"jetpack_sharing_enabled":true,"jetpack_shortlink":"https:\/\/wp.me\/P3vhfJ-s","jetpack_likes_enabled":true,"_links":{"self":[{"href":"https:\/\/unser-quartier.de\/stadt-bergheim\/wp-json\/wp\/v2\/pages\/28","targetHints":{"allow":["GET"]}}],"collection":[{"href":"https:\/\/unser-quartier.de\/stadt-bergheim\/wp-json\/wp\/v2\/pages"}],"about":[{"href":"https:\/\/unser-quartier.de\/stadt-bergheim\/wp-json\/wp\/v2\/types\/page"}],"author":[{"embeddable":true,"href":"https:\/\/unser-quartier.de\/stadt-bergheim\/wp-json\/wp\/v2\/users\/48"}],"replies":[{"embeddable":true,"href":"https:\/\/unser-quartier.de\/stadt-bergheim\/wp-json\/wp\/v2\/comments?post=28"}],"version-history":[{"count":0,"href":"https:\/\/unser-quartier.de\/stadt-bergheim\/wp-json\/wp\/v2\/pages\/28\/revisions"}],"wp:attachment":[{"href":"https:\/\/unser-quartier.de\/stadt-bergheim\/wp-json\/wp\/v2\/media?parent=28"}],"curies":[{"name":"wp","href":"https:\/\/api.w.org\/{rel}","templated":true}]}}