{"id":2890,"date":"2014-06-23T10:16:22","date_gmt":"2014-06-23T08:16:22","guid":{"rendered":"http:\/\/unser-quartier.de\/stadt-bergheim\/?page_id=2890"},"modified":"2015-04-26T16:27:58","modified_gmt":"2015-04-26T14:27:58","slug":"stadtfuehrungen","status":"publish","type":"page","link":"https:\/\/unser-quartier.de\/stadt-bergheim\/informationen\/untermenue-3\/stadtfuehrungen\/","title":{"rendered":"Stadtf\u00fchrungen&#8230;"},"content":{"rendered":"<div><span style=\"font-size: 12pt\"><span style=\"font-size: 12pt\"><span style=\"font-size: 12pt\"><span style=\"font-size: 12pt\"><span style=\"font-size: 12pt\"><img data-recalc-dims=\"1\" loading=\"lazy\" decoding=\"async\" data-attachment-id=\"254\" data-permalink=\"https:\/\/unser-quartier.de\/stadt-bergheim\/startseite\/bilder\/bergheim-mitte\/bildergalerie1\/aachener_tor_2008\/\" data-orig-file=\"https:\/\/i0.wp.com\/unser-quartier.de\/stadt-bergheim\/files\/2013\/04\/aachener_tor_2008.jpg?fit=130%2C119&amp;ssl=1\" data-orig-size=\"130,119\" data-comments-opened=\"0\" data-image-meta=\"{&quot;aperture&quot;:&quot;0&quot;,&quot;credit&quot;:&quot;&quot;,&quot;camera&quot;:&quot;&quot;,&quot;caption&quot;:&quot;&quot;,&quot;created_timestamp&quot;:&quot;0&quot;,&quot;copyright&quot;:&quot;&quot;,&quot;focal_length&quot;:&quot;0&quot;,&quot;iso&quot;:&quot;0&quot;,&quot;shutter_speed&quot;:&quot;0&quot;,&quot;title&quot;:&quot;&quot;}\" data-image-title=\"aachener_tor_2008\" data-image-description=\"\" data-image-caption=\"\" data-medium-file=\"https:\/\/i0.wp.com\/unser-quartier.de\/stadt-bergheim\/files\/2013\/04\/aachener_tor_2008.jpg?fit=130%2C119&amp;ssl=1\" data-large-file=\"https:\/\/i0.wp.com\/unser-quartier.de\/stadt-bergheim\/files\/2013\/04\/aachener_tor_2008.jpg?fit=130%2C119&amp;ssl=1\" class=\"alignleft wp-image-254 size-full\" src=\"https:\/\/i0.wp.com\/unser-quartier.de\/stadt-bergheim\/files\/2013\/04\/aachener_tor_2008.jpg?resize=130%2C119&#038;ssl=1\" alt=\"aachener_tor_2008\" width=\"130\" height=\"119\" \/>Bereits im 5. Jahr gibt es in Bergheim eine F\u00fchrung durch die Fu\u00dfg\u00e4ngerzone mit Besuch des j\u00fcdischen Friedhofs und weiterer sehenswerter Denkm\u00e4ler. Von M\u00e4rz bis Oktober, nach Ank\u00fcndigung in der Presse, am letzten Sonntag des Monats. Treffpunkt ist das Aachener Tor um 14.30 Uhr. Eine Anmeldung bei Frau Gahr bei der Wirtschaftsf\u00f6rderung in der Stadtverwaltung ist vorgeschrieben.<\/span><\/span><\/span><\/span><\/span>&nbsp;<\/p>\n<p><span style=\"font-size: 12pt\"><strong>Herr H\u00e9nocque<\/strong> wechselt sich\u00a0als F\u00fchrer mit Frau <strong>Machuj<\/strong> ab.<br \/>\n<\/span><br \/>\n<span style=\"font-size: 12pt\"> Der knapp 2-st\u00fcndige\u00a0Spaziergang ist kurzweilig und wird durch lustige Begebenheiten aus der Geschichte aufgelockert. Allerdings erfordert der Bodenbelag der Fu\u00dfg\u00e4ngerzone festes Schuhwerk und ist leider nicht immer barrierefrei.\u00a0<\/span><span style=\"font-size: 12pt\">Herr Knabben hat an einer Stadtf\u00fchrung mit Herr H\u00e9nocque teilgenommen und bedankt sich f\u00fcr die tollen Erkl\u00e4rungen.<\/span><span style=\"font-size: 12pt\">Wussten Sie das auf dem Brunnen vor der Kapelle, die Geschichte Bergheims als Spirale dargestellt ist?<br \/>\n<\/span><span style=\"font-size: 12pt\">Wussten Sie das mitten in der Stadt ein j\u00fcdischer Friedhof ist?<\/span><span style=\"font-size: 12pt\">Die Stadtf\u00fchrung ist zu empfehlen!<\/span><\/p>\n<\/div>\n<div><\/div>\n<div><\/div>\n<div><\/div>\n<div><\/div>\n<div><span style=\"font-size: 12pt\"><span style=\"font-size: 12pt\"><br \/>\n<\/span><\/span><img data-recalc-dims=\"1\" loading=\"lazy\" decoding=\"async\" data-attachment-id=\"593\" data-permalink=\"https:\/\/unser-quartier.de\/stadt-bergheim\/startseite\/bilder\/bergheim-mitte\/bildergalerie1\/attachment\/004\/\" data-orig-file=\"https:\/\/i0.wp.com\/unser-quartier.de\/stadt-bergheim\/files\/2013\/04\/004.jpg?fit=1024%2C768&amp;ssl=1\" data-orig-size=\"1024,768\" data-comments-opened=\"0\" data-image-meta=\"{&quot;aperture&quot;:&quot;2.7&quot;,&quot;credit&quot;:&quot;&quot;,&quot;camera&quot;:&quot;Canon IXUS 220HS&quot;,&quot;caption&quot;:&quot;&quot;,&quot;created_timestamp&quot;:&quot;1368863424&quot;,&quot;copyright&quot;:&quot;&quot;,&quot;focal_length&quot;:&quot;4.3&quot;,&quot;iso&quot;:&quot;100&quot;,&quot;shutter_speed&quot;:&quot;0.025&quot;,&quot;title&quot;:&quot;&quot;}\" data-image-title=\"004\" data-image-description=\"\" data-image-caption=\"\" data-medium-file=\"https:\/\/i0.wp.com\/unser-quartier.de\/stadt-bergheim\/files\/2013\/04\/004.jpg?fit=300%2C225&amp;ssl=1\" data-large-file=\"https:\/\/i0.wp.com\/unser-quartier.de\/stadt-bergheim\/files\/2013\/04\/004.jpg?fit=770%2C578&amp;ssl=1\" class=\"alignnone wp-image-593\" src=\"https:\/\/i0.wp.com\/unser-quartier.de\/stadt-bergheim\/files\/2013\/04\/004.jpg?resize=134%2C122&#038;ssl=1\" alt=\"004\" width=\"134\" height=\"122\" \/><\/div>\n<div><span style=\"font-size: 12pt\"><span style=\"font-size: 12pt\"><img data-recalc-dims=\"1\" loading=\"lazy\" decoding=\"async\" data-attachment-id=\"692\" data-permalink=\"https:\/\/unser-quartier.de\/stadt-bergheim\/startseite\/bilder\/bergheim-mitte\/bildergalerie2\/img_0912-2\/\" data-orig-file=\"https:\/\/i0.wp.com\/unser-quartier.de\/stadt-bergheim\/files\/2013\/05\/IMG_0912.jpg?fit=768%2C1024&amp;ssl=1\" data-orig-size=\"768,1024\" data-comments-opened=\"0\" data-image-meta=\"{&quot;aperture&quot;:&quot;2.4&quot;,&quot;credit&quot;:&quot;&quot;,&quot;camera&quot;:&quot;iPhone 4S&quot;,&quot;caption&quot;:&quot;&quot;,&quot;created_timestamp&quot;:&quot;1369211244&quot;,&quot;copyright&quot;:&quot;&quot;,&quot;focal_length&quot;:&quot;4.28&quot;,&quot;iso&quot;:&quot;64&quot;,&quot;shutter_speed&quot;:&quot;0.025&quot;,&quot;title&quot;:&quot;&quot;}\" data-image-title=\"IMG_0912\" data-image-description=\"\" data-image-caption=\"\" data-medium-file=\"https:\/\/i0.wp.com\/unser-quartier.de\/stadt-bergheim\/files\/2013\/05\/IMG_0912.jpg?fit=225%2C300&amp;ssl=1\" data-large-file=\"https:\/\/i0.wp.com\/unser-quartier.de\/stadt-bergheim\/files\/2013\/05\/IMG_0912.jpg?fit=768%2C1024&amp;ssl=1\" class=\"alignnone wp-image-692 size-thumbnail\" src=\"https:\/\/i0.wp.com\/unser-quartier.de\/stadt-bergheim\/files\/2013\/05\/IMG_0912.jpg?resize=112%2C150&#038;ssl=1\" alt=\"IMG_0912\" width=\"112\" height=\"150\" srcset=\"https:\/\/i0.wp.com\/unser-quartier.de\/stadt-bergheim\/files\/2013\/05\/IMG_0912.jpg?resize=112%2C150&amp;ssl=1 112w, https:\/\/i0.wp.com\/unser-quartier.de\/stadt-bergheim\/files\/2013\/05\/IMG_0912.jpg?resize=225%2C300&amp;ssl=1 225w, https:\/\/i0.wp.com\/unser-quartier.de\/stadt-bergheim\/files\/2013\/05\/IMG_0912.jpg?w=768&amp;ssl=1 768w\" sizes=\"auto, (max-width: 112px) 100vw, 112px\" \/><span style=\"font-size: 12pt\"><span style=\"font-size: 12pt\"><img data-recalc-dims=\"1\" loading=\"lazy\" decoding=\"async\" data-attachment-id=\"649\" data-permalink=\"https:\/\/unser-quartier.de\/stadt-bergheim\/startseite\/bilder\/bergheim-mitte\/bildergalerie1\/img_0914\/\" data-orig-file=\"https:\/\/i0.wp.com\/unser-quartier.de\/stadt-bergheim\/files\/2013\/04\/IMG_0914.jpg?fit=1024%2C768&amp;ssl=1\" data-orig-size=\"1024,768\" data-comments-opened=\"0\" data-image-meta=\"{&quot;aperture&quot;:&quot;2.4&quot;,&quot;credit&quot;:&quot;&quot;,&quot;camera&quot;:&quot;iPhone 4S&quot;,&quot;caption&quot;:&quot;&quot;,&quot;created_timestamp&quot;:&quot;1369211280&quot;,&quot;copyright&quot;:&quot;&quot;,&quot;focal_length&quot;:&quot;4.28&quot;,&quot;iso&quot;:&quot;64&quot;,&quot;shutter_speed&quot;:&quot;0.025&quot;,&quot;title&quot;:&quot;&quot;}\" data-image-title=\"IMG_0914\" data-image-description=\"\" data-image-caption=\"\" data-medium-file=\"https:\/\/i0.wp.com\/unser-quartier.de\/stadt-bergheim\/files\/2013\/04\/IMG_0914.jpg?fit=300%2C225&amp;ssl=1\" data-large-file=\"https:\/\/i0.wp.com\/unser-quartier.de\/stadt-bergheim\/files\/2013\/04\/IMG_0914.jpg?fit=770%2C578&amp;ssl=1\" class=\"alignnone wp-image-649\" src=\"https:\/\/i0.wp.com\/unser-quartier.de\/stadt-bergheim\/files\/2013\/04\/IMG_0914.jpg?resize=162%2C149&#038;ssl=1\" alt=\"IMG_0914\" width=\"162\" height=\"149\" \/><\/span><\/span><\/span><\/span><\/div>\n<p>&nbsp;<\/p>\n<p>&nbsp;<\/p>\n<p>&nbsp;<\/p>\n<p>&nbsp;<\/p>\n<p>&nbsp;<\/p>\n","protected":false},"excerpt":{"rendered":"<p>Bereits im 5. Jahr gibt es in Bergheim eine F\u00fchrung durch die Fu\u00dfg\u00e4ngerzone mit Besuch des j\u00fcdischen Friedhofs und weiterer sehenswerter Denkm\u00e4ler. Von M\u00e4rz bis Oktober, nach Ank\u00fcndigung in der Presse, am letzten Sonntag des Monats. Treffpunkt ist das Aachener Tor um 14.30 Uhr. Eine Anmeldung bei Frau Gahr bei der Wirtschaftsf\u00f6rderung in der Stadtverwaltung &hellip; <\/p>\n<p><a class=\"more-link btn\" href=\"https:\/\/unser-quartier.de\/stadt-bergheim\/informationen\/untermenue-3\/stadtfuehrungen\/\">Weiterlesen<\/a><\/p>\n","protected":false},"author":48,"featured_media":0,"parent":3336,"menu_order":3,"comment_status":"open","ping_status":"open","template":"","meta":{"_bbp_topic_count":0,"_bbp_reply_count":0,"_bbp_total_topic_count":0,"_bbp_total_reply_count":0,"_bbp_voice_count":0,"_bbp_anonymous_reply_count":0,"_bbp_topic_count_hidden":0,"_bbp_reply_count_hidden":0,"_bbp_forum_subforum_count":0,"jetpack_post_was_ever_published":false,"footnotes":""},"class_list":["post-2890","page","type-page","status-publish","hentry","nodate","item-wrap"],"jetpack_sharing_enabled":true,"jetpack_shortlink":"https:\/\/wp.me\/P3vhfJ-KC","jetpack_likes_enabled":true,"_links":{"self":[{"href":"https:\/\/unser-quartier.de\/stadt-bergheim\/wp-json\/wp\/v2\/pages\/2890","targetHints":{"allow":["GET"]}}],"collection":[{"href":"https:\/\/unser-quartier.de\/stadt-bergheim\/wp-json\/wp\/v2\/pages"}],"about":[{"href":"https:\/\/unser-quartier.de\/stadt-bergheim\/wp-json\/wp\/v2\/types\/page"}],"author":[{"embeddable":true,"href":"https:\/\/unser-quartier.de\/stadt-bergheim\/wp-json\/wp\/v2\/users\/48"}],"replies":[{"embeddable":true,"href":"https:\/\/unser-quartier.de\/stadt-bergheim\/wp-json\/wp\/v2\/comments?post=2890"}],"version-history":[{"count":0,"href":"https:\/\/unser-quartier.de\/stadt-bergheim\/wp-json\/wp\/v2\/pages\/2890\/revisions"}],"up":[{"embeddable":true,"href":"https:\/\/unser-quartier.de\/stadt-bergheim\/wp-json\/wp\/v2\/pages\/3336"}],"wp:attachment":[{"href":"https:\/\/unser-quartier.de\/stadt-bergheim\/wp-json\/wp\/v2\/media?parent=2890"}],"curies":[{"name":"wp","href":"https:\/\/api.w.org\/{rel}","templated":true}]}}

Stadtführungen&#8230;

<div><span style="font-size: 12pt"><span style="font-size: 12pt"><span style="font-size: 12pt"><span style="font-size: 12pt"><span style="font-size: 12pt"><img data-recalc-dims="1" loading="lazy" decoding="async" data-attachment-id="254" data-permalink="https://unser-quartier.de/stadt-bergheim/startseite/bilder/bergheim-mitte/bildergalerie1/aachener_tor_2008/" data-orig-file="https://i0.wp.com/unser-quartier.de/stadt-bergheim/files/2013/04/aachener_tor_2008.jpg?fit=130%2C119&amp;ssl=1" data-orig-size="130,119" data-comments-opened="0" data-image-meta="{&quot;aperture&quot;:&quot;0&quot;,&quot;credit&quot;:&quot;&quot;,&quot;camera&quot;:&quot;&quot;,&quot;caption&quot;:&quot;&quot;,&quot;created_timestamp&quot;:&quot;0&quot;,&quot;copyright&quot;:&quot;&quot;,&quot;focal_length&quot;:&quot;0&quot;,&quot;iso&quot;:&quot;0&quot;,&quot;shutter_speed&quot;:&quot;0&quot;,&quot;title&quot;:&quot;&quot;}" data-image-title="aachener_tor_2008" data-image-description="" data-image-caption="" data-medium-file="https://i0.wp.com/unser-quartier.de/stadt-bergheim/files/2013/04/aachener_tor_2008.jpg?fit=130%2C119&amp;ssl=1" data-large-file="https://i0.wp.com/unser-quartier.de/stadt-bergheim/files/2013/04/aachener_tor_2008.jpg?fit=130%2C119&amp;ssl=1" class="alignleft wp-image-254 size-full" src="https://i0.wp.com/unser-quartier.de/stadt-bergheim/files/2013/04/aachener_tor_2008.jpg?resize=130%2C119&#038;ssl=1" alt="aachener_tor_2008" width="130" height="119" />Bereits im 5. Jahr gibt es in Bergheim eine Führung durch die Fußgängerzone mit Besuch des jüdischen Friedhofs und weiterer sehenswerter Denkmäler. Von März bis Oktober, nach Ankündigung in der Presse, am letzten Sonntag des Monats. Treffpunkt ist das Aachener Tor um 14.30 Uhr. Eine Anmeldung bei Frau Gahr bei der Wirtschaftsförderung in der Stadtverwaltung ist vorgeschrieben.</span></span></span></span></span>&nbsp;</p>
<p><span style="font-size: 12pt"><strong>Herr Hénocque</strong> wechselt sich als Führer mit Frau <strong>Machuj</strong> ab.<br />
</span><br />
<span style="font-size: 12pt"> Der knapp 2-stündige Spaziergang ist kurzweilig und wird durch lustige Begebenheiten aus der Geschichte aufgelockert. Allerdings erfordert der Bodenbelag der Fußgängerzone festes Schuhwerk und ist leider nicht immer barrierefrei. </span><span style="font-size: 12pt">Herr Knabben hat an einer Stadtführung mit Herr Hénocque teilgenommen und bedankt sich für die tollen Erklärungen.</span><span style="font-size: 12pt">Wussten Sie das auf dem Brunnen vor der Kapelle, die Geschichte Bergheims als Spirale dargestellt ist?<br />
</span><span style="font-size: 12pt">Wussten Sie das mitten in der Stadt ein jüdischer Friedhof ist?</span><span style="font-size: 12pt">Die Stadtführung ist zu empfehlen!</span></p>
</div>
<div></div>
<div></div>
<div></div>
<div></div>
<div><span style="font-size: 12pt"><span style="font-size: 12pt"><br />
</span></span><img data-recalc-dims="1" loading="lazy" decoding="async" data-attachment-id="593" data-permalink="https://unser-quartier.de/stadt-bergheim/startseite/bilder/bergheim-mitte/bildergalerie1/attachment/004/" data-orig-file="https://i0.wp.com/unser-quartier.de/stadt-bergheim/files/2013/04/004.jpg?fit=1024%2C768&amp;ssl=1" data-orig-size="1024,768" data-comments-opened="0" data-image-meta="{&quot;aperture&quot;:&quot;2.7&quot;,&quot;credit&quot;:&quot;&quot;,&quot;camera&quot;:&quot;Canon IXUS 220HS&quot;,&quot;caption&quot;:&quot;&quot;,&quot;created_timestamp&quot;:&quot;1368863424&quot;,&quot;copyright&quot;:&quot;&quot;,&quot;focal_length&quot;:&quot;4.3&quot;,&quot;iso&quot;:&quot;100&quot;,&quot;shutter_speed&quot;:&quot;0.025&quot;,&quot;title&quot;:&quot;&quot;}" data-image-title="004" data-image-description="" data-image-caption="" data-medium-file="https://i0.wp.com/unser-quartier.de/stadt-bergheim/files/2013/04/004.jpg?fit=300%2C225&amp;ssl=1" data-large-file="https://i0.wp.com/unser-quartier.de/stadt-bergheim/files/2013/04/004.jpg?fit=770%2C578&amp;ssl=1" class="alignnone wp-image-593" src="https://i0.wp.com/unser-quartier.de/stadt-bergheim/files/2013/04/004.jpg?resize=134%2C122&#038;ssl=1" alt="004" width="134" height="122" /></div>
<div><span style="font-size: 12pt"><span style="font-size: 12pt"><img data-recalc-dims="1" loading="lazy" decoding="async" data-attachment-id="692" data-permalink="https://unser-quartier.de/stadt-bergheim/startseite/bilder/bergheim-mitte/bildergalerie2/img_0912-2/" data-orig-file="https://i0.wp.com/unser-quartier.de/stadt-bergheim/files/2013/05/IMG_0912.jpg?fit=768%2C1024&amp;ssl=1" data-orig-size="768,1024" data-comments-opened="0" data-image-meta="{&quot;aperture&quot;:&quot;2.4&quot;,&quot;credit&quot;:&quot;&quot;,&quot;camera&quot;:&quot;iPhone 4S&quot;,&quot;caption&quot;:&quot;&quot;,&quot;created_timestamp&quot;:&quot;1369211244&quot;,&quot;copyright&quot;:&quot;&quot;,&quot;focal_length&quot;:&quot;4.28&quot;,&quot;iso&quot;:&quot;64&quot;,&quot;shutter_speed&quot;:&quot;0.025&quot;,&quot;title&quot;:&quot;&quot;}" data-image-title="IMG_0912" data-image-description="" data-image-caption="" data-medium-file="https://i0.wp.com/unser-quartier.de/stadt-bergheim/files/2013/05/IMG_0912.jpg?fit=225%2C300&amp;ssl=1" data-large-file="https://i0.wp.com/unser-quartier.de/stadt-bergheim/files/2013/05/IMG_0912.jpg?fit=768%2C1024&amp;ssl=1" class="alignnone wp-image-692 size-thumbnail" src="https://i0.wp.com/unser-quartier.de/stadt-bergheim/files/2013/05/IMG_0912.jpg?resize=112%2C150&#038;ssl=1" alt="IMG_0912" width="112" height="150" srcset="https://i0.wp.com/unser-quartier.de/stadt-bergheim/files/2013/05/IMG_0912.jpg?resize=112%2C150&amp;ssl=1 112w, https://i0.wp.com/unser-quartier.de/stadt-bergheim/files/2013/05/IMG_0912.jpg?resize=225%2C300&amp;ssl=1 225w, https://i0.wp.com/unser-quartier.de/stadt-bergheim/files/2013/05/IMG_0912.jpg?w=768&amp;ssl=1 768w" sizes="auto, (max-width: 112px) 100vw, 112px" /><span style="font-size: 12pt"><span style="font-size: 12pt"><img data-recalc-dims="1" loading="lazy" decoding="async" data-attachment-id="649" data-permalink="https://unser-quartier.de/stadt-bergheim/startseite/bilder/bergheim-mitte/bildergalerie1/img_0914/" data-orig-file="https://i0.wp.com/unser-quartier.de/stadt-bergheim/files/2013/04/IMG_0914.jpg?fit=1024%2C768&amp;ssl=1" data-orig-size="1024,768" data-comments-opened="0" data-image-meta="{&quot;aperture&quot;:&quot;2.4&quot;,&quot;credit&quot;:&quot;&quot;,&quot;camera&quot;:&quot;iPhone 4S&quot;,&quot;caption&quot;:&quot;&quot;,&quot;created_timestamp&quot;:&quot;1369211280&quot;,&quot;copyright&quot;:&quot;&quot;,&quot;focal_length&quot;:&quot;4.28&quot;,&quot;iso&quot;:&quot;64&quot;,&quot;shutter_speed&quot;:&quot;0.025&quot;,&quot;title&quot;:&quot;&quot;}" data-image-title="IMG_0914" data-image-description="" data-image-caption="" data-medium-file="https://i0.wp.com/unser-quartier.de/stadt-bergheim/files/2013/04/IMG_0914.jpg?fit=300%2C225&amp;ssl=1" data-large-file="https://i0.wp.com/unser-quartier.de/stadt-bergheim/files/2013/04/IMG_0914.jpg?fit=770%2C578&amp;ssl=1" class="alignnone wp-image-649" src="https://i0.wp.com/unser-quartier.de/stadt-bergheim/files/2013/04/IMG_0914.jpg?resize=162%2C149&#038;ssl=1" alt="IMG_0914" width="162" height="149" /></span></span></span></span></div>
<p>&nbsp;</p>
<p>&nbsp;</p>
<p>&nbsp;</p>
<p>&nbsp;</p>
<p>&nbsp;</p>

<p>Bereits im 5. Jahr gibt es in Bergheim eine Führung durch die Fußgängerzone mit Besuch des jüdischen Friedhofs und weiterer sehenswerter Denkmäler. Von März bis Oktober, nach Ankündigung in der Presse, am letzten Sonntag des Monats. Treffpunkt ist das Aachener Tor um 14.30 Uhr. Eine Anmeldung bei Frau Gahr bei der Wirtschaftsförderung in der Stadtverwaltung &hellip; </p>
<p><a class="more-link btn" href="https://unser-quartier.de/stadt-bergheim/informationen/untermenue-3/stadtfuehrungen/">Weiterlesen</a></p>
